{"id":831,"date":"2013-08-04T12:53:59","date_gmt":"2013-08-04T10:53:59","guid":{"rendered":"https:\/\/www.keturist.sk\/info\/?page_id=831"},"modified":"2026-04-20T07:06:45","modified_gmt":"2026-04-20T05:06:45","slug":"chata-energetik-plejsy","status":"publish","type":"page","link":"https:\/\/www.keturist.sk\/info\/horske-chaty-a-utulne\/chata-energetik-plejsy\/","title":{"rendered":"Chata Energetik Plejsy"},"content":{"rendered":"<a href=\"https:\/\/www.keturist.sk\/info\/\" class=\"su-button su-button-style-default\" style=\"color:#000000;background-color:#FFCF2F;border-color:#cca626;border-radius:5px\" target=\"_self\"><span style=\"color:#000000;padding:6px 16px;font-size:13px;line-height:20px;border-color:#ffde6e;border-radius:5px;text-shadow:none\"><i class=\"sui sui-arrow-right\" style=\"font-size:13px;color:#000000\"><\/i>  Spravodaj <\/span><\/a>\n<a href=\"https:\/\/www.keturist.sk\/info\/tipy-na-vylety\/\" class=\"su-button su-button-style-default\" style=\"color:#000000;background-color:#FFCF2F;border-color:#cca626;border-radius:5px\" target=\"_self\"><span style=\"color:#000000;padding:6px 16px;font-size:13px;line-height:20px;border-color:#ffde6e;border-radius:5px;text-shadow:none\"><i class=\"sui sui-arrow-right\" style=\"font-size:13px;color:#000000\"><\/i>  TIPY NA V\u00ddLETY <\/span><\/a>\n<a href=\"https:\/\/www.keturist.sk\/info\/horske-chaty-a-utulne\/\" class=\"su-button su-button-style-default\" style=\"color:#000000;background-color:#FFCF2F;border-color:#cca626;border-radius:5px\" target=\"_self\"><span style=\"color:#000000;padding:6px 16px;font-size:13px;line-height:20px;border-color:#ffde6e;border-radius:5px;text-shadow:none\"><i class=\"sui sui-arrow-right\" style=\"font-size:13px;color:#000000\"><\/i>  Turistick\u00e9 chaty, horsk\u00e9 chaty a \u00fatulne <\/span><\/a>\n<div class=\"su-divider su-divider-style-default\" style=\"margin:15px 0;border-width:2px;border-color:#000000\"><\/div>\n<figure id=\"attachment_31104\" aria-describedby=\"caption-attachment-31104\" style=\"width: 900px\" class=\"wp-caption aligncenter\"><a href=\"https:\/\/www.keturist.sk\/info\/wp-content\/uploads\/2019\/12\/energetik.jpg\"><img loading=\"lazy\" decoding=\"async\" class=\"wp-image-31104\" src=\"https:\/\/www.keturist.sk\/info\/wp-content\/uploads\/2019\/12\/energetik-800x450.jpg\" alt=\"Chata Energetik Plejsy\" width=\"900\" height=\"506\" srcset=\"https:\/\/www.keturist.sk\/info\/wp-content\/uploads\/2019\/12\/energetik-800x450.jpg 800w, https:\/\/www.keturist.sk\/info\/wp-content\/uploads\/2019\/12\/energetik-270x152.jpg 270w, https:\/\/www.keturist.sk\/info\/wp-content\/uploads\/2019\/12\/energetik-768x432.jpg 768w, https:\/\/www.keturist.sk\/info\/wp-content\/uploads\/2019\/12\/energetik.jpg 1024w\" sizes=\"auto, (max-width: 900px) 100vw, 900px\" \/><\/a><figcaption id=\"caption-attachment-31104\" class=\"wp-caption-text\">Chata Energetik Plejsy<\/figcaption><\/figure>\n<div class=\"su-divider su-divider-style-default\" style=\"margin:15px 0;border-width:2px;border-color:#000000\"><\/div>\n<h2 data-path-to-node=\"1\"><span style=\"color: #800000;\">Legend\u00e1rne ubytovanie priamo na svahu s v\u00f4\u0148ou hist\u00f3rie a panoramatick\u00fdm v\u00fdh\u013eadom<\/span><\/h2>\n<p data-path-to-node=\"2\">Prebu\u010fte sa priamo v oblakoch a za\u017eite svitanie na svahu, kde prv\u00fa stopu v snehu zanech\u00e1te pr\u00e1ve vy. <b data-path-to-node=\"2\" data-index-in-node=\"101\">Chata Energetik Plejsy<\/b> nie je len oby\u010dajn\u00fdm ubytovan\u00edm, je to va\u0161a br\u00e1na k nesp\u00fatan\u00fdm z\u00e1\u017eitkom v srdci <b data-path-to-node=\"2\" data-index-in-node=\"204\">Spi\u0161a<\/b>, kde komfort stret\u00e1va divok\u00fa pr\u00edrodu <b data-path-to-node=\"2\" data-index-in-node=\"247\">Volovsk\u00fdch vrchov<\/b>.<\/p>\n<h2 data-path-to-node=\"3\"><span style=\"color: #800000;\">Kde presne sa nach\u00e1dza Chata Energetik Plejsy a ak\u00e9 je jej okolie?<\/span><\/h2>\n<p data-path-to-node=\"4\"><b data-path-to-node=\"4\" data-index-in-node=\"0\">Chata Energetik Plejsy<\/b> je situovan\u00e1 v najv\u00fdznamnej\u0161om <b data-path-to-node=\"4\" data-index-in-node=\"54\">v\u00fdchodoslovenskom ly\u017eiarskom stredisku Plejsy<\/b>, ktor\u00e9 prin\u00e1le\u017e\u00ed k mestu <b data-path-to-node=\"4\" data-index-in-node=\"125\">Krompachy<\/b> v okrese <b data-path-to-node=\"4\" data-index-in-node=\"144\">Spi\u0161sk\u00e1 Nov\u00e1 Ves<\/b>.<\/p>\n<p data-path-to-node=\"5\">Toto prest\u00ed\u017ene <b data-path-to-node=\"5\" data-index-in-node=\"15\">4-hviezdi\u010dkov\u00e9 stredisko<\/b> sa rozprestiera v p\u00f4sobivej nadmorskej v\u00fd\u0161ke od <b data-path-to-node=\"5\" data-index-in-node=\"88\">470 a\u017e po 912 metrov<\/b>. Strategick\u00e1 <b data-path-to-node=\"5\" data-index-in-node=\"122\">poloha horskej chaty Energetik<\/b>, umiestnenej priamo na svahu vo v\u00fd\u0161ke <b data-path-to-node=\"5\" data-index-in-node=\"191\">800 m n. m.<\/b>, ju jednozna\u010dne predur\u010duje k pre\u017eitiu <b data-path-to-node=\"5\" data-index-in-node=\"241\">nezabudnute\u013enej ly\u017eova\u010dky<\/b>.<\/p>\n<h2 data-path-to-node=\"6\"><span style=\"color: #800000;\">Ak\u00e1 je fascinuj\u00faca hist\u00f3ria chaty Energetik a strediska Plejsy?<\/span><\/h2>\n<p data-path-to-node=\"7\"><b data-path-to-node=\"7\" data-index-in-node=\"0\">Pr\u00edbeh chaty Energetik<\/b> nemo\u017eno oddeli\u0165 od hist\u00f3rie samotn\u00fdch <b data-path-to-node=\"7\" data-index-in-node=\"61\">Plejsov<\/b>, kde sa ly\u017eovanie za\u010dalo rozv\u00edja\u0165 u\u017e v prvej polovici 20. storo\u010dia. Prv\u00e9 ly\u017eiarske aktivity a preteky sa sp\u00e1jaj\u00fa s medzivojnov\u00fdm obdob\u00edm, pri\u010dom <b data-path-to-node=\"7\" data-index-in-node=\"214\">ofici\u00e1lny vznik strediska<\/b> sa datuje do roku <b data-path-to-node=\"7\" data-index-in-node=\"258\">1952<\/b>. V tomto zlomovom roku sa za\u010dala p\u00edsa\u0165 nov\u00e1 etapa rozvoja a vznikla aj prv\u00e1 <b data-path-to-node=\"7\" data-index-in-node=\"339\">ly\u017eiarska \u0161kola<\/b>.<\/p>\n<p data-path-to-node=\"8\">Z\u00e1kladn\u00e1 infra\u0161trukt\u00fara sa v\u0161ak budovala u\u017e sk\u00f4r, o \u010dom sved\u010d\u00ed mal\u00e1 dreven\u00e1 chatka postaven\u00e1 v roku <b data-path-to-node=\"8\" data-index-in-node=\"100\">1949<\/b> s kapacitou pre pribli\u017ene 40 ly\u017eiarov. <b data-path-to-node=\"8\" data-index-in-node=\"144\">Chata Energetik<\/b> je pod\u013ea dostupn\u00fdch zdrojov ozna\u010dovan\u00e1 za <b data-path-to-node=\"8\" data-index-in-node=\"202\">najstar\u0161iu turistick\u00fa chatu na Plejsoch<\/b>, \u010do jej v miestnej hist\u00f3rii d\u00e1va osobitn\u00e9 postavenie.<\/p>\n<p data-path-to-node=\"9\">Jej k\u013e\u00fa\u010dov\u00fd v\u00fdznam spo\u010d\u00edval v poskytovan\u00ed <b data-path-to-node=\"9\" data-index-in-node=\"42\">ubytovania priamo v ly\u017eiarskom are\u00e1li<\/b> v \u010dasoch, ke\u010f bol pobyt na svahu podstatne menej pohodln\u00fd ne\u017e dnes.<\/p>\n<p data-path-to-node=\"10\">Pre\u010do s\u00fa ly\u017eiarske podmienky na Plejsoch ide\u00e1lne pre \u0161portovcov?<\/p>\n<p data-path-to-node=\"11\">V\u0161etky <b data-path-to-node=\"11\" data-index-in-node=\"7\">ly\u017eiarske trate<\/b> v are\u00e1li s\u00fa pravidelne <b data-path-to-node=\"11\" data-index-in-node=\"46\">mechanicky zasne\u017eovan\u00e9<\/b> a prec\u00edzne upravovan\u00e9, \u010do n\u00e1v\u0161tevn\u00edkom zaru\u010duje <b data-path-to-node=\"11\" data-index-in-node=\"117\">v\u00fdborn\u00e9 podmienky<\/b> po\u010das celej zimnej sez\u00f3ny. Pr\u00e1ve jedine\u010dn\u00e1 lok\u00e1cia <b data-path-to-node=\"11\" data-index-in-node=\"186\">horskej chaty Energetik na Plejsoch<\/b> vytv\u00e1ra priestor nielen pre ly\u017eovanie, ale aj pre mnoh\u00e9 \u010fal\u0161ie <b data-path-to-node=\"11\" data-index-in-node=\"285\">zimn\u00e9 \u0161porty<\/b>.<\/p>\n<h3 data-path-to-node=\"12\"><span style=\"color: #808000;\">\u0160portovci maj\u00fa k dispoz\u00edcii:<\/span><\/h3>\n<ul data-path-to-node=\"13\">\n<li>\n<p data-path-to-node=\"13,0,0\"><b data-path-to-node=\"13,0,0\" data-index-in-node=\"0\">3 \u013eahk\u00e9 zjazdovky<\/b> s celkovou d\u013a\u017ekou 1 km.<\/p>\n<\/li>\n<li>\n<p data-path-to-node=\"13,1,0\"><b data-path-to-node=\"13,1,0\" data-index-in-node=\"0\">3 stredne n\u00e1ro\u010dn\u00e9 trate<\/b> v celkovej d\u013a\u017eke 1,8 km.<\/p>\n<\/li>\n<li>\n<p data-path-to-node=\"13,2,0\"><b data-path-to-node=\"13,2,0\" data-index-in-node=\"0\">3 \u0165a\u017ek\u00e9 zjazdovky<\/b> dosahuj\u00face d\u013a\u017eku 4,8 km.<\/p>\n<\/li>\n<li>\n<p data-path-to-node=\"13,3,0\"><b data-path-to-node=\"13,3,0\" data-index-in-node=\"0\">11 km be\u017eeck\u00fdch trat\u00ed<\/b> pre milovn\u00edkov be\u017ekovania.<\/p>\n<\/li>\n<\/ul>\n<h2 data-path-to-node=\"14\"><span style=\"color: #800000;\">\u010co pon\u00faka lokalita Plejsy turistom v letnom obdob\u00ed?<\/span><\/h2>\n<p data-path-to-node=\"15\"><b data-path-to-node=\"15\" data-index-in-node=\"0\">Kr\u00e1sna scen\u00e9ria Volovsk\u00fdch vrchov<\/b>, hlbok\u00fdch dol\u00edn, hust\u00fdch lesov a rozkvitnut\u00fdch l\u00fak, spolu s mno\u017estvom <b data-path-to-node=\"15\" data-index-in-node=\"104\">unik\u00e1tnych pr\u00edrodn\u00fdch a kult\u00farnych pamiatok<\/b>, definuj\u00fa potenci\u00e1l tejto lokality ako celoro\u010dn\u00e9ho <b data-path-to-node=\"15\" data-index-in-node=\"199\">turistick\u00e9ho strediska<\/b>.<\/p>\n<p data-path-to-node=\"16\">V letnom obdob\u00ed sa hos\u0165om otv\u00e1ra <b data-path-to-node=\"16\" data-index-in-node=\"33\">\u0161irok\u00e1 \u0161k\u00e1la \u0161portov\u00e9ho a relaxa\u010dn\u00e9ho vy\u017eitia<\/b>, kam patr\u00ed <b data-path-to-node=\"16\" data-index-in-node=\"90\">turistika<\/b>, <b data-path-to-node=\"16\" data-index-in-node=\"101\">cykloturistika<\/b> a nespo\u010detn\u00e9 mno\u017estvo <b data-path-to-node=\"16\" data-index-in-node=\"138\">fakultat\u00edvnych v\u00fdletov<\/b> do okolit\u00fdch miest, ako s\u00fa <b data-path-to-node=\"16\" data-index-in-node=\"188\">Spi\u0161sk\u00fd hrad<\/b>, <b data-path-to-node=\"16\" data-index-in-node=\"202\">Spi\u0161sk\u00e1 kapitula<\/b>, <b data-path-to-node=\"16\" data-index-in-node=\"220\">Levo\u010da<\/b> a mnoho \u010fal\u0161\u00edch historick\u00fdch skvostov.<\/p>\n<h2 data-path-to-node=\"17\"><span style=\"color: #800000;\">Ak\u00e9 s\u00fa ubytovacie kapacity a vybavenie Chaty Energetik?<\/span><\/h2>\n<p data-path-to-node=\"18\">Objekt <b data-path-to-node=\"18\" data-index-in-node=\"7\">Chata Energetik<\/b> disponuje dvoma poschodiami, na ktor\u00fdch sa nach\u00e1dzaj\u00fa \u00fatuln\u00e9 <b data-path-to-node=\"18\" data-index-in-node=\"84\">2, 3 a 5-poste\u013eov\u00e9 izby<\/b> s celkovou <b data-path-to-node=\"18\" data-index-in-node=\"119\">kapacitou 30 os\u00f4b<\/b>. Na pr\u00edzem\u00ed chaty na v\u00e1s \u010dak\u00e1 <b data-path-to-node=\"18\" data-index-in-node=\"167\">\u00fatuln\u00e1 re\u0161taur\u00e1cia s barom<\/b>, ktor\u00e1 dotv\u00e1ra atmosf\u00e9ru prav\u00e9ho horsk\u00e9ho domova.<\/p>\n<p data-path-to-node=\"19\">Hostia oce\u0148uj\u00fa najm\u00e4 <b data-path-to-node=\"19\" data-index-in-node=\"21\">ubytovanie priamo na svahu<\/b>, <b data-path-to-node=\"19\" data-index-in-node=\"49\">pr\u00edjemn\u00fd person\u00e1l<\/b> a praktick\u00fa mo\u017enos\u0165 <b data-path-to-node=\"19\" data-index-in-node=\"87\">odvezenia bato\u017einy ter\u00e9nnym autom<\/b>. \u010co sa t\u00fdka logistiky, <b data-path-to-node=\"19\" data-index-in-node=\"144\">parkovanie je mo\u017en\u00e9 v are\u00e1li Hotela Plejsy<\/b>.<\/p>\n<h2 data-path-to-node=\"20\"><span style=\"color: #800000;\">Ak\u00e9 mo\u017enosti stravovania a slu\u017eieb chata poskytuje skupin\u00e1m?<\/span><\/h2>\n<p data-path-to-node=\"21\">V na\u0161ej <b data-path-to-node=\"21\" data-index-in-node=\"8\">chate Energetik<\/b> vytv\u00e1rame ide\u00e1lne z\u00e1zemie pre <b data-path-to-node=\"21\" data-index-in-node=\"54\">letn\u00e9 detsk\u00e9 t\u00e1bory<\/b>, <b data-path-to-node=\"21\" data-index-in-node=\"75\">oslavy \u017eivotn\u00fdch jubile\u00ed<\/b>, <b data-path-to-node=\"21\" data-index-in-node=\"101\">firemn\u00e9 akcie<\/b> \u010di odborn\u00e9 <b data-path-to-node=\"21\" data-index-in-node=\"126\">\u0161kolenia<\/b>. Pre <b data-path-to-node=\"21\" data-index-in-node=\"140\">organizovan\u00e9 skupiny<\/b> navy\u0161e pon\u00fakame v\u00fdhodn\u00fa mo\u017enos\u0165 <b data-path-to-node=\"21\" data-index-in-node=\"193\">z\u013eavy z ceny ubytovania<\/b>.<\/p>\n<p data-path-to-node=\"22\">O gastron\u00f3miu sa star\u00e1 na\u0161a <b data-path-to-node=\"22\" data-index-in-node=\"28\">re\u0161taur\u00e1cia<\/b>, ktor\u00e1 zabezpe\u010duje <b data-path-to-node=\"22\" data-index-in-node=\"59\">posedenie v pr\u00edjemnom prostred\u00ed<\/b>. Je otvoren\u00e1 pre <b data-path-to-node=\"22\" data-index-in-node=\"108\">ubytovan\u00fdch aj neubytovan\u00fdch host\u00ed<\/b>, \u010d\u00edm sa st\u00e1va prirodzen\u00fdm centrom stret\u00e1vania sa milovn\u00edkov h\u00f4r.<\/p>\n<h2 data-path-to-node=\"23\"><span style=\"color: #800000;\">\u010co n\u00e1jdete v ponuke jed\u00e1lneho a n\u00e1pojov\u00e9ho l\u00edstka?<\/span><\/h2>\n<p data-path-to-node=\"24\">Gurm\u00e1nsky z\u00e1\u017eitok zaru\u010duje <b data-path-to-node=\"24\" data-index-in-node=\"27\">ve\u013ek\u00fd v\u00fdber jed\u00e1l a n\u00e1pojov<\/b>. Pre ubytovan\u00fdch n\u00e1v\u0161tevn\u00edkov poskytujeme komplexn\u00e9 <b data-path-to-node=\"24\" data-index-in-node=\"107\">stravovanie formou polpenzie a plnej penzie<\/b>, pri\u010dom <b data-path-to-node=\"24\" data-index-in-node=\"159\">ra\u0148ajky s\u00fa pod\u00e1van\u00e9 formou bufetov\u00fdch stolov<\/b>.<\/p>\n<p data-path-to-node=\"25\">Po\u010das obeda a ve\u010dere si hostia m\u00f4\u017eu vybera\u0165 z pestrej ponuky n\u00e1\u0161ho <b data-path-to-node=\"25\" data-index-in-node=\"67\">jed\u00e1lneho l\u00edstka<\/b>. Miestny <b data-path-to-node=\"25\" data-index-in-node=\"93\">bar<\/b> dop\u013a\u0148a servis o bohat\u00fd sortiment <b data-path-to-node=\"25\" data-index-in-node=\"130\">alkoholick\u00fdch a nealkoholick\u00fdch n\u00e1pojov<\/b>, ako aj <b data-path-to-node=\"25\" data-index-in-node=\"178\">tepl\u00fdch n\u00e1pojov<\/b> vr\u00e1tane kvalitnej k\u00e1vy, \u010daju a hor\u00facej \u010dokol\u00e1dy.<\/p>\n<h2 data-path-to-node=\"27\"><span style=\"color: #800000;\">Dotyk hist\u00f3rie uprostred modern\u00e9ho ly\u017eiarskeho raja<\/span><\/h2>\n<p data-path-to-node=\"28\"><em>Pobyt u n\u00e1s predstavuje dokonal\u00fa symbi\u00f3zu akt\u00edvneho pohybu a hlbok\u00e9ho relaxu, ktor\u00fa umoc\u0148uje rodinn\u00e1 atmosf\u00e9ra a v\u00f4\u0148a \u010derstv\u00e9ho horsk\u00e9ho vzduchu. Ako najstar\u0161ia chata na Plejsoch v sebe sp\u00e1jame poctiv\u00fa trad\u00edciu s v\u00fdhodami modern\u00e9ho strediska, v\u010faka \u010domu z\u00edskate autentick\u00fd z\u00e1\u017eitok z h\u00f4r.<\/em><\/p>\n<p data-path-to-node=\"29\"><em>Rann\u00fa k\u00e1vu si vychutn\u00e1te s vedom\u00edm, \u017ee sa nach\u00e1dzate v mieste, kde sa rodilo slovensk\u00e9 ly\u017eovanie, a prv\u00fa stopu na men\u010destri zanech\u00e1te hne\u010f po vykro\u010den\u00ed z dver\u00ed. Zabezpe\u010dujeme pre v\u00e1s komplexn\u00fd servis od prepravy bato\u017einy ter\u00e9nnym autom a\u017e po bohat\u00fa dom\u00e1cu kuchy\u0148u, aby ste si mohli neru\u0161ene vychutn\u00e1va\u0165 panor\u00e1mu Spi\u0161a. Sme miestom, kde sa hist\u00f3ria stret\u00e1va s pr\u00edtomnos\u0165ou a kde ka\u017ed\u00e1 dovolenka z\u00edskava pridan\u00fa hodnotu v podobe nezabudnute\u013en\u00fdch spomienok v srdci pr\u00edrody.<\/em><\/p>\n<h2><span style=\"color: #800000;\">Fotogal\u00e9ria<\/span><\/h2>\n<style type=\"text\/css\">\n#foogallery-gallery-75319 .fg-image { width: 200px; }<\/style>\n\t\t\t<div class=\"foogallery foogallery-container foogallery-carousel foogallery-lightbox-foogallery fg-carousel fg-ready fg-light fg-border-medium fg-round-small fg-shadow-medium fg-loading-default fg-loaded-fade-in fg-hover-semi-zoomed fg-hover-fade fg-hover-circle-plus2\" id=\"foogallery-gallery-75319\" data-foogallery=\"{&quot;panel&quot;:{&quot;buttons&quot;:{&quot;download&quot;:false}},&quot;item&quot;:{&quot;showCaptionTitle&quot;:true,&quot;showCaptionDescription&quot;:true},&quot;lazy&quot;:true,&quot;template&quot;:{&quot;maxItems&quot;:5,&quot;scale&quot;:0.11999999999999999555910790149937383830547332763671875,&quot;gutter&quot;:{&quot;min&quot;:-40,&quot;max&quot;:-20,&quot;unit&quot;:&quot;%&quot;},&quot;autoplay&quot;:{&quot;time&quot;:0,&quot;interaction&quot;:&quot;pause&quot;},&quot;centerOnClick&quot;:true,&quot;align&quot;:&quot;center&quot;,&quot;activePosition&quot;:&quot;center&quot;}}\" data-foogallery-lightbox=\"{&quot;thumbs&quot;:&quot;bottom&quot;,&quot;thumbsCaptions&quot;:false,&quot;thumbsBestFit&quot;:false,&quot;thumbsSmall&quot;:false,&quot;thumbsCaptionsAlign&quot;:&quot;default&quot;,&quot;info&quot;:&quot;bottom&quot;,&quot;infoVisible&quot;:true,&quot;infoOverlay&quot;:true,&quot;infoAlign&quot;:&quot;default&quot;,&quot;transition&quot;:&quot;fade&quot;,&quot;hoverButtons&quot;:false,&quot;fitMedia&quot;:false,&quot;noScrollbars&quot;:true,&quot;preserveButtonSpace&quot;:true,&quot;buttons&quot;:{&quot;fullscreen&quot;:true,&quot;info&quot;:true,&quot;thumbs&quot;:false,&quot;download&quot;:false},&quot;video&quot;:{&quot;autoPlay&quot;:true}}\" style=\"--fg-title-line-clamp: 1; --fg-description-line-clamp: 2;\" >\n\t<button type=\"button\" class=\"fg-carousel-prev\" title=\"Previous\"><\/button>\n\t<div class=\"fg-carousel-inner\">\n\t\t<div class=\"fg-carousel-center\"><\/div>\n\t\t<div class=\"fg-item fg-type-image fg-idle\"><figure class=\"fg-item-inner\"><a href=\"https:\/\/www.keturist.sk\/info\/wp-content\/uploads\/2020\/12\/plejsy.jpg\" data-caption-title=\"Chata Energetik Plejsy\" data-attachment-id=\"37351\" data-type=\"image\" class=\"fg-thumb\"><span class=\"fg-image-wrap\"><img decoding=\"async\" alt=\"Chata Energetik Plejsy\" title=\"Chata Energetik Plejsy\" width=\"200\" height=\"200\" class=\"skip-lazy fg-image\" data-src-fg=\"https:\/\/www.keturist.sk\/info\/wp-content\/uploads\/cache\/2020\/12\/plejsy\/4195150045.jpg\" src=\"data:image\/svg+xml,%3Csvg%20xmlns%3D%22http%3A%2F%2Fwww.w3.org%2F2000%2Fsvg%22%20width%3D%22200%22%20height%3D%22200%22%20viewBox%3D%220%200%20200%20200%22%3E%3C%2Fsvg%3E\" loading=\"eager\"><\/span><span class=\"fg-image-overlay\"><\/span><\/a><figcaption class=\"fg-caption\"><div class=\"fg-caption-inner\"><div class=\"fg-caption-title\">Chata Energetik Plejsy<\/div><\/div><\/figcaption><\/figure><div class=\"fg-loader\"><\/div><\/div><div class=\"fg-item fg-type-image fg-idle\"><figure class=\"fg-item-inner\"><a href=\"https:\/\/www.keturist.sk\/info\/wp-content\/uploads\/2017\/12\/zima-plejsy.jpg\" data-caption-title=\"Chata Energetik Plejsy\" data-attachment-id=\"24731\" data-type=\"image\" class=\"fg-thumb\"><span class=\"fg-image-wrap\"><img decoding=\"async\" alt=\"Chata Energetik Plejsy\" title=\"Chata Energetik Plejsy\" width=\"200\" height=\"200\" class=\"skip-lazy fg-image\" data-src-fg=\"https:\/\/www.keturist.sk\/info\/wp-content\/uploads\/cache\/2017\/12\/zima-plejsy\/1990455740.jpg\" src=\"data:image\/svg+xml,%3Csvg%20xmlns%3D%22http%3A%2F%2Fwww.w3.org%2F2000%2Fsvg%22%20width%3D%22200%22%20height%3D%22200%22%20viewBox%3D%220%200%20200%20200%22%3E%3C%2Fsvg%3E\" loading=\"eager\"><\/span><span class=\"fg-image-overlay\"><\/span><\/a><figcaption class=\"fg-caption\"><div class=\"fg-caption-inner\"><div class=\"fg-caption-title\">Chata Energetik Plejsy<\/div><\/div><\/figcaption><\/figure><div class=\"fg-loader\"><\/div><\/div><div class=\"fg-item fg-type-image fg-idle\"><figure class=\"fg-item-inner\"><a href=\"https:\/\/www.keturist.sk\/info\/wp-content\/uploads\/2019\/12\/energetik.jpg\" data-caption-title=\"Chata Energetik Plejsy\" data-attachment-id=\"31104\" data-type=\"image\" class=\"fg-thumb\"><span class=\"fg-image-wrap\"><img decoding=\"async\" alt=\"Chata Energetik Plejsy\" title=\"Chata Energetik Plejsy\" width=\"200\" height=\"200\" class=\"skip-lazy fg-image\" data-src-fg=\"https:\/\/www.keturist.sk\/info\/wp-content\/uploads\/cache\/2019\/12\/energetik\/1186630264.jpg\" src=\"data:image\/svg+xml,%3Csvg%20xmlns%3D%22http%3A%2F%2Fwww.w3.org%2F2000%2Fsvg%22%20width%3D%22200%22%20height%3D%22200%22%20viewBox%3D%220%200%20200%20200%22%3E%3C%2Fsvg%3E\" loading=\"eager\"><\/span><span class=\"fg-image-overlay\"><\/span><\/a><figcaption class=\"fg-caption\"><div class=\"fg-caption-inner\"><div class=\"fg-caption-title\">Chata Energetik Plejsy<\/div><\/div><\/figcaption><\/figure><div class=\"fg-loader\"><\/div><\/div>\t<\/div>\n\t<div class=\"fg-carousel-bottom\"><\/div>\n\t<div class=\"fg-carousel-progress\"><\/div>\n\t<button type=\"button\" class=\"fg-carousel-next\" title=\"Next\"><\/button>\n<\/div>\n<h2><span style=\"color: #800000;\">Zauj\u00edmav\u00e9 odkazy<\/span><\/h2>\n<h3><span style=\"color: #808000;\">Kontakt<\/span><\/h3>\n<p>Chata Energetik Plejsy<br \/>\n053 42 Krompachy<br \/>\n<strong>E-mail:<\/strong> <a href=\"mailto:info@energetikplejsy.sk\" target=\"_blank\" rel=\"noopener\">info@energetikplejsy.sk<\/a><br \/>\n<strong>WEB:<\/strong> <a href=\"http:\/\/www.energetikplejsy.sk\/\" target=\"_blank\" rel=\"noopener noreferrer\">www.energetikplejsy.sk<\/a><br \/>\n<strong>Mobil:<\/strong> 0915 961 730<\/p>\n<h2><span style=\"color: #800000;\">Mapy<\/span><\/h2>\n<p><strong>Vrstvy: <\/strong>Turistick\u00e1 mapa, Automapa, Cyklomapa, Ly\u017eiarska mapa, Satelitn\u00e1 mapa a OpenStreetMap.<\/p>\n<p><strong>Kliknut\u00edm na logo &#8222;Freemap.sk&#8220; sa V\u00e1m mapa zobraz\u00ed na celej ploche obrazovky.<\/strong><\/p>\n<p><iframe style=\"width: 900px; height: 500px; border: 0;\" src=\"https:\/\/www.freemap.sk\/?map=15\/48.891625\/20.890187&amp;info-point=48.891625\/20.890187,Chata Energetik Plejsy&amp;layers=X&amp;embed=search\" allowfullscreen=\"allowfullscreen\"><\/iframe><\/p>\n<h2><span style=\"color: #800000;\">Po\u010dasie<\/span><\/h2>\n<p><iframe style=\"width: 900px; height: 600px;\" src=\"https:\/\/www.meteoblue.com\/sk\/po%C4%8Dasie\/widget\/three\/48.883N20.889E879_Europe%2FBratislava?geoloc=fixed&amp;nocurrent=0&amp;noforecast=0&amp;days=5&amp;tempunit=CELSIUS&amp;windunit=KILOMETER_PER_HOUR&amp;layout=image\" frameborder=\"0\" scrolling=\"NO\" sandbox=\"allow-same-origin allow-scripts allow-popups allow-popups-to-escape-sandbox\"><span data-mce-type=\"bookmark\" style=\"display: inline-block; width: 0px; overflow: hidden; line-height: 0;\" class=\"mce_SELRES_start\">\ufeff<\/span><\/iframe><\/p>\n<div><!-- DO NOT REMOVE THIS LINK --><a href=\"https:\/\/www.meteoblue.com\/sk\/po%C4%8Dasie\/predpove%C4%8F\/t%C3%BD%C5%BEde%C5%88\/48.883N20.889E879_Europe%2FBratislava?utm_source=weather_widget&amp;utm_medium=linkus&amp;utm_content=three&amp;utm_campaign=Weather%2BWidget\" target=\"_blank\" rel=\"noopener noreferrer\">meteoblue<\/a><\/div>\n<p><strong>Zdroj inform\u00e1ci\u00ed a foto : <\/strong><a href=\"http:\/\/www.energetikplejsy.sk\/\" target=\"_blank\" rel=\"noopener noreferrer\">www.energetikplejsy.sk<\/a><\/p>\n","protected":false},"excerpt":{"rendered":"<p>Legend\u00e1rne ubytovanie priamo na svahu s v\u00f4\u0148ou hist\u00f3rie a panoramatick\u00fdm v\u00fdh\u013eadom Prebu\u010fte sa priamo v oblakoch a za\u017eite svitanie na svahu, kde prv\u00fa stopu v snehu zanech\u00e1te pr\u00e1ve vy. Chata [&hellip;]<\/p>\n","protected":false},"author":1,"featured_media":31104,"parent":132,"menu_order":0,"comment_status":"closed","ping_status":"closed","template":"","meta":{"_uag_custom_page_level_css":"","_monsterinsights_skip_tracking":false,"_monsterinsights_sitenote_active":false,"_monsterinsights_sitenote_note":"","_monsterinsights_sitenote_category":0,"footnotes":""},"class_list":["post-831","page","type-page","status-publish","has-post-thumbnail","hentry"],"featured_image_src":"https:\/\/www.keturist.sk\/info\/wp-content\/uploads\/2019\/12\/energetik.jpg","featured_image_src_square":"https:\/\/www.keturist.sk\/info\/wp-content\/uploads\/2019\/12\/energetik.jpg","rbea_author_info":{"display_name":"admin","author_link":"https:\/\/www.keturist.sk\/info\/author\/admin\/"},"rbea_excerpt_info":"Legend\u00e1rne ubytovanie priamo na svahu s v\u00f4\u0148ou hist\u00f3rie a panoramatick\u00fdm v\u00fdh\u013eadom Prebu\u010fte sa priamo v oblakoch a za\u017eite svitanie na svahu, kde prv\u00fa stopu v snehu zanech\u00e1te pr\u00e1ve vy. Chata [&hellip;]","uagb_featured_image_src":{"full":["https:\/\/www.keturist.sk\/info\/wp-content\/uploads\/2019\/12\/energetik.jpg",1024,576,false],"thumbnail":["https:\/\/www.keturist.sk\/info\/wp-content\/uploads\/2019\/12\/energetik-270x152.jpg",270,152,true],"medium":["https:\/\/www.keturist.sk\/info\/wp-content\/uploads\/2019\/12\/energetik-800x450.jpg",800,450,true],"medium_large":["https:\/\/www.keturist.sk\/info\/wp-content\/uploads\/2019\/12\/energetik-768x432.jpg",768,432,true],"large":["https:\/\/www.keturist.sk\/info\/wp-content\/uploads\/2019\/12\/energetik.jpg",1024,576,false],"1536x1536":["https:\/\/www.keturist.sk\/info\/wp-content\/uploads\/2019\/12\/energetik.jpg",1024,576,false],"2048x2048":["https:\/\/www.keturist.sk\/info\/wp-content\/uploads\/2019\/12\/energetik.jpg",1024,576,false]},"uagb_author_info":{"display_name":"admin","author_link":"https:\/\/www.keturist.sk\/info\/author\/admin\/"},"uagb_comment_info":0,"uagb_excerpt":"Legend\u00e1rne ubytovanie priamo na svahu s v\u00f4\u0148ou hist\u00f3rie a panoramatick\u00fdm v\u00fdh\u013eadom Prebu\u010fte sa priamo v oblakoch a za\u017eite svitanie na svahu, kde prv\u00fa stopu v snehu zanech\u00e1te pr\u00e1ve vy. Chata [&hellip;]","_links":{"self":[{"href":"https:\/\/www.keturist.sk\/info\/wp-json\/wp\/v2\/pages\/831","targetHints":{"allow":["GET"]}}],"collection":[{"href":"https:\/\/www.keturist.sk\/info\/wp-json\/wp\/v2\/pages"}],"about":[{"href":"https:\/\/www.keturist.sk\/info\/wp-json\/wp\/v2\/types\/page"}],"author":[{"embeddable":true,"href":"https:\/\/www.keturist.sk\/info\/wp-json\/wp\/v2\/users\/1"}],"replies":[{"embeddable":true,"href":"https:\/\/www.keturist.sk\/info\/wp-json\/wp\/v2\/comments?post=831"}],"version-history":[{"count":5,"href":"https:\/\/www.keturist.sk\/info\/wp-json\/wp\/v2\/pages\/831\/revisions"}],"predecessor-version":[{"id":75320,"href":"https:\/\/www.keturist.sk\/info\/wp-json\/wp\/v2\/pages\/831\/revisions\/75320"}],"up":[{"embeddable":true,"href":"https:\/\/www.keturist.sk\/info\/wp-json\/wp\/v2\/pages\/132"}],"wp:featuredmedia":[{"embeddable":true,"href":"https:\/\/www.keturist.sk\/info\/wp-json\/wp\/v2\/media\/31104"}],"wp:attachment":[{"href":"https:\/\/www.keturist.sk\/info\/wp-json\/wp\/v2\/media?parent=831"}],"curies":[{"name":"wp","href":"https:\/\/api.w.org\/{rel}","templated":true}]}}