{"id":54985,"date":"2023-02-25T07:31:46","date_gmt":"2023-02-25T06:31:46","guid":{"rendered":"https:\/\/www.keturist.sk\/info\/?page_id=54985"},"modified":"2023-02-27T11:45:31","modified_gmt":"2023-02-27T10:45:31","slug":"naucny-chodnik-po-stopach-starych-jakloviec","status":"publish","type":"page","link":"https:\/\/www.keturist.sk\/info\/tipy-na-vylety\/naucne-chodniky\/naucny-chodnik-po-stopach-starych-jakloviec\/","title":{"rendered":"N\u00e1u\u010dn\u00fd chodn\u00edk \u201ePo stop\u00e1ch star\u00fdch Jakloviec\u201c"},"content":{"rendered":"<a href=\"https:\/\/www.keturist.sk\/info\/\" class=\"su-button su-button-style-default\" style=\"color:#000000;background-color:#FFCF2F;border-color:#cca626;border-radius:5px\" target=\"_self\"><span style=\"color:#000000;padding:6px 16px;font-size:13px;line-height:20px;border-color:#ffde6e;border-radius:5px;text-shadow:none\"><i class=\"sui sui-arrow-right\" style=\"font-size:13px;color:#000000\"><\/i>  Spravodaj <\/span><\/a><a href=\"https:\/\/www.keturist.sk\/info\/tipy-na-vylety\/\" class=\"su-button su-button-style-default\" style=\"color:#000000;background-color:#FFCF2F;border-color:#cca626;border-radius:5px\" target=\"_self\"><span style=\"color:#000000;padding:6px 16px;font-size:13px;line-height:20px;border-color:#ffde6e;border-radius:5px;text-shadow:none\"><i class=\"sui sui-arrow-right\" style=\"font-size:13px;color:#000000\"><\/i>  Tipy na v\u00fdlety <\/span><\/a>\n<div class=\"su-divider su-divider-style-default\" style=\"margin:15px 0;border-width:0px;border-color:#000000\"><\/div>\n<strong>Podkateg\u00f3ria: <\/strong> <a href=\"https:\/\/www.keturist.sk\/info\/aktivity\/naucne-chodniky\/\" class=\"su-button su-button-style-default\" style=\"color:#000000;background-color:#afd144;border-color:#8ca837;border-radius:5px\" target=\"_self\"><span style=\"color:#000000;padding:6px 16px;font-size:13px;line-height:20px;border-color:#c7df7d;border-radius:5px;text-shadow:none\"><i class=\"sui sui-arrow-right\" style=\"font-size:13px;color:#000000\"><\/i>  Nau\u010dn\u00e9 chodn\u00edky <\/span><\/a>\n<div class=\"su-divider su-divider-style-default\" style=\"margin:15px 0;border-width:0px;border-color:#000000\"><\/div>\n<strong>Lokaliz\u00e1cia: <\/strong><a href=\"https:\/\/www.keturist.sk\/info\/okolite-hory\/volovske-vrchy\/\">Volovsk\u00e9 vrchy<\/a>, <a href=\"https:\/\/www.keturist.sk\/info\/okolite-hory\/cierna-hora\/\">\u010cierna hora<\/a> a <a href=\"https:\/\/www.keturist.sk\/info\/doliny\/hnilecka-dolina\/\">Hnileck\u00e1 dolina<\/a><br \/>\n<div class=\"su-divider su-divider-style-default\" style=\"margin:15px 0;border-width:2px;border-color:#000000\"><\/div>\n<h3><span style=\"color: #808000;\">V\u0161eobecn\u00e9 inform\u00e1cie<\/span><\/h3>\n<p>N\u00e1u\u010dn\u00fd chodn\u00edk \u201ePo stop\u00e1ch star\u00fdch Jakloviec\u201c je samoobslu\u017en\u00fd, pe\u0161\u00ed a celoro\u010dn\u00fd chodn\u00edk, ktor\u00fd v\u00e1s zauj\u00edmav\u00fdm sp\u00f4sobom zozn\u00e1mi so zauj\u00edmavos\u0165ami obce <a href=\"https:\/\/www.keturist.sk\/info\/turisticke-vychodiska\/smer-cierna-hora\/obec-jaklovce\/\">Jaklovce<\/a>.<\/p>\n<p><a style=\"font-weight: bold; background-color: transparent;\" href=\"https:\/\/www.keturist.sk\/info\/wp-content\/uploads\/2023\/02\/jaklovce.jpg\"><img loading=\"lazy\" decoding=\"async\" class=\"aligncenter wp-image-54991 size-medium\" src=\"https:\/\/www.keturist.sk\/info\/wp-content\/uploads\/2023\/02\/jaklovce-800x600.jpg\" alt=\"N\u00e1u\u010dn\u00fd chodn\u00edk \u201ePo stop\u00e1ch star\u00fdch Jakloviec\u201c - Autor fotografie: Betka Gajdo\u0161ov\u00e1 Keru\u013eov\u00e1\" width=\"800\" height=\"600\" srcset=\"https:\/\/www.keturist.sk\/info\/wp-content\/uploads\/2023\/02\/jaklovce-800x600.jpg 800w, https:\/\/www.keturist.sk\/info\/wp-content\/uploads\/2023\/02\/jaklovce-240x180.jpg 240w, https:\/\/www.keturist.sk\/info\/wp-content\/uploads\/2023\/02\/jaklovce-768x575.jpg 768w, https:\/\/www.keturist.sk\/info\/wp-content\/uploads\/2023\/02\/jaklovce.jpg 1170w\" sizes=\"auto, (max-width: 800px) 100vw, 800px\" \/><\/a><\/p>\n<p>Star\u00e9 Jaklovce v sebe skr\u00fdvali mnoho tajomn\u00fdch a historicky d\u00f4le\u017eit\u00fdch z\u00e1kut\u00ed, ktor\u00e9 mo\u017eno dobre nepoznaj\u00fa ani samotn\u00ed Jaklov\u010dania.<\/p>\n<p>Mnoh\u00ed sa nie\u010do nov\u00e9 nau\u010dia, mnoh\u00ed pospom\u00ednaj\u00fa.<\/p>\n<figure id=\"attachment_55029\" aria-describedby=\"caption-attachment-55029\" style=\"width: 800px\" class=\"wp-caption aligncenter\"><a href=\"https:\/\/www.keturist.sk\/info\/wp-content\/uploads\/2023\/02\/jaklovce-chodnk2.jpg\"><img loading=\"lazy\" decoding=\"async\" class=\"wp-image-55029\" src=\"https:\/\/www.keturist.sk\/info\/wp-content\/uploads\/2023\/02\/jaklovce-chodnk2-582x600.jpg\" alt=\"\" width=\"800\" height=\"825\" srcset=\"https:\/\/www.keturist.sk\/info\/wp-content\/uploads\/2023\/02\/jaklovce-chodnk2-582x600.jpg 582w, https:\/\/www.keturist.sk\/info\/wp-content\/uploads\/2023\/02\/jaklovce-chodnk2-175x180.jpg 175w, https:\/\/www.keturist.sk\/info\/wp-content\/uploads\/2023\/02\/jaklovce-chodnk2-768x792.jpg 768w, https:\/\/www.keturist.sk\/info\/wp-content\/uploads\/2023\/02\/jaklovce-chodnk2.jpg 1000w\" sizes=\"auto, (max-width: 800px) 100vw, 800px\" \/><\/a><figcaption id=\"caption-attachment-55029\" class=\"wp-caption-text\">Zdroj: https:\/\/www.jaklovce.sk\/<\/figcaption><\/figure>\n<p>Na v\u00edkendov\u00fa nen\u00e1ro\u010dn\u00fa prech\u00e1dzku je t\u00fara 6 zastaven\u00ed ako stvoren\u00e1.<\/p>\n<p>V roku 2021 obec vypracovala \u017eiados\u0165 o poskytnutie NFP s projektom v\u00fdstavby n\u00e1u\u010dn\u00e9ho chodn\u00edka a vytvorenie duchovno-pastora\u010dn\u00e9ho centra pod skalkou s n\u00e1zvom \u201ePo stop\u00e1ch star\u00fdch Jakloviec\u201c.<\/p>\n<figure id=\"attachment_55030\" aria-describedby=\"caption-attachment-55030\" style=\"width: 800px\" class=\"wp-caption aligncenter\"><a href=\"https:\/\/www.keturist.sk\/info\/wp-content\/uploads\/2023\/02\/jaklovce-chodnk3.jpg\"><img loading=\"lazy\" decoding=\"async\" class=\"wp-image-55030\" src=\"https:\/\/www.keturist.sk\/info\/wp-content\/uploads\/2023\/02\/jaklovce-chodnk3-573x600.jpg\" alt=\"\" width=\"800\" height=\"838\" srcset=\"https:\/\/www.keturist.sk\/info\/wp-content\/uploads\/2023\/02\/jaklovce-chodnk3-573x600.jpg 573w, https:\/\/www.keturist.sk\/info\/wp-content\/uploads\/2023\/02\/jaklovce-chodnk3-172x180.jpg 172w, https:\/\/www.keturist.sk\/info\/wp-content\/uploads\/2023\/02\/jaklovce-chodnk3-768x805.jpg 768w, https:\/\/www.keturist.sk\/info\/wp-content\/uploads\/2023\/02\/jaklovce-chodnk3.jpg 1000w\" sizes=\"auto, (max-width: 800px) 100vw, 800px\" \/><\/a><figcaption id=\"caption-attachment-55030\" class=\"wp-caption-text\">Zdroj: https:\/\/www.jaklovce.sk\/<\/figcaption><\/figure>\n<p>Cie\u013eom projektu je zv\u00fd\u0161enie n\u00e1v\u0161tevnosti regi\u00f3nu a zachovanie kult\u00farneho dedi\u010dstva.<\/p>\n<p>V r\u00e1mci realiz\u00e1cie projektu bolo v priebehu roku 2022 v r\u00f4znych \u010dastiach obce osaden\u00fdch \u0161es\u0165 informa\u010dn\u00fdch tab\u00fa\u013e, odpadkov\u00fdch ko\u0161ov a lavi\u010diek.<\/p>\n<p>Priestor v okol\u00ed studne pri Katechetickom centre bol revitalizovan\u00fd vykonan\u00edm ter\u00e9nnych a sadov\u00fdch \u00faprav (v\u00fdsadbou rastl\u00edn a kr\u00edkov), \u00fapravy ter\u00e9nu boli realizovan\u00e9 aj za Katechetick\u00fdm centrom kde boli v spolupr\u00e1ci s miestnou farnos\u0165ou do duchovno-pastora\u010dn\u00e9ho miesta pod skalkou in\u0161talovan\u00e9 s\u00faso\u0161ia sv. Bernadetty a Panny M\u00e1rie.<\/p>\n<p>Cel\u00fd projekt bol realizovan\u00fd \u201eRealizovan\u00e9 s finan\u010dnou podporou Ministerstva invest\u00edci\u00ed, region\u00e1lneho rozvoja a informatiz\u00e1cie Slovenskej republiky \u2013 v r\u00e1mci podpory region\u00e1lneho rozvoja\u201c najmenej rozvinut\u00fdch okresov.<\/p>\n<h3><span style=\"color: #808000;\">Bl\u00edzke stredisko, turistick\u00e9 centrum, obec alebo mesto:<\/span><\/h3>\n<ul>\n<li><a href=\"https:\/\/www.keturist.sk\/info\/smer-cierna-hora\/obec-jaklovce\/\">Obec Jaklovce (\u010d\u00edtaj viac&#8230;)<\/a><\/li>\n<\/ul>\n<h3><span style=\"color: #808000;\">Mapy<\/span><\/h3>\n<p><strong>Vrstvy:<\/strong> Turistick\u00e1 mapa, Automapa, Cyklomapa, Ly\u017eiarska mapa, Satelitn\u00e1 mapa a OpenStreetMap.<br \/>\nKliknut\u00edm na logo &#8222;Freemap.sk&#8220; sa V\u00e1m mapa zobraz\u00ed na celej ploche obrazovky.<\/p>\n<p><iframe style=\"width: 800px; height: 600px; border: 0;\" src=\"https:\/\/www.freemap.sk\/?map=14\/48.873155\/20.985560&amp;info-point=48.873155\/20.985560,Obec Jaklovce&amp;layers=T&amp;embed=search\" allowfullscreen=\"allowfullscreen\"><\/iframe><\/p>\n<h3><span style=\"color: #808000;\">Po\u010dasie<\/span><\/h3>\n<p><iframe style=\"width: 800px; height: 607px;\" src=\"https:\/\/www.meteoblue.com\/sk\/po%C4%8Dasie\/widget\/three\/jaklovce_slovensk%c3%a1-republika_724595?geoloc=fixed&amp;nocurrent=0&amp;noforecast=0&amp;days=5&amp;tempunit=CELSIUS&amp;windunit=KILOMETER_PER_HOUR&amp;layout=image\" frameborder=\"0\" scrolling=\"NO\" sandbox=\"allow-same-origin allow-scripts allow-popups allow-popups-to-escape-sandbox\"><\/iframe><\/p>\n<div><!-- DO NOT REMOVE THIS LINK --><a href=\"https:\/\/www.meteoblue.com\/sk\/po%C4%8Dasie\/predpove%C4%8F\/t%C3%BD%C5%BEde%C5%88\/jaklovce_slovensk%c3%a1-republika_724595?utm_source=weather_widget&amp;utm_medium=linkus&amp;utm_content=three&amp;utm_campaign=Weather%2BWidget\" target=\"_blank\" rel=\"noopener noreferrer\">meteoblue<\/a><\/div>\n<p><strong>Zdroj inform\u00e1ci\u00ed:<\/strong> <a href=\"https:\/\/www.jaklovce.sk\/\" target=\"_blank\" rel=\"noopener\">https:\/\/www.jaklovce.sk\/<\/a><\/p>\n","protected":false},"excerpt":{"rendered":"<p>Podkateg\u00f3ria: Lokaliz\u00e1cia: Volovsk\u00e9 vrchy, \u010cierna hora a Hnileck\u00e1 dolina V\u0161eobecn\u00e9 inform\u00e1cie N\u00e1u\u010dn\u00fd chodn\u00edk \u201ePo stop\u00e1ch star\u00fdch Jakloviec\u201c je samoobslu\u017en\u00fd, pe\u0161\u00ed a celoro\u010dn\u00fd chodn\u00edk, ktor\u00fd v\u00e1s zauj\u00edmav\u00fdm sp\u00f4sobom zozn\u00e1mi so zauj\u00edmavos\u0165ami [&hellip;]<\/p>\n","protected":false},"author":1,"featured_media":0,"parent":40742,"menu_order":0,"comment_status":"closed","ping_status":"closed","template":"","meta":{"_uag_custom_page_level_css":"","_monsterinsights_skip_tracking":false,"_monsterinsights_sitenote_active":false,"_monsterinsights_sitenote_note":"","_monsterinsights_sitenote_category":0,"footnotes":""},"class_list":["post-54985","page","type-page","status-publish","hentry"],"featured_image_src":"","featured_image_src_square":false,"rbea_author_info":{"display_name":"admin","author_link":"https:\/\/www.keturist.sk\/info\/author\/admin\/"},"rbea_excerpt_info":"Podkateg\u00f3ria: Lokaliz\u00e1cia: Volovsk\u00e9 vrchy, \u010cierna hora a Hnileck\u00e1 dolina V\u0161eobecn\u00e9 inform\u00e1cie N\u00e1u\u010dn\u00fd chodn\u00edk \u201ePo stop\u00e1ch star\u00fdch Jakloviec\u201c je samoobslu\u017en\u00fd, pe\u0161\u00ed a celoro\u010dn\u00fd chodn\u00edk, ktor\u00fd v\u00e1s zauj\u00edmav\u00fdm sp\u00f4sobom zozn\u00e1mi so zauj\u00edmavos\u0165ami [&hellip;]","uagb_featured_image_src":{"full":false,"thumbnail":false,"medium":false,"medium_large":false,"large":false,"1536x1536":false,"2048x2048":false},"uagb_author_info":{"display_name":"admin","author_link":"https:\/\/www.keturist.sk\/info\/author\/admin\/"},"uagb_comment_info":0,"uagb_excerpt":"Podkateg\u00f3ria: Lokaliz\u00e1cia: Volovsk\u00e9 vrchy, \u010cierna hora a Hnileck\u00e1 dolina V\u0161eobecn\u00e9 inform\u00e1cie N\u00e1u\u010dn\u00fd chodn\u00edk \u201ePo stop\u00e1ch star\u00fdch Jakloviec\u201c je samoobslu\u017en\u00fd, pe\u0161\u00ed a celoro\u010dn\u00fd chodn\u00edk, ktor\u00fd v\u00e1s zauj\u00edmav\u00fdm sp\u00f4sobom zozn\u00e1mi so zauj\u00edmavos\u0165ami [&hellip;]","_links":{"self":[{"href":"https:\/\/www.keturist.sk\/info\/wp-json\/wp\/v2\/pages\/54985","targetHints":{"allow":["GET"]}}],"collection":[{"href":"https:\/\/www.keturist.sk\/info\/wp-json\/wp\/v2\/pages"}],"about":[{"href":"https:\/\/www.keturist.sk\/info\/wp-json\/wp\/v2\/types\/page"}],"author":[{"embeddable":true,"href":"https:\/\/www.keturist.sk\/info\/wp-json\/wp\/v2\/users\/1"}],"replies":[{"embeddable":true,"href":"https:\/\/www.keturist.sk\/info\/wp-json\/wp\/v2\/comments?post=54985"}],"version-history":[{"count":10,"href":"https:\/\/www.keturist.sk\/info\/wp-json\/wp\/v2\/pages\/54985\/revisions"}],"predecessor-version":[{"id":55032,"href":"https:\/\/www.keturist.sk\/info\/wp-json\/wp\/v2\/pages\/54985\/revisions\/55032"}],"up":[{"embeddable":true,"href":"https:\/\/www.keturist.sk\/info\/wp-json\/wp\/v2\/pages\/40742"}],"wp:attachment":[{"href":"https:\/\/www.keturist.sk\/info\/wp-json\/wp\/v2\/media?parent=54985"}],"curies":[{"name":"wp","href":"https:\/\/api.w.org\/{rel}","templated":true}]}}