{"id":51543,"date":"2022-09-23T06:54:54","date_gmt":"2022-09-23T04:54:54","guid":{"rendered":"https:\/\/www.keturist.sk\/info\/?page_id=51543"},"modified":"2022-09-25T07:53:47","modified_gmt":"2022-09-25T05:53:47","slug":"bansky-naucny-chodnik-rakos","status":"publish","type":"page","link":"https:\/\/www.keturist.sk\/info\/tipy-na-vylety\/naucne-chodniky\/bansky-naucny-chodnik-rakos\/","title":{"rendered":"Bansk\u00fd n\u00e1u\u010dn\u00fd chodn\u00edk R\u00e1ko\u0161"},"content":{"rendered":"<a href=\"https:\/\/www.keturist.sk\/info\/\" class=\"su-button su-button-style-default\" style=\"color:#000000;background-color:#FFCF2F;border-color:#cca626;border-radius:5px\" target=\"_self\"><span style=\"color:#000000;padding:6px 16px;font-size:13px;line-height:20px;border-color:#ffde6e;border-radius:5px;text-shadow:none\"><i class=\"sui sui-arrow-right\" style=\"font-size:13px;color:#000000\"><\/i>  Spravodaj <\/span><\/a><a href=\"https:\/\/www.keturist.sk\/info\/tipy-na-vylety\/\" class=\"su-button su-button-style-default\" style=\"color:#000000;background-color:#FFCF2F;border-color:#cca626;border-radius:5px\" target=\"_self\"><span style=\"color:#000000;padding:6px 16px;font-size:13px;line-height:20px;border-color:#ffde6e;border-radius:5px;text-shadow:none\"><i class=\"sui sui-arrow-right\" style=\"font-size:13px;color:#000000\"><\/i>  Tipy na v\u00fdlety <\/span><\/a>\n<div class=\"su-divider su-divider-style-default\" style=\"margin:15px 0;border-width:0px;border-color:#000000\"><\/div>\n<strong>Podkateg\u00f3ria: <\/strong> <a href=\"https:\/\/www.keturist.sk\/info\/aktivity\/naucne-chodniky\/\" class=\"su-button su-button-style-default\" style=\"color:#000000;background-color:#afd144;border-color:#8ca837;border-radius:5px\" target=\"_self\"><span style=\"color:#000000;padding:6px 16px;font-size:13px;line-height:20px;border-color:#c7df7d;border-radius:5px;text-shadow:none\"><i class=\"sui sui-arrow-right\" style=\"font-size:13px;color:#000000\"><\/i>  Nau\u010dn\u00e9 chodn\u00edky <\/span><\/a>\n<div class=\"su-divider su-divider-style-default\" style=\"margin:15px 0;border-width:0px;border-color:#000000\"><\/div>\n<strong>Lokaliz\u00e1cia: <\/strong><a href=\"https:\/\/www.keturist.sk\/info\/okolite-hory\/volovske-vrchy\/\">Volovsk\u00e9 vrchy<\/a><br \/>\n<div class=\"su-divider su-divider-style-default\" style=\"margin:15px 0;border-width:2px;border-color:#000000\"><\/div>\n<h3><span style=\"color: #808000;\">V\u0161eobecn\u00e9 inform\u00e1cie<\/span><\/h3>\n<p>N\u00e1u\u010dn\u00fd chodn\u00edk R\u00e1ko\u0161 sa nach\u00e1dza v katastr\u00e1lnom \u00fazem\u00ed mesta <a href=\"https:\/\/www.slovensky-kras.eu\/info\/strediska-a-centra\/mesto-roznava\/\" target=\"_blank\" rel=\"noopener\">Ro\u017e\u0148ava<\/a> a v katastr\u00e1lnom \u00fazem\u00ed obce <a href=\"https:\/\/www.slovensky-kras.eu\/info\/strediska-a-centra\/obec-krasnohorske-podhradie\/\" target=\"_blank\" rel=\"noopener\">Kr\u00e1snohorsk\u00e9 Podhradie<\/a>.<\/p>\n<figure id=\"attachment_51609\" aria-describedby=\"caption-attachment-51609\" style=\"width: 800px\" class=\"wp-caption aligncenter\"><a href=\"https:\/\/www.keturist.sk\/info\/wp-content\/uploads\/2022\/09\/naucny-chodnik-Rakos1.jpg\"><img loading=\"lazy\" decoding=\"async\" class=\"wp-image-51609 size-medium\" src=\"https:\/\/www.keturist.sk\/info\/wp-content\/uploads\/2022\/09\/naucny-chodnik-Rakos1-800x600.jpg\" alt=\"\" width=\"800\" height=\"600\" srcset=\"https:\/\/www.keturist.sk\/info\/wp-content\/uploads\/2022\/09\/naucny-chodnik-Rakos1-800x600.jpg 800w, https:\/\/www.keturist.sk\/info\/wp-content\/uploads\/2022\/09\/naucny-chodnik-Rakos1-240x180.jpg 240w, https:\/\/www.keturist.sk\/info\/wp-content\/uploads\/2022\/09\/naucny-chodnik-Rakos1-768x576.jpg 768w, https:\/\/www.keturist.sk\/info\/wp-content\/uploads\/2022\/09\/naucny-chodnik-Rakos1-1536x1152.jpg 1536w, https:\/\/www.keturist.sk\/info\/wp-content\/uploads\/2022\/09\/naucny-chodnik-Rakos1-1200x900.jpg 1200w, https:\/\/www.keturist.sk\/info\/wp-content\/uploads\/2022\/09\/naucny-chodnik-Rakos1.jpg 1920w\" sizes=\"auto, (max-width: 800px) 100vw, 800px\" \/><\/a><figcaption id=\"caption-attachment-51609\" class=\"wp-caption-text\">Bansk\u00fd n\u00e1u\u010dn\u00fd chodn\u00edk R\u00e1ko\u0161 \u2013 foto: Viktor Bal\u00e1\u017e KST Ro\u017e\u0148ava<\/figcaption><\/figure>\n<p>Tento samoobslu\u017en\u00fd, okru\u017en\u00fd, obojsmern\u00fd, pe\u0161\u00ed a celoro\u010dn\u00fd n\u00e1u\u010dn\u00fd chodn\u00edk dokumentuje bansk\u00fa \u010dinnos\u0165 v <a href=\"https:\/\/www.keturist.sk\/info\/okolite-hory\/volovske-vrchy\/\">Volovsk\u00fdch vrchoch<\/a>, ktor\u00e9 s\u00fa geomorfologick\u00fdm celkom Slovensk\u00e9ho rudohoria.<\/p>\n<p>Pribli\u017euje hist\u00f3riu ban\u00edctva v r\u00f4znych \u010dastiach vrchu R\u00e1ko\u0161 a sp\u00f4soby dob\u00fdvania a vyh\u013ead\u00e1vania lo\u017e\u00edsk, ktor\u00e1 sa tu vykon\u00e1val u\u017e od 13. storo\u010dia.<\/p>\n<figure id=\"attachment_51610\" aria-describedby=\"caption-attachment-51610\" style=\"width: 800px\" class=\"wp-caption aligncenter\"><a href=\"https:\/\/www.keturist.sk\/info\/wp-content\/uploads\/2022\/09\/naucny-chodnik-Rakos2.jpg\"><img loading=\"lazy\" decoding=\"async\" class=\"wp-image-51610 size-medium\" src=\"https:\/\/www.keturist.sk\/info\/wp-content\/uploads\/2022\/09\/naucny-chodnik-Rakos2-800x600.jpg\" alt=\"\" width=\"800\" height=\"600\" srcset=\"https:\/\/www.keturist.sk\/info\/wp-content\/uploads\/2022\/09\/naucny-chodnik-Rakos2-800x600.jpg 800w, https:\/\/www.keturist.sk\/info\/wp-content\/uploads\/2022\/09\/naucny-chodnik-Rakos2-240x180.jpg 240w, https:\/\/www.keturist.sk\/info\/wp-content\/uploads\/2022\/09\/naucny-chodnik-Rakos2-768x576.jpg 768w, https:\/\/www.keturist.sk\/info\/wp-content\/uploads\/2022\/09\/naucny-chodnik-Rakos2-1536x1152.jpg 1536w, https:\/\/www.keturist.sk\/info\/wp-content\/uploads\/2022\/09\/naucny-chodnik-Rakos2-1200x900.jpg 1200w, https:\/\/www.keturist.sk\/info\/wp-content\/uploads\/2022\/09\/naucny-chodnik-Rakos2.jpg 1960w\" sizes=\"auto, (max-width: 800px) 100vw, 800px\" \/><\/a><figcaption id=\"caption-attachment-51610\" class=\"wp-caption-text\">Bansk\u00fd n\u00e1u\u010dn\u00fd chodn\u00edk R\u00e1ko\u0161 \u2013 foto: Viktor Bal\u00e1\u017e KST Ro\u017e\u0148ava<\/figcaption><\/figure>\n<p>Spom\u00ednan\u00fd vrch <strong>R\u00e1ko\u0161 (800 m n. m.)<\/strong> pri Ro\u017e\u0148ave sa nach\u00e1dza na juhoz\u00e1padnom okraji <a href=\"https:\/\/www.keturist.sk\/info\/okolite-hory\/volovske-vrchy\/\">Volovsk\u00fdch vrchov<\/a>.<\/p>\n<p>Po st\u00e1ro\u010dia sa v okol\u00ed <a href=\"https:\/\/www.slovensky-kras.eu\/info\/strediska-a-centra\/mesto-roznava\/\" target=\"_blank\" rel=\"noopener\">Ro\u017e\u0148avy<\/a> \u0165a\u017eili rudy medi, \u017eeleza, sideritu, ale i zlata a striebra.<\/p>\n<figure id=\"attachment_51611\" aria-describedby=\"caption-attachment-51611\" style=\"width: 800px\" class=\"wp-caption aligncenter\"><a href=\"https:\/\/www.keturist.sk\/info\/wp-content\/uploads\/2022\/09\/naucny-chodnik-Rakos3.jpg\"><img loading=\"lazy\" decoding=\"async\" class=\"wp-image-51611 size-medium\" src=\"https:\/\/www.keturist.sk\/info\/wp-content\/uploads\/2022\/09\/naucny-chodnik-Rakos3-800x600.jpg\" alt=\"\" width=\"800\" height=\"600\" srcset=\"https:\/\/www.keturist.sk\/info\/wp-content\/uploads\/2022\/09\/naucny-chodnik-Rakos3-800x600.jpg 800w, https:\/\/www.keturist.sk\/info\/wp-content\/uploads\/2022\/09\/naucny-chodnik-Rakos3-240x180.jpg 240w, https:\/\/www.keturist.sk\/info\/wp-content\/uploads\/2022\/09\/naucny-chodnik-Rakos3-768x576.jpg 768w, https:\/\/www.keturist.sk\/info\/wp-content\/uploads\/2022\/09\/naucny-chodnik-Rakos3.jpg 1000w\" sizes=\"auto, (max-width: 800px) 100vw, 800px\" \/><\/a><figcaption id=\"caption-attachment-51611\" class=\"wp-caption-text\">Bansk\u00fd n\u00e1u\u010dn\u00fd chodn\u00edk R\u00e1ko\u0161 \u2013 foto: Viktor Bal\u00e1\u017e KST Ro\u017e\u0148ava<\/figcaption><\/figure>\n<p>Za\u0161l\u00fa sl\u00e1vu ro\u017e\u0148avsk\u00e9ho ban\u00edctva a ban\u00edcke trad\u00edcie sa sna\u017e\u00ed o\u017eivi\u0165 <a href=\"https:\/\/banskespolkynaslovensku.webnode.sk\/gemersky-banicky-spolok-bratstvo-roznava\/\" target=\"_blank\" rel=\"noopener\">Gemersk\u00fd ban\u00edcky spolok BRATSTVO Ro\u017e\u0148ava<\/a>.<\/p>\n<p>Jeho \u010dlenmi s\u00fa v\u00e4\u010d\u0161inou b\u00fdval\u00ed pracovn\u00edci neexistuj\u00facich \u017delezorudn\u00fdch ban\u00ed Ro\u017e\u0148ava a Sideritu Ni\u017en\u00e1 Slan\u00e1.<\/p>\n<figure id=\"attachment_51612\" aria-describedby=\"caption-attachment-51612\" style=\"width: 800px\" class=\"wp-caption aligncenter\"><a href=\"https:\/\/www.keturist.sk\/info\/wp-content\/uploads\/2022\/09\/naucny-chodnik-Rakos4.jpg\"><img loading=\"lazy\" decoding=\"async\" class=\"wp-image-51612 size-medium\" src=\"https:\/\/www.keturist.sk\/info\/wp-content\/uploads\/2022\/09\/naucny-chodnik-Rakos4-800x432.jpg\" alt=\"\" width=\"800\" height=\"432\" srcset=\"https:\/\/www.keturist.sk\/info\/wp-content\/uploads\/2022\/09\/naucny-chodnik-Rakos4-800x432.jpg 800w, https:\/\/www.keturist.sk\/info\/wp-content\/uploads\/2022\/09\/naucny-chodnik-Rakos4-270x146.jpg 270w, https:\/\/www.keturist.sk\/info\/wp-content\/uploads\/2022\/09\/naucny-chodnik-Rakos4-768x415.jpg 768w, https:\/\/www.keturist.sk\/info\/wp-content\/uploads\/2022\/09\/naucny-chodnik-Rakos4.jpg 1000w\" sizes=\"auto, (max-width: 800px) 100vw, 800px\" \/><\/a><figcaption id=\"caption-attachment-51612\" class=\"wp-caption-text\">Bansk\u00fd n\u00e1u\u010dn\u00fd chodn\u00edk R\u00e1ko\u0161 \u2013 foto: Viktor Bal\u00e1\u017e KST Ro\u017e\u0148ava<\/figcaption><\/figure>\n<p>A pr\u00e1ve u nich vznikla my\u0161lienka vybudova\u0165 tento n\u00e1u\u010dn\u00fd bansk\u00fd chodn\u00edk.<\/p>\n<p>K n\u00e1u\u010dn\u00e9mu chodn\u00edku sa dostanete z autobusovej stanice v <a href=\"https:\/\/www.slovensky-kras.eu\/info\/strediska-a-centra\/mesto-roznava\/\" target=\"_blank\" rel=\"noopener\">Ro\u017e\u0148ave<\/a> pribli\u017ene 25 min\u00fat po \u017eltej turistickej trase, ktor\u00e1 vedie z <a href=\"https:\/\/www.slovensky-kras.eu\/info\/strediska-a-centra\/mesto-roznava\/\" target=\"_blank\" rel=\"noopener\">Ro\u017e\u0148avy<\/a> na <a href=\"https:\/\/www.slovensky-kras.eu\/info\/kam-za-pamiatkami\/514-2\/\" target=\"_blank\" rel=\"noopener\">hrad Kr\u00e1sna H\u00f4rka<\/a>.<\/p>\n<p>Chodn\u00edk za\u010d\u00edna a aj kon\u010d\u00ed v rovnakom bode v lokalite Podr\u00e1ko\u0161, kde sa na okraji lesa nad benz\u00ednovou pumpou Slovnaft nach\u00e1dza \u00favodn\u00fd panel s inform\u00e1ciami o n\u00e1u\u010dnom chodn\u00edku a hist\u00f3rii ro\u017e\u0148avsk\u00e9ho ban\u00edctva.<\/p>\n<p>N\u00e1u\u010dn\u00e1 trasa vedie ju\u017enou stranou vrchu R\u00e1ko\u0161 a predstavuje ucelen\u00fd okruh s d\u013a\u017ekou pribli\u017ene 10 km s piatimi informa\u010dn\u00fdmi panelmi.<\/p>\n<p>V r\u00e1mci prehliadky m\u00f4\u017eete nahliadnu\u0165 do dvoch z piatich \u0161t\u00f4ln\u00ed (\u0161t\u00f4lne \u017digmund a Berta).<\/p>\n<p><strong>N\u00e1zvy informa\u010dn\u00fdch panelov<\/strong><br \/>\nRo\u017e\u0148ava. Hist\u00f3ria ban\u00edctva na R\u00e1ko\u0161i. Trasa n\u00e1u\u010dn\u00e9ho chodn\u00edka<br \/>\nBan\u00edctvo v z\u00e1padnej \u010dasti vrchu R\u00e1ko\u0161<br \/>\nLanovka Mal\u00fd vrch \u2013 Ro\u017e\u0148ava Ba\u0148a<br \/>\nSp\u00f4sob vyh\u013ead\u00e1vania a dob\u00fdvania lo\u017e\u00edsk<br \/>\nBan\u00edctvo v\u00fdchodnej \u010dasti vrchu R\u00e1ko\u0161<\/p>\n<p>Pri najd\u00f4le\u017eitej\u0161\u00edch bansk\u00fdch dielach s\u00fa osaden\u00e9 tabu\u013eky s n\u00e1zvom diela.<\/p>\n<p><strong>Tabu\u013eky pri \u0161t\u00f4lniach<\/strong><br \/>\n\u0160t\u00f4l\u0148a Milk\u00f3s<br \/>\n\u0160t\u00f4l\u0148a Vy\u0161n\u00e1 Johan<br \/>\nNezn\u00e1ma kutacia \u0161t\u00f4l\u0148a<br \/>\nNov\u00e1 kutacia \u0161t\u00f4l\u0148a<br \/>\nPovrchov\u00fd \u0165a\u017eobn\u00fd z\u00e1rez na \u017eile R\u00e1ko\u0161 \u2013 Vol\u00e1rska<\/p>\n<p>N\u00e1u\u010dn\u00fd chodn\u00edk je vhodn\u00fd aj pre ter\u00e9nne vyu\u010dovanie.<\/p>\n<h3><span style=\"color: #808000;\">Bl\u00edzke stredisko, turistick\u00e9 centrum, obec alebo mesto:<\/span><\/h3>\n<ul>\n<li><a href=\"http:\/\/www.slovensky-kras.eu\/info\/strediska-a-centra\/mesto-roznava\/\" target=\"_blank\" rel=\"noopener\">Mesto Ro\u017e\u0148ava (\u010d\u00edtaj viac&#8230;)<\/a><\/li>\n<\/ul>\n<h3><span style=\"color: #808000;\">Mapy<\/span><\/h3>\n<p><strong>Kliknut\u00edm na logo &#8222;Freemap.sk&#8220; sa V\u00e1m mapa zobraz\u00ed na celej ploche obrazovky.<\/strong><\/p>\n<p><iframe style=\"width: 800px; height: 600px; border: 0;\" src=\"https:\/\/www.freemap.sk\/?map=14\/48.664097\/20.568252&amp;info-point=48.664097\/20.568252,Bansk\u00fd n\u00e1u\u010dn\u00fd chodn\u00edk R\u00e1ko\u0161&amp;layers=T&amp;embed=search\" allowfullscreen=\"allowfullscreen\"><\/iframe><\/p>\n<h3><span style=\"color: #808000;\">Po\u010dasie<\/span><\/h3>\n<p><iframe style=\"width: 800px; height: 608px;\" src=\"https:\/\/www.meteoblue.com\/sk\/po%C4%8Dasie\/widget\/three\/ro%c5%be%c5%88ava_slovensk%c3%a1-republika_723713?geoloc=fixed&amp;nocurrent=0&amp;noforecast=0&amp;days=6&amp;tempunit=CELSIUS&amp;windunit=KILOMETER_PER_HOUR&amp;layout=image\" frameborder=\"0\" scrolling=\"NO\" sandbox=\"allow-same-origin allow-scripts allow-popups allow-popups-to-escape-sandbox\"><\/iframe><\/p>\n<div><!-- DO NOT REMOVE THIS LINK --><a href=\"https:\/\/www.meteoblue.com\/sk\/po%C4%8Dasie\/predpove%C4%8F\/t%C3%BD%C5%BEde%C5%88\/ro%c5%be%c5%88ava_slovensk%c3%a1-republika_723713?utm_source=weather_widget&amp;utm_medium=linkus&amp;utm_content=three&amp;utm_campaign=Weather%2BWidget\" target=\"_blank\" rel=\"noopener noreferrer\">meteoblue<\/a><\/div>\n","protected":false},"excerpt":{"rendered":"<p>Podkateg\u00f3ria: Lokaliz\u00e1cia: Volovsk\u00e9 vrchy V\u0161eobecn\u00e9 inform\u00e1cie N\u00e1u\u010dn\u00fd chodn\u00edk R\u00e1ko\u0161 sa nach\u00e1dza v katastr\u00e1lnom \u00fazem\u00ed mesta Ro\u017e\u0148ava a v katastr\u00e1lnom \u00fazem\u00ed obce Kr\u00e1snohorsk\u00e9 Podhradie. Tento samoobslu\u017en\u00fd, okru\u017en\u00fd, obojsmern\u00fd, pe\u0161\u00ed a celoro\u010dn\u00fd [&hellip;]<\/p>\n","protected":false},"author":1,"featured_media":0,"parent":40742,"menu_order":0,"comment_status":"closed","ping_status":"closed","template":"","meta":{"_uag_custom_page_level_css":"","_monsterinsights_skip_tracking":false,"_monsterinsights_sitenote_active":false,"_monsterinsights_sitenote_note":"","_monsterinsights_sitenote_category":0,"footnotes":""},"class_list":["post-51543","page","type-page","status-publish","hentry"],"featured_image_src":"","featured_image_src_square":false,"rbea_author_info":{"display_name":"admin","author_link":"https:\/\/www.keturist.sk\/info\/author\/admin\/"},"rbea_excerpt_info":"Podkateg\u00f3ria: Lokaliz\u00e1cia: Volovsk\u00e9 vrchy V\u0161eobecn\u00e9 inform\u00e1cie N\u00e1u\u010dn\u00fd chodn\u00edk R\u00e1ko\u0161 sa nach\u00e1dza v katastr\u00e1lnom \u00fazem\u00ed mesta Ro\u017e\u0148ava a v katastr\u00e1lnom \u00fazem\u00ed obce Kr\u00e1snohorsk\u00e9 Podhradie. Tento samoobslu\u017en\u00fd, okru\u017en\u00fd, obojsmern\u00fd, pe\u0161\u00ed a celoro\u010dn\u00fd [&hellip;]","uagb_featured_image_src":{"full":false,"thumbnail":false,"medium":false,"medium_large":false,"large":false,"1536x1536":false,"2048x2048":false},"uagb_author_info":{"display_name":"admin","author_link":"https:\/\/www.keturist.sk\/info\/author\/admin\/"},"uagb_comment_info":0,"uagb_excerpt":"Podkateg\u00f3ria: Lokaliz\u00e1cia: Volovsk\u00e9 vrchy V\u0161eobecn\u00e9 inform\u00e1cie N\u00e1u\u010dn\u00fd chodn\u00edk R\u00e1ko\u0161 sa nach\u00e1dza v katastr\u00e1lnom \u00fazem\u00ed mesta Ro\u017e\u0148ava a v katastr\u00e1lnom \u00fazem\u00ed obce Kr\u00e1snohorsk\u00e9 Podhradie. Tento samoobslu\u017en\u00fd, okru\u017en\u00fd, obojsmern\u00fd, pe\u0161\u00ed a celoro\u010dn\u00fd [&hellip;]","_links":{"self":[{"href":"https:\/\/www.keturist.sk\/info\/wp-json\/wp\/v2\/pages\/51543","targetHints":{"allow":["GET"]}}],"collection":[{"href":"https:\/\/www.keturist.sk\/info\/wp-json\/wp\/v2\/pages"}],"about":[{"href":"https:\/\/www.keturist.sk\/info\/wp-json\/wp\/v2\/types\/page"}],"author":[{"embeddable":true,"href":"https:\/\/www.keturist.sk\/info\/wp-json\/wp\/v2\/users\/1"}],"replies":[{"embeddable":true,"href":"https:\/\/www.keturist.sk\/info\/wp-json\/wp\/v2\/comments?post=51543"}],"version-history":[{"count":33,"href":"https:\/\/www.keturist.sk\/info\/wp-json\/wp\/v2\/pages\/51543\/revisions"}],"predecessor-version":[{"id":51618,"href":"https:\/\/www.keturist.sk\/info\/wp-json\/wp\/v2\/pages\/51543\/revisions\/51618"}],"up":[{"embeddable":true,"href":"https:\/\/www.keturist.sk\/info\/wp-json\/wp\/v2\/pages\/40742"}],"wp:attachment":[{"href":"https:\/\/www.keturist.sk\/info\/wp-json\/wp\/v2\/media?parent=51543"}],"curies":[{"name":"wp","href":"https:\/\/api.w.org\/{rel}","templated":true}]}}