{"id":44068,"date":"2021-11-24T06:50:11","date_gmt":"2021-11-24T05:50:11","guid":{"rendered":"https:\/\/www.keturist.sk\/info\/?page_id=44068"},"modified":"2021-11-26T12:37:39","modified_gmt":"2021-11-26T11:37:39","slug":"putnicke-miesto-bralo-nedaleko-malych-ozoroviec","status":"publish","type":"page","link":"https:\/\/www.keturist.sk\/info\/zaujimavosti\/putnicke-miesto-bralo-nedaleko-malych-ozoroviec\/","title":{"rendered":"P\u00fatnick\u00e9 miesto Bralo (ne\u010faleko Mal\u00fdch Ozoroviec)"},"content":{"rendered":"<a href=\"https:\/\/www.keturist.sk\/info\/\" class=\"su-button su-button-style-default\" style=\"color:#000000;background-color:#FFCF2F;border-color:#cca626;border-radius:5px\" target=\"_self\"><span style=\"color:#000000;padding:6px 16px;font-size:13px;line-height:20px;border-color:#ffde6e;border-radius:5px;text-shadow:none\"><i class=\"sui sui-arrow-right\" style=\"font-size:13px;color:#000000\"><\/i>  Spravodaj <\/span><\/a>\n<a href=\"https:\/\/www.keturist.sk\/info\/tipy-na-vylety\/\" class=\"su-button su-button-style-default\" style=\"color:#000000;background-color:#FFCF2F;border-color:#cca626;border-radius:5px\" target=\"_self\"><span style=\"color:#000000;padding:6px 16px;font-size:13px;line-height:20px;border-color:#ffde6e;border-radius:5px;text-shadow:none\"><i class=\"sui sui-arrow-right\" style=\"font-size:13px;color:#000000\"><\/i>  TIPY NA V\u00ddLETY <\/span><\/a>\n<a href=\"https:\/\/www.keturist.sk\/info\/zaujimavosti\/\" class=\"su-button su-button-style-default\" style=\"color:#000000;background-color:#FFCF2F;border-color:#cca626;border-radius:5px\" target=\"_self\"><span style=\"color:#000000;padding:6px 16px;font-size:13px;line-height:20px;border-color:#ffde6e;border-radius:5px;text-shadow:none\"><i class=\"sui sui-arrow-right\" style=\"font-size:13px;color:#000000\"><\/i>  Zauj\u00edmavosti <\/span><\/a>\n<div class=\"su-divider su-divider-style-default\" style=\"margin:15px 0;border-width:0px;border-color:#000000\"><\/div>\n<strong>Lokaliz\u00e1cia: <\/strong><a href=\"https:\/\/www.keturist.sk\/info\/vseobecne-informacie\/zemplin\/\">Doln\u00fd Zempl\u00edn<\/a><br \/>\n<div class=\"su-divider su-divider-style-default\" style=\"margin:15px 0;border-width:2px;border-color:#000000\"><\/div>\n<h3><span style=\"color: #808000;\">V\u0161eobecn\u00e9 inform\u00e1cie<\/span><\/h3>\n<p>P\u00fatnick\u00e9 miesto Bralo sa nach\u00e1dza pribli\u017ene 3.5 km severoz\u00e1padn\u00fdm smerom od obce Mal\u00e9 Ozorovce.<\/p>\n<figure id=\"attachment_44132\" aria-describedby=\"caption-attachment-44132\" style=\"width: 800px\" class=\"wp-caption aligncenter\"><a href=\"https:\/\/www.keturist.sk\/info\/wp-content\/uploads\/2021\/11\/bralo3.jpg\"><img loading=\"lazy\" decoding=\"async\" class=\"wp-image-44132 size-medium\" src=\"https:\/\/www.keturist.sk\/info\/wp-content\/uploads\/2021\/11\/bralo3-800x534.jpg\" alt=\"\" width=\"800\" height=\"534\" srcset=\"https:\/\/www.keturist.sk\/info\/wp-content\/uploads\/2021\/11\/bralo3-800x534.jpg 800w, https:\/\/www.keturist.sk\/info\/wp-content\/uploads\/2021\/11\/bralo3-2000x1335.jpg 2000w, https:\/\/www.keturist.sk\/info\/wp-content\/uploads\/2021\/11\/bralo3-270x180.jpg 270w, https:\/\/www.keturist.sk\/info\/wp-content\/uploads\/2021\/11\/bralo3-768x513.jpg 768w, https:\/\/www.keturist.sk\/info\/wp-content\/uploads\/2021\/11\/bralo3-1536x1025.jpg 1536w, https:\/\/www.keturist.sk\/info\/wp-content\/uploads\/2021\/11\/bralo3-1200x801.jpg 1200w, https:\/\/www.keturist.sk\/info\/wp-content\/uploads\/2021\/11\/bralo3.jpg 2003w\" sizes=\"auto, (max-width: 800px) 100vw, 800px\" \/><\/a><figcaption id=\"caption-attachment-44132\" class=\"wp-caption-text\">P\u00fatnick\u00e9 miesto Bralo, Fotograf: Jozef Mare\u010dek (https:\/\/www.facebook.com\/jozef.marecek.94)<\/figcaption><\/figure>\n<p>Le\u017e\u00ed pod vrchom <strong>Dlh\u00e1 hora (591 m n.m.)<\/strong> v nadmorskej v\u00fd\u0161ke 333 metrov nad morom.<\/p>\n<p>Toto p\u00fatnick\u00e9 miesto tu vzniklo v roku 2003 na mieste b\u00fdval\u00e9ho kame\u0148olomu.<\/p>\n<figure id=\"attachment_44133\" aria-describedby=\"caption-attachment-44133\" style=\"width: 800px\" class=\"wp-caption aligncenter\"><a href=\"https:\/\/www.keturist.sk\/info\/wp-content\/uploads\/2021\/11\/bralo4.jpg\"><img loading=\"lazy\" decoding=\"async\" class=\"wp-image-44133 size-medium\" src=\"https:\/\/www.keturist.sk\/info\/wp-content\/uploads\/2021\/11\/bralo4-800x534.jpg\" alt=\"\" width=\"800\" height=\"534\" srcset=\"https:\/\/www.keturist.sk\/info\/wp-content\/uploads\/2021\/11\/bralo4-800x534.jpg 800w, https:\/\/www.keturist.sk\/info\/wp-content\/uploads\/2021\/11\/bralo4-270x180.jpg 270w, https:\/\/www.keturist.sk\/info\/wp-content\/uploads\/2021\/11\/bralo4-768x512.jpg 768w, https:\/\/www.keturist.sk\/info\/wp-content\/uploads\/2021\/11\/bralo4-1536x1025.jpg 1536w, https:\/\/www.keturist.sk\/info\/wp-content\/uploads\/2021\/11\/bralo4-1200x801.jpg 1200w, https:\/\/www.keturist.sk\/info\/wp-content\/uploads\/2021\/11\/bralo4.jpg 1574w\" sizes=\"auto, (max-width: 800px) 100vw, 800px\" \/><\/a><figcaption id=\"caption-attachment-44133\" class=\"wp-caption-text\">P\u00fatnick\u00e9 miesto Bralo, Fotograf: Jozef Mare\u010dek (https:\/\/www.facebook.com\/jozef.marecek.94)<\/figcaption><\/figure>\n<p>Reho\u013enej sestre Ag\u00e1te sa tu vraj v roku 2003 zjavila panna M\u00e1ria.<\/p>\n<p>Matka Bo\u017eia ju \u017eiadala, aby tam prich\u00e1dzala na\u010falej a odovzd\u00e1vala jej posolstv\u00e1 pre \u013eud\u00ed.<\/p>\n<figure id=\"attachment_44134\" aria-describedby=\"caption-attachment-44134\" style=\"width: 800px\" class=\"wp-caption aligncenter\"><a href=\"https:\/\/www.keturist.sk\/info\/wp-content\/uploads\/2021\/11\/bralo5.jpg\"><img loading=\"lazy\" decoding=\"async\" class=\"wp-image-44134 size-medium\" src=\"https:\/\/www.keturist.sk\/info\/wp-content\/uploads\/2021\/11\/bralo5-800x534.jpg\" alt=\"\" width=\"800\" height=\"534\" srcset=\"https:\/\/www.keturist.sk\/info\/wp-content\/uploads\/2021\/11\/bralo5-800x534.jpg 800w, https:\/\/www.keturist.sk\/info\/wp-content\/uploads\/2021\/11\/bralo5-270x180.jpg 270w, https:\/\/www.keturist.sk\/info\/wp-content\/uploads\/2021\/11\/bralo5-768x513.jpg 768w, https:\/\/www.keturist.sk\/info\/wp-content\/uploads\/2021\/11\/bralo5-1536x1025.jpg 1536w, https:\/\/www.keturist.sk\/info\/wp-content\/uploads\/2021\/11\/bralo5-1200x801.jpg 1200w, https:\/\/www.keturist.sk\/info\/wp-content\/uploads\/2021\/11\/bralo5.jpg 1904w\" sizes=\"auto, (max-width: 800px) 100vw, 800px\" \/><\/a><figcaption id=\"caption-attachment-44134\" class=\"wp-caption-text\">P\u00fatnick\u00e9 miesto Bralo &#8211; studni\u010dka, Fotograf: Jozef Mare\u010dek (https:\/\/www.facebook.com\/jozef.marecek.94)<\/figcaption><\/figure>\n<p>Po tejto udalosti tu boli vraj vysly\u0161an\u00e9 mnoh\u00e9 prosby veriacich.<\/p>\n<p>V kamenom amfite\u00e1tri b\u00fdval\u00e9ho kame\u0148olomu je pred impozantnou skalou postaven\u00fd dreven\u00fd pr\u00edstre\u0161ok s ve\u017eovou strechou a dvojramenn\u00fdm kr\u00ed\u017eom na jej vrchole.<\/p>\n<figure id=\"attachment_44135\" aria-describedby=\"caption-attachment-44135\" style=\"width: 800px\" class=\"wp-caption aligncenter\"><a href=\"https:\/\/www.keturist.sk\/info\/wp-content\/uploads\/2021\/11\/bralo1.jpg\"><img loading=\"lazy\" decoding=\"async\" class=\"wp-image-44135 size-medium\" src=\"https:\/\/www.keturist.sk\/info\/wp-content\/uploads\/2021\/11\/bralo1-800x534.jpg\" alt=\"\" width=\"800\" height=\"534\" srcset=\"https:\/\/www.keturist.sk\/info\/wp-content\/uploads\/2021\/11\/bralo1-800x534.jpg 800w, https:\/\/www.keturist.sk\/info\/wp-content\/uploads\/2021\/11\/bralo1-270x180.jpg 270w, https:\/\/www.keturist.sk\/info\/wp-content\/uploads\/2021\/11\/bralo1-768x512.jpg 768w, https:\/\/www.keturist.sk\/info\/wp-content\/uploads\/2021\/11\/bralo1.jpg 1000w\" sizes=\"auto, (max-width: 800px) 100vw, 800px\" \/><\/a><figcaption id=\"caption-attachment-44135\" class=\"wp-caption-text\">P\u00fatnick\u00e9 miesto Bralo, Fotograf: Jozef Mare\u010dek (https:\/\/www.facebook.com\/jozef.marecek.94)<\/figcaption><\/figure>\n<p>Ve\u017eovit\u00e1 strecha tohto otvoren\u00e9ho alt\u00e1nku je pokryt\u00e1 \u0161ind\u013eom.<\/p>\n<p>V pr\u00edstre\u0161ku \u00a0je umiestnen\u00fd olt\u00e1r zhotoven\u00fd z kame\u0148a.<\/p>\n<figure id=\"attachment_44136\" aria-describedby=\"caption-attachment-44136\" style=\"width: 800px\" class=\"wp-caption aligncenter\"><a href=\"https:\/\/www.keturist.sk\/info\/wp-content\/uploads\/2021\/11\/bralo2.jpg\"><img loading=\"lazy\" decoding=\"async\" class=\"wp-image-44136 size-medium\" src=\"https:\/\/www.keturist.sk\/info\/wp-content\/uploads\/2021\/11\/bralo2-800x518.jpg\" alt=\"\" width=\"800\" height=\"518\" srcset=\"https:\/\/www.keturist.sk\/info\/wp-content\/uploads\/2021\/11\/bralo2-800x518.jpg 800w, https:\/\/www.keturist.sk\/info\/wp-content\/uploads\/2021\/11\/bralo2-270x175.jpg 270w, https:\/\/www.keturist.sk\/info\/wp-content\/uploads\/2021\/11\/bralo2-768x498.jpg 768w, https:\/\/www.keturist.sk\/info\/wp-content\/uploads\/2021\/11\/bralo2.jpg 1000w\" sizes=\"auto, (max-width: 800px) 100vw, 800px\" \/><\/a><figcaption id=\"caption-attachment-44136\" class=\"wp-caption-text\">P\u00fatnick\u00e9 miesto Bralo, Fotograf: Jozef Mare\u010dek (https:\/\/www.facebook.com\/jozef.marecek.94)<\/figcaption><\/figure>\n<p>Dole pod pr\u00edstre\u0161kom s olt\u00e1rom sa pri kamenn\u00fdch schodoch po ich pravej strane nach\u00e1dza pribli\u017ene trojmetrov\u00fd dreven\u00fd kr\u00ed\u017e s Je\u017ei\u0161om.<\/p>\n<p>Po \u013eavej strane spom\u00ednan\u00fdch kamenn\u00fdch schodoch sa nach\u00e1dza dreven\u00fd\u00a0 infopanel s obrazom panny M\u00e1rie a s popisom &#8222;SOM KR\u00c1\u013dOVN\u00c1 NEBA I ZEME&#8220;.<\/p>\n<figure id=\"attachment_44161\" aria-describedby=\"caption-attachment-44161\" style=\"width: 800px\" class=\"wp-caption aligncenter\"><a href=\"https:\/\/www.keturist.sk\/info\/wp-content\/uploads\/2021\/11\/bralo8.jpg\"><img loading=\"lazy\" decoding=\"async\" class=\"wp-image-44161 size-medium\" src=\"https:\/\/www.keturist.sk\/info\/wp-content\/uploads\/2021\/11\/bralo8-800x534.jpg\" alt=\"\" width=\"800\" height=\"534\" srcset=\"https:\/\/www.keturist.sk\/info\/wp-content\/uploads\/2021\/11\/bralo8-800x534.jpg 800w, https:\/\/www.keturist.sk\/info\/wp-content\/uploads\/2021\/11\/bralo8-270x180.jpg 270w, https:\/\/www.keturist.sk\/info\/wp-content\/uploads\/2021\/11\/bralo8-768x512.jpg 768w, https:\/\/www.keturist.sk\/info\/wp-content\/uploads\/2021\/11\/bralo8.jpg 1000w\" sizes=\"auto, (max-width: 800px) 100vw, 800px\" \/><\/a><figcaption id=\"caption-attachment-44161\" class=\"wp-caption-text\">P\u00fatnick\u00e9 miesto Bralo- strom s obrazom Je\u017ei\u0161a, Fotograf: Jozef Mare\u010dek (https:\/\/www.facebook.com\/jozef.marecek.94)<\/figcaption><\/figure>\n<p>\u010ealej na \u013eavo sa nach\u00e1dza strom s obrazom Je\u017ei\u0161a a pri \u0148om skoro uzavret\u00fd dreven\u00fd alt\u00e1nok s ve\u017eovou strechou.<\/p>\n<p>Cel\u00fd are\u00e1l dotv\u00e1raj\u00fa dreven\u00e9 lavi\u010dky s liatinovou kon\u0161trukciou.<\/p>\n<figure id=\"attachment_44163\" aria-describedby=\"caption-attachment-44163\" style=\"width: 800px\" class=\"wp-caption aligncenter\"><a href=\"https:\/\/www.keturist.sk\/info\/wp-content\/uploads\/2021\/11\/bralo10.jpg\"><img loading=\"lazy\" decoding=\"async\" class=\"wp-image-44163 size-medium\" src=\"https:\/\/www.keturist.sk\/info\/wp-content\/uploads\/2021\/11\/bralo10-800x534.jpg\" alt=\"\" width=\"800\" height=\"534\" srcset=\"https:\/\/www.keturist.sk\/info\/wp-content\/uploads\/2021\/11\/bralo10-800x534.jpg 800w, https:\/\/www.keturist.sk\/info\/wp-content\/uploads\/2021\/11\/bralo10-270x180.jpg 270w, https:\/\/www.keturist.sk\/info\/wp-content\/uploads\/2021\/11\/bralo10-768x512.jpg 768w, https:\/\/www.keturist.sk\/info\/wp-content\/uploads\/2021\/11\/bralo10.jpg 1000w\" sizes=\"auto, (max-width: 800px) 100vw, 800px\" \/><\/a><figcaption id=\"caption-attachment-44163\" class=\"wp-caption-text\">P\u00fatnick\u00e9 miesto Bralo &#8211; studni\u010dka, Fotograf: Jozef Mare\u010dek (https:\/\/www.facebook.com\/jozef.marecek.94)<\/figcaption><\/figure>\n<p>Na pravej strane are\u00e1lu sa nach\u00e1dzaj\u00fa tri mal\u00e9 uzavret\u00e9 spovedn\u00e9 alt\u00e1nky, ktor\u00e9 maj\u00fa ve\u017eov\u00e9 strechy s dvojramenn\u00fdmi kr\u00ed\u017emi na ich vrchole.<\/p>\n<p>S t\u00fdmto p\u00fatnick\u00fdm miestom je \u00fazko sp\u00e4t\u00e1 aj z\u00e1zra\u010dn\u00e1 studni\u010dka naz\u00fdvan\u00e1 taktie\u017e ako Bralo, ktor\u00e1 je s\u00fa\u010das\u0165ou tohto are\u00e1lu.<\/p>\n<figure id=\"attachment_44162\" aria-describedby=\"caption-attachment-44162\" style=\"width: 800px\" class=\"wp-caption aligncenter\"><a href=\"https:\/\/www.keturist.sk\/info\/wp-content\/uploads\/2021\/11\/bralo9.jpg\"><img loading=\"lazy\" decoding=\"async\" class=\"wp-image-44162 size-medium\" src=\"https:\/\/www.keturist.sk\/info\/wp-content\/uploads\/2021\/11\/bralo9-800x534.jpg\" alt=\"\" width=\"800\" height=\"534\" srcset=\"https:\/\/www.keturist.sk\/info\/wp-content\/uploads\/2021\/11\/bralo9-800x534.jpg 800w, https:\/\/www.keturist.sk\/info\/wp-content\/uploads\/2021\/11\/bralo9-270x180.jpg 270w, https:\/\/www.keturist.sk\/info\/wp-content\/uploads\/2021\/11\/bralo9-768x512.jpg 768w, https:\/\/www.keturist.sk\/info\/wp-content\/uploads\/2021\/11\/bralo9.jpg 1000w\" sizes=\"auto, (max-width: 800px) 100vw, 800px\" \/><\/a><figcaption id=\"caption-attachment-44162\" class=\"wp-caption-text\">P\u00fatnick\u00e9 miesto Bralo &#8211; kr\u00ed\u017eov\u00e1 cesta, Fotograf: Jozef Mare\u010dek (https:\/\/www.facebook.com\/jozef.marecek.94)<\/figcaption><\/figure>\n<p>T\u00fato studni\u010dku tvor\u00ed dreven\u00e1 kaplnka so sochou panny M\u00e1rie.<\/p>\n<p>K p\u00fatnick\u00e9mu miestu vedie po\u013en\u00e1 cesta.<\/p>\n<figure id=\"attachment_44172\" aria-describedby=\"caption-attachment-44172\" style=\"width: 800px\" class=\"wp-caption aligncenter\"><a href=\"https:\/\/www.keturist.sk\/info\/wp-content\/uploads\/2021\/11\/spovednice.jpg\"><img loading=\"lazy\" decoding=\"async\" class=\"wp-image-44172 size-medium\" src=\"https:\/\/www.keturist.sk\/info\/wp-content\/uploads\/2021\/11\/spovednice-800x534.jpg\" alt=\"\" width=\"800\" height=\"534\" srcset=\"https:\/\/www.keturist.sk\/info\/wp-content\/uploads\/2021\/11\/spovednice-800x534.jpg 800w, https:\/\/www.keturist.sk\/info\/wp-content\/uploads\/2021\/11\/spovednice-270x180.jpg 270w, https:\/\/www.keturist.sk\/info\/wp-content\/uploads\/2021\/11\/spovednice-768x513.jpg 768w, https:\/\/www.keturist.sk\/info\/wp-content\/uploads\/2021\/11\/spovednice.jpg 1000w\" sizes=\"auto, (max-width: 800px) 100vw, 800px\" \/><\/a><figcaption id=\"caption-attachment-44172\" class=\"wp-caption-text\">P\u00fatnick\u00e9 miesto Bralo &#8211; spovednice, Fotograf: Jozef Mare\u010dek (https:\/\/www.facebook.com\/jozef.marecek.94)<\/figcaption><\/figure>\n<p>Zo za\u010diatku je t\u00e1to cesta tvoren\u00e1 betonov\u00fdmi panelmi.<\/p>\n<p>Asi po 2.5 km t\u00e1to cesta kon\u010d\u00ed za\u010d\u00edna klasick\u00e1 po\u013en\u00e1 cesta, kde pri jej okrajoch s\u00fa umiestnen\u00e9 kaplnky kr\u00ed\u017eovej cesty.<\/p>\n<p>Kaplnky jednotliv\u00fdch zastaven\u00ed s\u00fa zhotoven\u00e9 z dreva so strie\u0161kami a obrazov\u00fdmi \u010das\u0165ami.<\/p>\n<p>Ak na konci kr\u00ed\u017eovej cesty odbo\u010d\u00edme do\u013eava, popri kr\u00ed\u017ei sa dostaneme k Bralu.<\/p>\n<p>Napravo sa pod lavi\u010dkami v dolinke sa zas nach\u00e1dza studni\u010dka.<\/p>\n<h3><span style=\"color: #808000;\">Bl\u00edzke stredisko, turistick\u00e9 centrum, obec alebo mesto<\/span><\/h3>\n<ul>\n<li><a>Obec Mal\u00e9 Ozorovce (\u010d\u00edtaj viac&#8230;)<\/a><\/li>\n<\/ul>\n<h3><span style=\"color: #808000;\">Mapy<\/span><\/h3>\n<p><strong>Vrstvy: <\/strong>Turistick\u00e1 mapa, Automapa, Cyklomapa, Ly\u017eiarska mapa, Satelitn\u00e1 mapa a OpenStreetMap.<\/p>\n<p><strong>Kliknut\u00edm na logo &#8222;Freemap.sk&#8220; sa V\u00e1m mapa zobraz\u00ed na celej ploche obrazovky.<\/strong><\/p>\n<p><iframe style=\"width: 800px; height: 500px; border: 0;\" src=\"https:\/\/www.freemap.sk\/?map=13\/48.702862\/21.582657&amp;info-point=48.702862\/21.582657,P\u00fatnick\u00e9 miesto Bralo&amp;layers=T&amp;embed=search\" allowfullscreen=\"allowfullscreen\"><span data-mce-type=\"bookmark\" style=\"display: inline-block; width: 0px; overflow: hidden; line-height: 0;\" class=\"mce_SELRES_start\">\ufeff<\/span><\/iframe><\/p>\n<h3><span style=\"color: #808000;\">Po\u010dasie<\/span><\/h3>\n<p><iframe style=\"width: 805px; height: 627px;\" src=\"https:\/\/www.meteoblue.com\/sk\/po%C4%8Dasie\/widget\/three\/mal%c3%a9-ozorovce_slovensko_724201?geoloc=fixed&amp;nocurrent=0&amp;noforecast=0&amp;days=7&amp;tempunit=CELSIUS&amp;windunit=KILOMETER_PER_HOUR&amp;layout=image\" frameborder=\"0\" scrolling=\"NO\" sandbox=\"allow-same-origin allow-scripts allow-popups allow-popups-to-escape-sandbox\"><\/iframe><\/p>\n<div><!-- DO NOT REMOVE THIS LINK --><a href=\"https:\/\/www.meteoblue.com\/sk\/po%C4%8Dasie\/t%C3%BD%C5%BEde%C5%88\/mal%c3%a9-ozorovce_slovensko_724201?utm_source=weather_widget&amp;utm_medium=linkus&amp;utm_content=three&amp;utm_campaign=Weather%2BWidget\" target=\"_blank\" rel=\"noopener\">meteoblue<\/a><\/div>\n","protected":false},"excerpt":{"rendered":"<p>Lokaliz\u00e1cia: Doln\u00fd Zempl\u00edn V\u0161eobecn\u00e9 inform\u00e1cie P\u00fatnick\u00e9 miesto Bralo sa nach\u00e1dza pribli\u017ene 3.5 km severoz\u00e1padn\u00fdm smerom od obce Mal\u00e9 Ozorovce. Le\u017e\u00ed pod vrchom Dlh\u00e1 hora (591 m n.m.) v nadmorskej v\u00fd\u0161ke [&hellip;]<\/p>\n","protected":false},"author":1,"featured_media":0,"parent":260,"menu_order":0,"comment_status":"closed","ping_status":"closed","template":"","meta":{"_uag_custom_page_level_css":"","_monsterinsights_skip_tracking":false,"_monsterinsights_sitenote_active":false,"_monsterinsights_sitenote_note":"","_monsterinsights_sitenote_category":0,"footnotes":""},"class_list":["post-44068","page","type-page","status-publish","hentry"],"featured_image_src":"","featured_image_src_square":false,"rbea_author_info":{"display_name":"admin","author_link":"https:\/\/www.keturist.sk\/info\/author\/admin\/"},"rbea_excerpt_info":"Lokaliz\u00e1cia: Doln\u00fd Zempl\u00edn V\u0161eobecn\u00e9 inform\u00e1cie P\u00fatnick\u00e9 miesto Bralo sa nach\u00e1dza pribli\u017ene 3.5 km severoz\u00e1padn\u00fdm smerom od obce Mal\u00e9 Ozorovce. Le\u017e\u00ed pod vrchom Dlh\u00e1 hora (591 m n.m.) v nadmorskej v\u00fd\u0161ke [&hellip;]","uagb_featured_image_src":{"full":false,"thumbnail":false,"medium":false,"medium_large":false,"large":false,"1536x1536":false,"2048x2048":false},"uagb_author_info":{"display_name":"admin","author_link":"https:\/\/www.keturist.sk\/info\/author\/admin\/"},"uagb_comment_info":0,"uagb_excerpt":"Lokaliz\u00e1cia: Doln\u00fd Zempl\u00edn V\u0161eobecn\u00e9 inform\u00e1cie P\u00fatnick\u00e9 miesto Bralo sa nach\u00e1dza pribli\u017ene 3.5 km severoz\u00e1padn\u00fdm smerom od obce Mal\u00e9 Ozorovce. Le\u017e\u00ed pod vrchom Dlh\u00e1 hora (591 m n.m.) v nadmorskej v\u00fd\u0161ke [&hellip;]","_links":{"self":[{"href":"https:\/\/www.keturist.sk\/info\/wp-json\/wp\/v2\/pages\/44068","targetHints":{"allow":["GET"]}}],"collection":[{"href":"https:\/\/www.keturist.sk\/info\/wp-json\/wp\/v2\/pages"}],"about":[{"href":"https:\/\/www.keturist.sk\/info\/wp-json\/wp\/v2\/types\/page"}],"author":[{"embeddable":true,"href":"https:\/\/www.keturist.sk\/info\/wp-json\/wp\/v2\/users\/1"}],"replies":[{"embeddable":true,"href":"https:\/\/www.keturist.sk\/info\/wp-json\/wp\/v2\/comments?post=44068"}],"version-history":[{"count":30,"href":"https:\/\/www.keturist.sk\/info\/wp-json\/wp\/v2\/pages\/44068\/revisions"}],"predecessor-version":[{"id":44174,"href":"https:\/\/www.keturist.sk\/info\/wp-json\/wp\/v2\/pages\/44068\/revisions\/44174"}],"up":[{"embeddable":true,"href":"https:\/\/www.keturist.sk\/info\/wp-json\/wp\/v2\/pages\/260"}],"wp:attachment":[{"href":"https:\/\/www.keturist.sk\/info\/wp-json\/wp\/v2\/media?parent=44068"}],"curies":[{"name":"wp","href":"https:\/\/api.w.org\/{rel}","templated":true}]}}