{"id":42171,"date":"2021-09-26T18:55:59","date_gmt":"2021-09-26T16:55:59","guid":{"rendered":"https:\/\/www.keturist.sk\/info\/?page_id=42171"},"modified":"2025-12-16T14:39:07","modified_gmt":"2025-12-16T13:39:07","slug":"vinianske-jazero","status":"publish","type":"page","link":"https:\/\/www.keturist.sk\/info\/kam-do-prirody\/kam-do-prirody-smer-zemplin\/vodopady-jazierka-rieky\/vinianske-jazero\/","title":{"rendered":"Vinianske jazero"},"content":{"rendered":"<a href=\"https:\/\/www.keturist.sk\/info\/\" class=\"su-button su-button-style-default\" style=\"color:#000000;background-color:#FFCF2F;border-color:#cca626;border-radius:5px\" target=\"_self\"><span style=\"color:#000000;padding:6px 16px;font-size:13px;line-height:20px;border-color:#ffde6e;border-radius:5px;text-shadow:none\"><i class=\"sui sui-arrow-right\" style=\"font-size:13px;color:#000000\"><\/i>  Spravodaj <\/span><\/a>\n<a href=\"https:\/\/www.keturist.sk\/info\/tipy-na-vylety\/\" class=\"su-button su-button-style-default\" style=\"color:#000000;background-color:#FFCF2F;border-color:#cca626;border-radius:5px\" target=\"_self\"><span style=\"color:#000000;padding:6px 16px;font-size:13px;line-height:20px;border-color:#ffde6e;border-radius:5px;text-shadow:none\"><i class=\"sui sui-arrow-right\" style=\"font-size:13px;color:#000000\"><\/i>  TIPY NA V\u00ddLETY <\/span><\/a>\n<a href=\"https:\/\/www.keturist.sk\/info\/kam-do-prirody\/\" class=\"su-button su-button-style-default\" style=\"color:#000000;background-color:#FFCF2F;border-color:#cca626;border-radius:5px\" target=\"_self\"><span style=\"color:#000000;padding:6px 16px;font-size:13px;line-height:20px;border-color:#ffde6e;border-radius:5px;text-shadow:none\"><i class=\"sui sui-arrow-right\" style=\"font-size:13px;color:#000000\"><\/i>  Kam do pr\u00edrody <\/span><\/a>\n<a href=\"https:\/\/www.keturist.sk\/info\/kam-do-prirody\/kam-do-prirody-smer-zemplin\/\" class=\"su-button su-button-style-default\" style=\"color:#000000;background-color:#FFCF2F;border-color:#cca626;border-radius:5px\" target=\"_self\"><span style=\"color:#000000;padding:6px 16px;font-size:13px;line-height:20px;border-color:#ffde6e;border-radius:5px;text-shadow:none\"><i class=\"sui sui-arrow-right\" style=\"font-size:13px;color:#000000\"><\/i>  Smer Doln\u00fd Zempl\u00edn <\/span><\/a>\n<div class=\"su-divider su-divider-style-default\" style=\"margin:15px 0;border-width:0px;border-color:#000000\"><\/div>\n<strong>Podkateg\u00f3ria: <\/strong> <a href=\"https:\/\/www.keturist.sk\/info\/kam-do-prirody\/kam-do-prirody-smer-zemplin\/vodopady-jazierka-rieky\/\" class=\"su-button su-button-style-default\" style=\"color:#000000;background-color:#afd144;border-color:#8ca837;border-radius:5px\" target=\"_self\"><span style=\"color:#000000;padding:6px 16px;font-size:13px;line-height:20px;border-color:#c7df7d;border-radius:5px;text-shadow:none\"><i class=\"sui sui-arrow-right\" style=\"font-size:13px;color:#000000\"><\/i>  Vodop\u00e1dy, jazierka, rieky \u2026 <\/span><\/a>\n<p><strong>Lokaliz\u00e1cia: <\/strong><a href=\"https:\/\/www.keturist.sk\/info\/vseobecne-informacie\/zemplin\/\"> Doln\u00fd Zempl\u00edn<\/a><\/p>\n<div class=\"su-divider su-divider-style-default\" style=\"margin:15px 0;border-width:2px;border-color:#000000\"><\/div>\n<figure id=\"attachment_42204\" aria-describedby=\"caption-attachment-42204\" style=\"width: 900px\" class=\"wp-caption aligncenter\"><a href=\"https:\/\/www.keturist.sk\/info\/wp-content\/uploads\/2021\/09\/vinianske-jazero4.jpg\"><img loading=\"lazy\" decoding=\"async\" class=\"wp-image-42204\" src=\"https:\/\/www.keturist.sk\/info\/wp-content\/uploads\/2021\/09\/vinianske-jazero4-800x534.jpg\" alt=\"Vinianske jazero\" width=\"900\" height=\"600\" srcset=\"https:\/\/www.keturist.sk\/info\/wp-content\/uploads\/2021\/09\/vinianske-jazero4-800x534.jpg 800w, https:\/\/www.keturist.sk\/info\/wp-content\/uploads\/2021\/09\/vinianske-jazero4-270x180.jpg 270w, https:\/\/www.keturist.sk\/info\/wp-content\/uploads\/2021\/09\/vinianske-jazero4-768x512.jpg 768w, https:\/\/www.keturist.sk\/info\/wp-content\/uploads\/2021\/09\/vinianske-jazero4.jpg 1000w\" sizes=\"auto, (max-width: 900px) 100vw, 900px\" \/><\/a><figcaption id=\"caption-attachment-42204\" class=\"wp-caption-text\">Vinianske jazero, Fotograf: Jozef Mare\u010dek (https:\/\/www.facebook.com\/jozef.marecek.94)<\/figcaption><\/figure>\n<div class=\"su-divider su-divider-style-default\" style=\"margin:15px 0;border-width:2px;border-color:#000000\"><\/div>\n<h2 class=\"ds-markdown-paragraph\"><span style=\"color: #800000;\">\u010co je Vinianske jazero a kde sa nach\u00e1dza?<\/span><\/h2>\n<p class=\"ds-markdown-paragraph\">Vinianske jazero je ob\u013e\u00faben\u00e1 <strong>rekrea\u010dn\u00e1 a turistick\u00e1 lokalita<\/strong>\u00a0v srdci\u00a0<strong>Vihorlatsk\u00fdch vrchov<\/strong>. Nach\u00e1dza sa len\u00a0<strong>2 km severov\u00fdchodne od obce Vinn\u00e9<\/strong>, pribli\u017ene\u00a0<strong>11 km od Michaloviec<\/strong>\u00a0a asi\u00a0<strong>4 km od zn\u00e1mej Zempl\u00ednskej \u0160\u00edravy<\/strong>.<\/p>\n<h2 class=\"ds-markdown-paragraph\"><span style=\"color: #800000;\">Ako vyzer\u00e1 okolie Vinianskeho jazera?<\/span><\/h2>\n<p class=\"ds-markdown-paragraph\">Jazero le\u017e\u00ed v p\u00f4sobivom <strong>pr\u00edrodnom sedle<\/strong>\u00a0medzi vrchmi\u00a0<strong>\u0160utov\u00e1 (319 m n. m.), Mare\u010dkov\u00e1 (402 m n. m.), Bogdanka (276 m n. m.) a Senderov (310 m n. m.)<\/strong>. Toto\u00a0<strong>unik\u00e1tne poloha<\/strong>\u00a0v\u00a0<strong>Vihorlatsk\u00fdch vrchoch<\/strong>\u00a0mu dod\u00e1va jedine\u010dn\u00e9 k\u00fazlo.<\/p>\n<h2 class=\"ds-markdown-paragraph\"><span style=\"color: #800000;\">Ako a kedy Vinianske jazero vzniklo?<\/span><\/h2>\n<p class=\"ds-markdown-paragraph\">Toto <strong>umele jazero<\/strong>\u00a0vzniklo koncom\u00a0<strong>19. storo\u010dia<\/strong>, ke\u010f ho nechal vybudova\u0165 gr\u00f3f\u00a0<strong>Alexander St\u00e1raj (S\u00e1ndor Szt\u00e1ray)<\/strong>\u00a0so svojou man\u017eelkou\u00a0<strong>Paul\u00ednou Ve\u010dejovou<\/strong>. P\u00f4vodne sl\u00fa\u017eilo ako\u00a0<strong>rybn\u00edk<\/strong>.\u00a0<strong>Jazero<\/strong>\u00a0vzniklo v\u00a0<strong>lesnom prostred\u00ed<\/strong>\u00a0vytvoren\u00edm\u00a0<strong>umelej hr\u00e1dze<\/strong>\u00a0a priveden\u00edm vody z\u00a0<strong>Vinianskeho potoka<\/strong>.<\/p>\n<h2 class=\"ds-markdown-paragraph\"><span style=\"color: #800000;\">Ak\u00e9 vy\u017eitie a slu\u017eby Vinianske jazero pon\u00faka?<\/span><\/h2>\n<p class=\"ds-markdown-paragraph\"><strong>Vinianske jazero<\/strong>\u00a0s rozlohou\u00a0<strong>8 hekt\u00e1rov<\/strong>\u00a0je skvelou destin\u00e1ciou pre\u00a0<strong>oddych a akt\u00edvny relax<\/strong>. Je mimoriadne vhodn\u00e9 na\u00a0<strong>k\u00fapanie, vodn\u00e9 \u0161porty a rybolov<\/strong>, najm\u00e4 v\u010faka\u00a0<strong>mimoriadne tepl\u00fa vodu<\/strong>\u00a0s priemernou h\u013abkou okolo\u00a0<strong>3,6 metra<\/strong>. N\u00e1v\u0161tevn\u00edkom poskytuje kompletn\u00fd servis:\u00a0<strong>stravovacie a ubytovacie slu\u017eby<\/strong>. Ubytova\u0165 sa m\u00f4\u017eete v\u00a0<strong>chatovej osade, autokempingu<\/strong>, \u010di v okolit\u00fdch\u00a0<strong>penzi\u00f3noch a hoteloch<\/strong>.<\/p>\n<h2 class=\"ds-markdown-paragraph\"><span style=\"color: #800000;\">Ak\u00e9 \u0161portov\u00e9 vy\u017eitie tu n\u00e1jdem?<\/span><\/h2>\n<p class=\"ds-markdown-paragraph\">Toto <strong>stredisko vodn\u00fdch \u0161portov<\/strong>\u00a0pon\u00faka \u0161irok\u00fa \u0161k\u00e1lu mo\u017enost\u00ed. K dispoz\u00edcii je\u00a0<strong>po\u017ei\u010dov\u0148a vodn\u00fdch bicyklov a \u010dlnov, tenisov\u00fd kurt, po\u017ei\u010dov\u0148a \u0161portov\u00fdch potrieb, ihrisko na pl\u00e1\u017eov\u00fd volejbal<\/strong>\u00a0a dokonca\u00a0<strong>v\u00fdu\u010dba jachtingu<\/strong>. Pre mal\u00fdch n\u00e1v\u0161tevn\u00edkov je pripraven\u00e9\u00a0<strong>detsk\u00e9 ihrisko<\/strong>.<\/p>\n<h2 class=\"ds-markdown-paragraph\"><span style=\"color: #800000;\">Kedy je jazero otvoren\u00e9 a \u010do sa tu deje po\u010das roka?<\/span><\/h2>\n<p class=\"ds-markdown-paragraph\"><strong>Vinianske jazero<\/strong>\u00a0je\u00a0<strong>celoro\u010dne nav\u0161tevovanou lokalitou<\/strong>. Okrem\u00a0<strong>perfektn\u00e9ho priestoru na relax<\/strong>\u00a0tu prebieha aj bohat\u00fd\u00a0<strong>kult\u00farny \u017eivot<\/strong>. Najv\u00e4\u010d\u0161ou udalos\u0165ou s\u00fa\u00a0<strong>J\u00e1nske ohne nad \u0160\u00edravou<\/strong>, ktor\u00e9 sa ka\u017edoro\u010dne konaj\u00fa v\u00a0<strong>j\u00fani<\/strong>. Toto podujatie je s\u00fa\u010das\u0165ou programu\u00a0<strong>Terra Incognita<\/strong>\u00a0podporovan\u00e9ho\u00a0<strong>Ko\u0161ick\u00fdm samospr\u00e1vnym krajom<\/strong>.<\/p>\n<h2 class=\"ds-markdown-paragraph\"><span style=\"color: #800000;\">Ako sa k Vinianskemu jazeru dostanem a ak\u00e9 turistick\u00e9 trasy tu za\u010d\u00ednaj\u00fa?<\/span><\/h2>\n<p class=\"ds-markdown-paragraph\">K <strong>jazeru<\/strong>\u00a0vedie cesta z\u00a0<strong>obce Vinn\u00e9<\/strong>, ktor\u00e1 n\u00e1sledne obch\u00e1dza cel\u00fa jeho plochu. Samotn\u00e9\u00a0<strong>jazero<\/strong>\u00a0je d\u00f4le\u017eit\u00fdm\u00a0<strong>turistick\u00fdm uzlov\u00fdm bodom<\/strong>. Nach\u00e1dza sa tu r\u00e1zcestn\u00edk\u00a0<strong>Vinianske jazero (207 m n.m.)<\/strong>, ktor\u00fdm prech\u00e1dza\u00a0<strong>\u017elt\u00e1 turistick\u00e1 zna\u010dka<\/strong>\u00a0smeruj\u00faca na bl\u00edzky\u00a0<strong>Viniansky hrad (325 m n. m.)<\/strong>. Z\u00e1rove\u0148 tu za\u010d\u00edna aj\u00a0<strong>zelen\u00e1 turistick\u00e1 zna\u010dka<\/strong>, pokra\u010duj\u00faca a\u017e ku\u00a0<strong>Zempl\u00ednskej \u0160\u00edrave<\/strong>.<\/p>\n<h2><span style=\"color: #800000;\">Fotogal\u00e9ria<\/span><\/h2>\n<style type=\"text\/css\">\n#foogallery-gallery-72189 .fg-image { width: 200px; }<\/style>\n\t\t\t<div class=\"foogallery foogallery-container foogallery-carousel foogallery-lightbox-foogallery fg-carousel fg-ready fg-light fg-border-medium fg-round-small fg-shadow-medium fg-loading-default fg-loaded-fade-in fg-hover-semi-zoomed fg-hover-fade fg-hover-circle-plus2\" id=\"foogallery-gallery-72189\" data-foogallery=\"{&quot;item&quot;:{&quot;showCaptionTitle&quot;:true,&quot;showCaptionDescription&quot;:true},&quot;lazy&quot;:true,&quot;template&quot;:{&quot;maxItems&quot;:5,&quot;scale&quot;:0.11999999999999999555910790149937383830547332763671875,&quot;gutter&quot;:{&quot;min&quot;:-40,&quot;max&quot;:-20,&quot;unit&quot;:&quot;%&quot;},&quot;autoplay&quot;:{&quot;time&quot;:0,&quot;interaction&quot;:&quot;pause&quot;},&quot;centerOnClick&quot;:true,&quot;align&quot;:&quot;center&quot;,&quot;activePosition&quot;:&quot;center&quot;}}\" data-foogallery-lightbox=\"{&quot;thumbs&quot;:&quot;bottom&quot;,&quot;thumbsCaptions&quot;:false,&quot;thumbsBestFit&quot;:false,&quot;thumbsSmall&quot;:false,&quot;thumbsCaptionsAlign&quot;:&quot;default&quot;,&quot;info&quot;:&quot;bottom&quot;,&quot;infoVisible&quot;:true,&quot;infoOverlay&quot;:true,&quot;infoAlign&quot;:&quot;default&quot;,&quot;transition&quot;:&quot;fade&quot;,&quot;hoverButtons&quot;:false,&quot;fitMedia&quot;:false,&quot;noScrollbars&quot;:true,&quot;preserveButtonSpace&quot;:true,&quot;buttons&quot;:{&quot;fullscreen&quot;:true,&quot;info&quot;:true,&quot;thumbs&quot;:false},&quot;video&quot;:{&quot;autoPlay&quot;:true}}\" style=\"--fg-title-line-clamp: 1; --fg-description-line-clamp: 2;\" >\n\t<button type=\"button\" class=\"fg-carousel-prev\" title=\"Previous\"><\/button>\n\t<div class=\"fg-carousel-inner\">\n\t\t<div class=\"fg-carousel-center\"><\/div>\n\t\t<div class=\"fg-item fg-type-image fg-idle\"><figure class=\"fg-item-inner\"><a href=\"https:\/\/www.keturist.sk\/info\/wp-content\/uploads\/2021\/09\/vinianske-jazero5.jpg\" data-caption-title=\"Vinianske jazero\" data-caption-desc=\"Vinianske jazero, Fotograf: Jozef Mare\u010dek (https:\/\/www.facebook.com\/jozef.marecek.94)\" data-attachment-id=\"42205\" data-type=\"image\" class=\"fg-thumb\"><span class=\"fg-image-wrap\"><img decoding=\"async\" alt=\"Vinianske jazero\" title=\"Vinianske jazero\" width=\"200\" height=\"200\" class=\"skip-lazy fg-image\" data-src-fg=\"https:\/\/www.keturist.sk\/info\/wp-content\/uploads\/cache\/2021\/09\/vinianske-jazero5\/667462811.jpg\" src=\"data:image\/svg+xml,%3Csvg%20xmlns%3D%22http%3A%2F%2Fwww.w3.org%2F2000%2Fsvg%22%20width%3D%22200%22%20height%3D%22200%22%20viewBox%3D%220%200%20200%20200%22%3E%3C%2Fsvg%3E\" loading=\"eager\"><\/span><span class=\"fg-image-overlay\"><\/span><\/a><figcaption class=\"fg-caption\"><div class=\"fg-caption-inner\"><div class=\"fg-caption-title\">Vinianske jazero<\/div><div class=\"fg-caption-desc\">Vinianske jazero, Fotograf: Jozef Mare\u010dek (https:\/\/www.facebook.com\/jozef.marecek.94)<\/div><\/div><\/figcaption><\/figure><div class=\"fg-loader\"><\/div><\/div><div class=\"fg-item fg-type-image fg-idle\"><figure class=\"fg-item-inner\"><a href=\"https:\/\/www.keturist.sk\/info\/wp-content\/uploads\/2021\/09\/vinianske-jazero4.jpg\" data-caption-title=\"Vinianske jazero\" data-caption-desc=\"Vinianske jazero, Fotograf: Jozef Mare\u010dek (https:\/\/www.facebook.com\/jozef.marecek.94)\" data-attachment-id=\"42204\" data-type=\"image\" class=\"fg-thumb\"><span class=\"fg-image-wrap\"><img decoding=\"async\" alt=\"Vinianske jazero\" title=\"Vinianske jazero\" width=\"200\" height=\"200\" class=\"skip-lazy fg-image\" data-src-fg=\"https:\/\/www.keturist.sk\/info\/wp-content\/uploads\/cache\/2021\/09\/vinianske-jazero4\/3528463632.jpg\" src=\"data:image\/svg+xml,%3Csvg%20xmlns%3D%22http%3A%2F%2Fwww.w3.org%2F2000%2Fsvg%22%20width%3D%22200%22%20height%3D%22200%22%20viewBox%3D%220%200%20200%20200%22%3E%3C%2Fsvg%3E\" loading=\"eager\"><\/span><span class=\"fg-image-overlay\"><\/span><\/a><figcaption class=\"fg-caption\"><div class=\"fg-caption-inner\"><div class=\"fg-caption-title\">Vinianske jazero<\/div><div class=\"fg-caption-desc\">Vinianske jazero, Fotograf: Jozef Mare\u010dek (https:\/\/www.facebook.com\/jozef.marecek.94)<\/div><\/div><\/figcaption><\/figure><div class=\"fg-loader\"><\/div><\/div><div class=\"fg-item fg-type-image fg-idle\"><figure class=\"fg-item-inner\"><a href=\"https:\/\/www.keturist.sk\/info\/wp-content\/uploads\/2021\/09\/vinianske-jazero3.jpg\" data-caption-title=\"Vinianske jazero\" data-caption-desc=\"Vinianske jazero, Fotograf: Jozef Mare\u010dek (https:\/\/www.facebook.com\/jozef.marecek.94)\" data-attachment-id=\"42203\" data-type=\"image\" class=\"fg-thumb\"><span class=\"fg-image-wrap\"><img decoding=\"async\" alt=\"Vinianske jazero\" title=\"Vinianske jazero\" width=\"200\" height=\"200\" class=\"skip-lazy fg-image\" data-src-fg=\"https:\/\/www.keturist.sk\/info\/wp-content\/uploads\/cache\/2021\/09\/vinianske-jazero3\/1144273224.jpg\" src=\"data:image\/svg+xml,%3Csvg%20xmlns%3D%22http%3A%2F%2Fwww.w3.org%2F2000%2Fsvg%22%20width%3D%22200%22%20height%3D%22200%22%20viewBox%3D%220%200%20200%20200%22%3E%3C%2Fsvg%3E\" loading=\"eager\"><\/span><span class=\"fg-image-overlay\"><\/span><\/a><figcaption class=\"fg-caption\"><div class=\"fg-caption-inner\"><div class=\"fg-caption-title\">Vinianske jazero<\/div><div class=\"fg-caption-desc\">Vinianske jazero, Fotograf: Jozef Mare\u010dek (https:\/\/www.facebook.com\/jozef.marecek.94)<\/div><\/div><\/figcaption><\/figure><div class=\"fg-loader\"><\/div><\/div><div class=\"fg-item fg-type-image fg-idle\"><figure class=\"fg-item-inner\"><a href=\"https:\/\/www.keturist.sk\/info\/wp-content\/uploads\/2021\/09\/vinianske-jazero2.jpg\" data-caption-title=\"Vinianske jazero\" data-caption-desc=\"Vinianske jazero, Fotograf: Jozef Mare\u010dek (https:\/\/www.facebook.com\/jozef.marecek.94)\" data-attachment-id=\"42202\" data-type=\"image\" class=\"fg-thumb\"><span class=\"fg-image-wrap\"><img decoding=\"async\" alt=\"Vinianske jazero\" title=\"Vinianske jazero\" width=\"200\" height=\"200\" class=\"skip-lazy fg-image\" data-src-fg=\"https:\/\/www.keturist.sk\/info\/wp-content\/uploads\/cache\/2021\/09\/vinianske-jazero2\/4285412566.jpg\" src=\"data:image\/svg+xml,%3Csvg%20xmlns%3D%22http%3A%2F%2Fwww.w3.org%2F2000%2Fsvg%22%20width%3D%22200%22%20height%3D%22200%22%20viewBox%3D%220%200%20200%20200%22%3E%3C%2Fsvg%3E\" loading=\"eager\"><\/span><span class=\"fg-image-overlay\"><\/span><\/a><figcaption class=\"fg-caption\"><div class=\"fg-caption-inner\"><div class=\"fg-caption-title\">Vinianske jazero<\/div><div class=\"fg-caption-desc\">Vinianske jazero, Fotograf: Jozef Mare\u010dek (https:\/\/www.facebook.com\/jozef.marecek.94)<\/div><\/div><\/figcaption><\/figure><div class=\"fg-loader\"><\/div><\/div><div class=\"fg-item fg-type-image fg-idle\"><figure class=\"fg-item-inner\"><a href=\"https:\/\/www.keturist.sk\/info\/wp-content\/uploads\/2021\/09\/vinianske-jazero1.jpg\" data-caption-title=\"Vinianske jazero\" data-caption-desc=\"Vinianske jazero, Fotograf: Jozef Mare\u010dek (https:\/\/www.facebook.com\/jozef.marecek.94)\" data-attachment-id=\"42201\" data-type=\"image\" class=\"fg-thumb\"><span class=\"fg-image-wrap\"><img decoding=\"async\" alt=\"Vinianske jazero\" title=\"Vinianske jazero\" width=\"200\" height=\"200\" class=\"skip-lazy fg-image\" data-src-fg=\"https:\/\/www.keturist.sk\/info\/wp-content\/uploads\/cache\/2021\/09\/vinianske-jazero1\/3924894773.jpg\" src=\"data:image\/svg+xml,%3Csvg%20xmlns%3D%22http%3A%2F%2Fwww.w3.org%2F2000%2Fsvg%22%20width%3D%22200%22%20height%3D%22200%22%20viewBox%3D%220%200%20200%20200%22%3E%3C%2Fsvg%3E\" loading=\"eager\"><\/span><span class=\"fg-image-overlay\"><\/span><\/a><figcaption class=\"fg-caption\"><div class=\"fg-caption-inner\"><div class=\"fg-caption-title\">Vinianske jazero<\/div><div class=\"fg-caption-desc\">Vinianske jazero, Fotograf: Jozef Mare\u010dek (https:\/\/www.facebook.com\/jozef.marecek.94)<\/div><\/div><\/figcaption><\/figure><div class=\"fg-loader\"><\/div><\/div>\t<\/div>\n\t<div class=\"fg-carousel-bottom\"><\/div>\n\t<div class=\"fg-carousel-progress\"><\/div>\n\t<button type=\"button\" class=\"fg-carousel-next\" title=\"Next\"><\/button>\n<\/div>\n<h2><span style=\"color: #800000;\">Zauj\u00edmav\u00e9 odkazy<\/span><\/h2>\n<h3><span style=\"color: #808000;\">Bl\u00edzke stredisko, turistick\u00e9 centrum, obec alebo mesto:<\/span><\/h3>\n<ul>\n<li>Obec Vinn\u00e9 (\u010d\u00edtaj viac&#8230;)<\/li>\n<\/ul>\n<h2><span style=\"color: #800000;\">Mapy<\/span><\/h2>\n<p><strong>Vrstvy: <\/strong>Turistick\u00e1 mapa, Automapa, Cyklomapa, Ly\u017eiarska mapa, Satelitn\u00e1 mapa a OpenStreetMap.<\/p>\n<p><strong>Kliknut\u00edm na logo &#8222;Freemap.sk&#8220; sa V\u00e1m mapa zobraz\u00ed na celej ploche obrazovky.<\/strong><\/p>\n<p><iframe style=\"width: 900px; height: 500px; border: 0;\" src=\"https:\/\/www.freemap.sk\/?map=14\/48.818691\/21.987864&amp;info-point=48.818691\/21.987864,Vinianske jazero&amp;layers=X&amp;embed=search\" allowfullscreen=\"allowfullscreen\"><span data-mce-type=\"bookmark\" style=\"display: inline-block; width: 0px; overflow: hidden; line-height: 0;\" class=\"mce_SELRES_start\">\ufeff<\/span><\/iframe><\/p>\n<h2><span style=\"color: #800000;\">Po\u010dasie<\/span><\/h2>\n<p><iframe style=\"width: 900px; height: 619px;\" src=\"https:\/\/www.meteoblue.com\/sk\/po%C4%8Dasie\/widget\/three\/vinn%c3%a9_slovensko_723224?geoloc=fixed&amp;nocurrent=0&amp;noforecast=0&amp;days=7&amp;tempunit=CELSIUS&amp;windunit=KILOMETER_PER_HOUR&amp;layout=image\" frameborder=\"0\" scrolling=\"NO\" sandbox=\"allow-same-origin allow-scripts allow-popups allow-popups-to-escape-sandbox\"><\/iframe><\/p>\n<div><!-- DO NOT REMOVE THIS LINK --><a href=\"https:\/\/www.meteoblue.com\/sk\/po%C4%8Dasie\/t%C3%BD%C5%BEde%C5%88\/vinn%c3%a9_slovensko_723224?utm_source=weather_widget&amp;utm_medium=linkus&amp;utm_content=three&amp;utm_campaign=Weather%2BWidget\" target=\"_blank\" rel=\"noopener\">meteoblue<\/a><\/div>\n","protected":false},"excerpt":{"rendered":"<p>Podkateg\u00f3ria: Lokaliz\u00e1cia: Doln\u00fd Zempl\u00edn \u010co je Vinianske jazero a kde sa nach\u00e1dza? Vinianske jazero je ob\u013e\u00faben\u00e1 rekrea\u010dn\u00e1 a turistick\u00e1 lokalita\u00a0v srdci\u00a0Vihorlatsk\u00fdch vrchov. Nach\u00e1dza sa len\u00a02 km severov\u00fdchodne od obce Vinn\u00e9, [&hellip;]<\/p>\n","protected":false},"author":1,"featured_media":42204,"parent":39454,"menu_order":0,"comment_status":"closed","ping_status":"closed","template":"","meta":{"_uag_custom_page_level_css":"","_monsterinsights_skip_tracking":false,"_monsterinsights_sitenote_active":false,"_monsterinsights_sitenote_note":"","_monsterinsights_sitenote_category":0,"footnotes":""},"class_list":["post-42171","page","type-page","status-publish","has-post-thumbnail","hentry"],"featured_image_src":"https:\/\/www.keturist.sk\/info\/wp-content\/uploads\/2021\/09\/vinianske-jazero4.jpg","featured_image_src_square":"https:\/\/www.keturist.sk\/info\/wp-content\/uploads\/2021\/09\/vinianske-jazero4.jpg","rbea_author_info":{"display_name":"admin","author_link":"https:\/\/www.keturist.sk\/info\/author\/admin\/"},"rbea_excerpt_info":"Podkateg\u00f3ria: Lokaliz\u00e1cia: Doln\u00fd Zempl\u00edn \u010co je Vinianske jazero a kde sa nach\u00e1dza? Vinianske jazero je ob\u013e\u00faben\u00e1 rekrea\u010dn\u00e1 a turistick\u00e1 lokalita\u00a0v srdci\u00a0Vihorlatsk\u00fdch vrchov. Nach\u00e1dza sa len\u00a02 km severov\u00fdchodne od obce Vinn\u00e9, [&hellip;]","uagb_featured_image_src":{"full":["https:\/\/www.keturist.sk\/info\/wp-content\/uploads\/2021\/09\/vinianske-jazero4.jpg",1000,667,false],"thumbnail":["https:\/\/www.keturist.sk\/info\/wp-content\/uploads\/2021\/09\/vinianske-jazero4-270x180.jpg",270,180,true],"medium":["https:\/\/www.keturist.sk\/info\/wp-content\/uploads\/2021\/09\/vinianske-jazero4-800x534.jpg",800,534,true],"medium_large":["https:\/\/www.keturist.sk\/info\/wp-content\/uploads\/2021\/09\/vinianske-jazero4-768x512.jpg",768,512,true],"large":["https:\/\/www.keturist.sk\/info\/wp-content\/uploads\/2021\/09\/vinianske-jazero4.jpg",1000,667,false],"1536x1536":["https:\/\/www.keturist.sk\/info\/wp-content\/uploads\/2021\/09\/vinianske-jazero4.jpg",1000,667,false],"2048x2048":["https:\/\/www.keturist.sk\/info\/wp-content\/uploads\/2021\/09\/vinianske-jazero4.jpg",1000,667,false]},"uagb_author_info":{"display_name":"admin","author_link":"https:\/\/www.keturist.sk\/info\/author\/admin\/"},"uagb_comment_info":0,"uagb_excerpt":"Podkateg\u00f3ria: Lokaliz\u00e1cia: Doln\u00fd Zempl\u00edn \u010co je Vinianske jazero a kde sa nach\u00e1dza? Vinianske jazero je ob\u013e\u00faben\u00e1 rekrea\u010dn\u00e1 a turistick\u00e1 lokalita\u00a0v srdci\u00a0Vihorlatsk\u00fdch vrchov. Nach\u00e1dza sa len\u00a02 km severov\u00fdchodne od obce Vinn\u00e9, [&hellip;]","_links":{"self":[{"href":"https:\/\/www.keturist.sk\/info\/wp-json\/wp\/v2\/pages\/42171","targetHints":{"allow":["GET"]}}],"collection":[{"href":"https:\/\/www.keturist.sk\/info\/wp-json\/wp\/v2\/pages"}],"about":[{"href":"https:\/\/www.keturist.sk\/info\/wp-json\/wp\/v2\/types\/page"}],"author":[{"embeddable":true,"href":"https:\/\/www.keturist.sk\/info\/wp-json\/wp\/v2\/users\/1"}],"replies":[{"embeddable":true,"href":"https:\/\/www.keturist.sk\/info\/wp-json\/wp\/v2\/comments?post=42171"}],"version-history":[{"count":29,"href":"https:\/\/www.keturist.sk\/info\/wp-json\/wp\/v2\/pages\/42171\/revisions"}],"predecessor-version":[{"id":72190,"href":"https:\/\/www.keturist.sk\/info\/wp-json\/wp\/v2\/pages\/42171\/revisions\/72190"}],"up":[{"embeddable":true,"href":"https:\/\/www.keturist.sk\/info\/wp-json\/wp\/v2\/pages\/39454"}],"wp:featuredmedia":[{"embeddable":true,"href":"https:\/\/www.keturist.sk\/info\/wp-json\/wp\/v2\/media\/42204"}],"wp:attachment":[{"href":"https:\/\/www.keturist.sk\/info\/wp-json\/wp\/v2\/media?parent=42171"}],"curies":[{"name":"wp","href":"https:\/\/api.w.org\/{rel}","templated":true}]}}