{"id":42075,"date":"2021-09-21T15:55:00","date_gmt":"2021-09-21T13:55:00","guid":{"rendered":"https:\/\/www.keturist.sk\/info\/?page_id=42075"},"modified":"2025-12-16T14:27:55","modified_gmt":"2025-12-16T13:27:55","slug":"rieka-ondava","status":"publish","type":"page","link":"https:\/\/www.keturist.sk\/info\/kam-do-prirody\/kam-do-prirody-smer-zemplin\/vodopady-jazierka-rieky\/rieka-ondava\/","title":{"rendered":"Rieka Ondava"},"content":{"rendered":"<a href=\"https:\/\/www.keturist.sk\/info\/\" class=\"su-button su-button-style-default\" style=\"color:#000000;background-color:#FFCF2F;border-color:#cca626;border-radius:5px\" target=\"_self\"><span style=\"color:#000000;padding:6px 16px;font-size:13px;line-height:20px;border-color:#ffde6e;border-radius:5px;text-shadow:none\"><i class=\"sui sui-arrow-right\" style=\"font-size:13px;color:#000000\"><\/i>  Spravodaj <\/span><\/a>\n<a href=\"https:\/\/www.keturist.sk\/info\/tipy-na-vylety\/\" class=\"su-button su-button-style-default\" style=\"color:#000000;background-color:#FFCF2F;border-color:#cca626;border-radius:5px\" target=\"_self\"><span style=\"color:#000000;padding:6px 16px;font-size:13px;line-height:20px;border-color:#ffde6e;border-radius:5px;text-shadow:none\"><i class=\"sui sui-arrow-right\" style=\"font-size:13px;color:#000000\"><\/i>  TIPY NA V\u00ddLETY <\/span><\/a>\n<a href=\"https:\/\/www.keturist.sk\/info\/kam-do-prirody\/\" class=\"su-button su-button-style-default\" style=\"color:#000000;background-color:#FFCF2F;border-color:#cca626;border-radius:5px\" target=\"_self\"><span style=\"color:#000000;padding:6px 16px;font-size:13px;line-height:20px;border-color:#ffde6e;border-radius:5px;text-shadow:none\"><i class=\"sui sui-arrow-right\" style=\"font-size:13px;color:#000000\"><\/i>  Kam do pr\u00edrody <\/span><\/a>\n<a href=\"https:\/\/www.keturist.sk\/info\/kam-do-prirody\/kam-do-prirody-smer-zemplin\/\" class=\"su-button su-button-style-default\" style=\"color:#000000;background-color:#FFCF2F;border-color:#cca626;border-radius:5px\" target=\"_self\"><span style=\"color:#000000;padding:6px 16px;font-size:13px;line-height:20px;border-color:#ffde6e;border-radius:5px;text-shadow:none\"><i class=\"sui sui-arrow-right\" style=\"font-size:13px;color:#000000\"><\/i>  Smer Doln\u00fd Zempl\u00edn <\/span><\/a>\n<div class=\"su-divider su-divider-style-default\" style=\"margin:15px 0;border-width:0px;border-color:#000000\"><\/div>\n<strong>Podkateg\u00f3ria: <\/strong> <a href=\"https:\/\/www.keturist.sk\/info\/kam-do-prirody\/kam-do-prirody-smer-zemplin\/vodopady-jazierka-rieky\/\" class=\"su-button su-button-style-default\" style=\"color:#000000;background-color:#afd144;border-color:#8ca837;border-radius:5px\" target=\"_self\"><span style=\"color:#000000;padding:6px 16px;font-size:13px;line-height:20px;border-color:#c7df7d;border-radius:5px;text-shadow:none\"><i class=\"sui sui-arrow-right\" style=\"font-size:13px;color:#000000\"><\/i>  Vodop\u00e1dy, jazierka, rieky \u2026 <\/span><\/a>\n<p><strong>Lokaliz\u00e1cia: <\/strong><a href=\"https:\/\/www.keturist.sk\/info\/vseobecne-informacie\/zemplin\/\"> Doln\u00fd Zempl\u00edn<\/a><\/p>\n<div class=\"su-divider su-divider-style-default\" style=\"margin:15px 0;border-width:2px;border-color:#000000\"><\/div>\n<figure id=\"attachment_42127\" aria-describedby=\"caption-attachment-42127\" style=\"width: 900px\" class=\"wp-caption aligncenter\"><a href=\"https:\/\/www.keturist.sk\/info\/wp-content\/uploads\/2021\/09\/ondava3.jpg\"><img loading=\"lazy\" decoding=\"async\" class=\"wp-image-42127\" src=\"https:\/\/www.keturist.sk\/info\/wp-content\/uploads\/2021\/09\/ondava3-800x534.jpg\" alt=\"Rieka Ondava\" width=\"900\" height=\"600\" srcset=\"https:\/\/www.keturist.sk\/info\/wp-content\/uploads\/2021\/09\/ondava3-800x534.jpg 800w, https:\/\/www.keturist.sk\/info\/wp-content\/uploads\/2021\/09\/ondava3-270x180.jpg 270w, https:\/\/www.keturist.sk\/info\/wp-content\/uploads\/2021\/09\/ondava3-768x512.jpg 768w, https:\/\/www.keturist.sk\/info\/wp-content\/uploads\/2021\/09\/ondava3.jpg 1000w\" sizes=\"auto, (max-width: 900px) 100vw, 900px\" \/><\/a><figcaption id=\"caption-attachment-42127\" class=\"wp-caption-text\">Rieka Ondava, Fotograf: Jozef Mare\u010dek (https:\/\/www.facebook.com\/jozef.marecek.94)<\/figcaption><\/figure>\n<div class=\"su-divider su-divider-style-default\" style=\"margin:15px 0;border-width:2px;border-color:#000000\"><\/div>\n<p class=\"ds-markdown-paragraph\"><strong>Rieka Ondava<\/strong>\u00a0je jednou z najv\u00fdznamnej\u0161\u00edch riek na v\u00fdchodnom Slovensku, ktor\u00e1 sa tiahne d\u013a\u017ekou pribli\u017ene 125 km.<\/p>\n<p class=\"ds-markdown-paragraph\">T\u00fdm sa rad\u00ed na\u00a0<strong>8. miesto<\/strong>\u00a0medzi\u00a0<strong>najdlh\u0161ie rieky na Slovensku<\/strong>.<\/p>\n<p class=\"ds-markdown-paragraph\">Svoj prame\u0148 m\u00e1 vo\u00a0<strong>V\u00fdchodn\u00fdch Beskyd\u00e1ch<\/strong>\u00a0a n\u00e1sledne pretek\u00e1 cez\u00a0<strong>Ondavsk\u00fa vrchovinu<\/strong>, kde nap\u00e1ja dve v\u00fdznamn\u00e9 mest\u00e1 \u2013\u00a0<strong>Svidn\u00edk<\/strong>\u00a0a\u00a0<strong>Stropkov<\/strong>.<\/p>\n<p class=\"ds-markdown-paragraph\">\u010ealej pokra\u010duje smerom k v\u00fdznamnej\u00a0<strong>priehrade Ve\u013ek\u00e1 Doma\u0161a<\/strong>, ktor\u00e1 sl\u00fa\u017ei ako k\u013e\u00fa\u010dov\u00e1 z\u00e1sob\u00e1re\u0148\u00a0<strong>\u00fa\u017eitkovej i pitnej vody<\/strong>\u00a0pre cel\u00fd regi\u00f3n.<\/p>\n<p class=\"ds-markdown-paragraph\">Jej tok \u010falej smeruje v\u00fdchodne od miest\u00a0<strong>Vranov nad Top\u013eou<\/strong>\u00a0a\u00a0<strong>Trebi\u0161ov<\/strong>, aby sa po pribli\u017ene 20 kilometroch severov\u00fdchodne od obce\u00a0<strong>Zempl\u00edn<\/strong>\u00a0vo v\u00fd\u0161ke\u00a0<strong>95 m n. m.<\/strong>\u00a0spojila s riekou\u00a0<strong>Latorica<\/strong>\u00a0a dala tak vznikn\u00fa\u0165 rieke\u00a0<strong>Bodrog<\/strong>.<\/p>\n<h3 class=\"ds-markdown-paragraph\"><span style=\"color: #808000;\">Po\u010das svojej cesty postupne prekon\u00e1va \u0161tyri rozmanit\u00e9 geomorfologick\u00e9 celky:\u00a0<\/span><\/h3>\n<p class=\"ds-markdown-paragraph\"><strong>Ondavsk\u00fa vrchovinu<\/strong>,\u00a0<strong>Beskydsk\u00e9 predhorie<\/strong>,\u00a0<strong>V\u00fdchodoslovensk\u00fa pahorkatinu<\/strong>\u00a0a\u00a0<strong>V\u00fdchodoslovensk\u00fa rovinu<\/strong>.<\/p>\n<p class=\"ds-markdown-paragraph\">Na rieke sa nach\u00e1dza u\u017e spom\u00ednan\u00e9 vodn\u00e9 dielo\u00a0<strong>Ve\u013ek\u00e1 Doma\u0161a<\/strong>, ktor\u00e9 je nepostr\u00e1date\u013enou z\u00e1sob\u00e1r\u0148ou vody.<\/p>\n<p class=\"ds-markdown-paragraph\">Na vyrovn\u00e1vanie prietokov sl\u00fa\u017ei\u00a0<strong>vyrovn\u00e1vacia n\u00e1dr\u017e Mal\u00e1 Doma\u0161a<\/strong>.<\/p>\n<h2><span style=\"color: #800000;\">Ak\u00e9 mo\u017enosti rekre\u00e1cie a cestovn\u00e9ho ruchu Ondava pon\u00faka?<\/span><\/h2>\n<p class=\"ds-markdown-paragraph\">Rieka Ondava je prirodzen\u00fdm centrom\u00a0<strong>rekre\u00e1cie a cestovn\u00e9ho ruchu<\/strong>\u00a0v regi\u00f3ne. Okrem zabezpe\u010denia\u00a0<strong>pitnej a \u00fa\u017eitkovej vody<\/strong>\u00a0poskytuje rozmanit\u00e9 aktivity pre v\u0161etk\u00fdch n\u00e1v\u0161tevn\u00edkov. Medzi najob\u013e\u00fabenej\u0161ie patr\u00ed\u00a0<strong>k\u00fapanie<\/strong>,\u00a0<strong>splavovanie<\/strong>\u00a0a\u00a0<strong>cykloturistika<\/strong>\u00a0po pohodln\u00fdch ochrann\u00fdch hr\u00e1dzach, ktor\u00e9 pon\u00fakaj\u00fa n\u00e1dhern\u00e9 v\u00fdh\u013eady na rieku a okolit\u00fa krajinu.<\/p>\n<h2><span style=\"color: #800000;\">Ako je podporovan\u00e9 vod\u00e1ctvo na rieke Ondava?<\/span><\/h2>\n<p class=\"ds-markdown-paragraph\">Rozvoj\u00a0<strong>vod\u00e1ctva<\/strong>\u00a0na rieke Ondava akt\u00edvne podporuje dota\u010dn\u00fd program\u00a0<strong>Terra Incognita \u2013 Ko\u0161ick\u00fd kraj<\/strong>. Tento dlhodob\u00fd program Ko\u0161ick\u00e9ho samospr\u00e1vneho kraja si kladie za cie\u013e podporu\u00a0<strong>cestovn\u00e9ho ruchu<\/strong>\u00a0prostredn\u00edctvom rozvoja kult\u00fary, \u0161portu a vo\u013eno\u010dasov\u00fdch aktiv\u00edt. V\u010faka nemu vznikol v obci Moravany atrakt\u00edvny projekt s n\u00e1zvom\u00a0<strong>\u201ePo vode za poznan\u00edm\u201c<\/strong>.<\/p>\n<h2><span style=\"color: #800000;\">\u010co v\u0161etko zah\u0155\u0148a projekt \u201ePo vode za poznan\u00edm\u201c v Moravanoch?<\/span><\/h2>\n<p class=\"ds-markdown-paragraph\">Projekt\u00a0<strong>\u201ePo vode za poznan\u00edm\u201c<\/strong>\u00a0v Moravanoch je unik\u00e1tnou ponukou, ktor\u00e1 je vhodn\u00e1 doslova pre ka\u017ed\u00e9ho \u2013 od sk\u00fasen\u00fdch\u00a0<strong>\u0161portovcov<\/strong>\u00a0a\u017e po \u00fapln\u00fdch za\u010diato\u010dn\u00edkov a menej zdatn\u00fdch vod\u00e1kov.<\/p>\n<h3 class=\"ds-markdown-paragraph\"><span style=\"color: #808000;\">Pon\u00faka nieko\u013eko flexibiln\u00fdch variantov splavov:<\/span><\/h3>\n<ul>\n<li>\n<p class=\"ds-markdown-paragraph\"><strong>Kr\u00e1tke splavy<\/strong>, ktor\u00e9 trvaj\u00fa nieko\u013eko hod\u00edn a\u017e pol d\u0148a.<\/p>\n<\/li>\n<li>\n<p class=\"ds-markdown-paragraph\"><strong>Stredn\u00fd splav<\/strong>\u00a0na cel\u00fd de\u0148.<\/p>\n<\/li>\n<li>\n<p class=\"ds-markdown-paragraph\"><strong>Dlh\u00fd splav<\/strong>\u00a0na dva dni, po\u010das ktor\u00e9ho si m\u00f4\u017eete vychutna\u0165 dobrodru\u017estvo na vode a prenocova\u0165 v stane.<\/p>\n<\/li>\n<\/ul>\n<p class=\"ds-markdown-paragraph\">Po\u010das ka\u017edej v\u00fdpravy je \u00fa\u010dastn\u00edkom k dispoz\u00edcii kompletn\u00fd t\u00edm odborn\u00edkov.\u00a0<strong>Vod\u00e1cky in\u0161truktor<\/strong>\u00a0poskytne v\u0161etky potrebn\u00e9\u00a0<strong>vstupn\u00e9 in\u0161trukcie<\/strong>\u00a0o technike p\u00e1dlovania \u010di veslovania, ako aj o spr\u00e1vnom spr\u00e1van\u00ed a\u00a0<strong>bezpe\u010dnosti na vode<\/strong>.<\/p>\n<p class=\"ds-markdown-paragraph\">O fyzick\u00e9 pohodlie po\u010das cel\u00e9ho v\u00fdletu sa star\u00e1 pr\u00edtomn\u00fd\u00a0<strong>zdravotn\u00edk<\/strong>. Okrem toho sprievodca\u00a0<strong>Biol\u00f3g<\/strong>\u00a0p\u00fatavo pribl\u00ed\u017ei bohat\u00fa\u00a0<strong>fl\u00f3ru a faunu<\/strong>, ktor\u00fa mo\u017eno pozorova\u0165 po celej d\u013a\u017eke splavu.<\/p>\n<h3 class=\"ds-markdown-paragraph\"><span style=\"color: #808000;\"> Pre z\u00e1ujemcov s\u00fa k dispoz\u00edcii tieto kontaktn\u00e9 \u00fadaje:\u00a0<\/span><\/h3>\n<p class=\"ds-markdown-paragraph\"><strong>Mgr. Vladim\u00edr \u010ceklovsk\u00fd<\/strong>,<\/p>\n<p class=\"ds-markdown-paragraph\">mobil:\u00a0<strong>+421 904 879 505<\/strong>,<\/p>\n<p class=\"ds-markdown-paragraph\">email:\u00a0<strong>moravany@obecmoravany.sk<\/strong>,<\/p>\n<p class=\"ds-markdown-paragraph\">webstr\u00e1nka:\u00a0<strong><a href=\"https:\/\/www.obecmoravany.sk\/\" target=\"_blank\" rel=\"noopener noreferrer\">https:\/\/www.obecmoravany.sk\/<\/a><\/strong>.<\/p>\n<h2><span style=\"color: #800000;\">Fotogal\u00e9ria<\/span><\/h2>\n<style type=\"text\/css\">\n#foogallery-gallery-72185 .fg-image { width: 200px; }<\/style>\n\t\t\t<div class=\"foogallery foogallery-container foogallery-carousel foogallery-lightbox-foogallery fg-carousel fg-ready fg-light fg-border-medium fg-round-small fg-shadow-medium fg-loading-default fg-loaded-fade-in fg-hover-semi-zoomed fg-hover-fade fg-hover-circle-plus2\" id=\"foogallery-gallery-72185\" data-foogallery=\"{&quot;item&quot;:{&quot;showCaptionTitle&quot;:true,&quot;showCaptionDescription&quot;:true},&quot;lazy&quot;:true,&quot;template&quot;:{&quot;maxItems&quot;:5,&quot;scale&quot;:0.11999999999999999555910790149937383830547332763671875,&quot;gutter&quot;:{&quot;min&quot;:-40,&quot;max&quot;:-20,&quot;unit&quot;:&quot;%&quot;},&quot;autoplay&quot;:{&quot;time&quot;:0,&quot;interaction&quot;:&quot;pause&quot;},&quot;centerOnClick&quot;:true,&quot;align&quot;:&quot;center&quot;,&quot;activePosition&quot;:&quot;center&quot;}}\" data-foogallery-lightbox=\"{&quot;thumbs&quot;:&quot;bottom&quot;,&quot;thumbsCaptions&quot;:false,&quot;thumbsBestFit&quot;:false,&quot;thumbsSmall&quot;:false,&quot;thumbsCaptionsAlign&quot;:&quot;default&quot;,&quot;info&quot;:&quot;bottom&quot;,&quot;infoVisible&quot;:true,&quot;infoOverlay&quot;:true,&quot;infoAlign&quot;:&quot;default&quot;,&quot;transition&quot;:&quot;fade&quot;,&quot;hoverButtons&quot;:false,&quot;fitMedia&quot;:false,&quot;noScrollbars&quot;:true,&quot;preserveButtonSpace&quot;:true,&quot;buttons&quot;:{&quot;fullscreen&quot;:true,&quot;info&quot;:true,&quot;thumbs&quot;:false},&quot;video&quot;:{&quot;autoPlay&quot;:true}}\" style=\"--fg-title-line-clamp: 1; --fg-description-line-clamp: 2;\" >\n\t<button type=\"button\" class=\"fg-carousel-prev\" title=\"Previous\"><\/button>\n\t<div class=\"fg-carousel-inner\">\n\t\t<div class=\"fg-carousel-center\"><\/div>\n\t\t<div class=\"fg-item fg-type-image fg-idle\"><figure class=\"fg-item-inner\"><a href=\"https:\/\/www.keturist.sk\/info\/wp-content\/uploads\/2021\/09\/ondava4.jpg\" data-caption-title=\"Rieka Ondava\" data-caption-desc=\"Rieka Ondava, Fotograf: Jozef Mare\u010dek (https:\/\/www.facebook.com\/jozef.marecek.94)\" data-attachment-id=\"42128\" data-type=\"image\" class=\"fg-thumb\"><span class=\"fg-image-wrap\"><img decoding=\"async\" alt=\"Rieka Ondava\" title=\"Rieka Ondava\" width=\"200\" height=\"200\" class=\"skip-lazy fg-image\" data-src-fg=\"https:\/\/www.keturist.sk\/info\/wp-content\/uploads\/cache\/2021\/09\/ondava4\/2352092505.jpg\" src=\"data:image\/svg+xml,%3Csvg%20xmlns%3D%22http%3A%2F%2Fwww.w3.org%2F2000%2Fsvg%22%20width%3D%22200%22%20height%3D%22200%22%20viewBox%3D%220%200%20200%20200%22%3E%3C%2Fsvg%3E\" loading=\"eager\"><\/span><span class=\"fg-image-overlay\"><\/span><\/a><figcaption class=\"fg-caption\"><div class=\"fg-caption-inner\"><div class=\"fg-caption-title\">Rieka Ondava<\/div><div class=\"fg-caption-desc\">Rieka Ondava, Fotograf: Jozef Mare\u010dek (https:\/\/www.facebook.com\/jozef.marecek.94)<\/div><\/div><\/figcaption><\/figure><div class=\"fg-loader\"><\/div><\/div><div class=\"fg-item fg-type-image fg-idle\"><figure class=\"fg-item-inner\"><a href=\"https:\/\/www.keturist.sk\/info\/wp-content\/uploads\/2021\/09\/ondava3.jpg\" data-caption-title=\"Rieka Ondava\" data-caption-desc=\"Rieka Ondava, Fotograf: Jozef Mare\u010dek (https:\/\/www.facebook.com\/jozef.marecek.94)\" data-attachment-id=\"42127\" data-type=\"image\" class=\"fg-thumb\"><span class=\"fg-image-wrap\"><img decoding=\"async\" alt=\"Rieka Ondava\" title=\"Rieka Ondava\" width=\"200\" height=\"200\" class=\"skip-lazy fg-image\" data-src-fg=\"https:\/\/www.keturist.sk\/info\/wp-content\/uploads\/cache\/2021\/09\/ondava3\/47869764.jpg\" src=\"data:image\/svg+xml,%3Csvg%20xmlns%3D%22http%3A%2F%2Fwww.w3.org%2F2000%2Fsvg%22%20width%3D%22200%22%20height%3D%22200%22%20viewBox%3D%220%200%20200%20200%22%3E%3C%2Fsvg%3E\" loading=\"eager\"><\/span><span class=\"fg-image-overlay\"><\/span><\/a><figcaption class=\"fg-caption\"><div class=\"fg-caption-inner\"><div class=\"fg-caption-title\">Rieka Ondava<\/div><div class=\"fg-caption-desc\">Rieka Ondava, Fotograf: Jozef Mare\u010dek (https:\/\/www.facebook.com\/jozef.marecek.94)<\/div><\/div><\/figcaption><\/figure><div class=\"fg-loader\"><\/div><\/div><div class=\"fg-item fg-type-image fg-idle\"><figure class=\"fg-item-inner\"><a href=\"https:\/\/www.keturist.sk\/info\/wp-content\/uploads\/2021\/09\/ondava2.jpg\" data-caption-title=\"Rieka Ondava\" data-caption-desc=\"Rieka Ondava, Fotograf: Jozef Mare\u010dek (https:\/\/www.facebook.com\/jozef.marecek.94)\" data-attachment-id=\"42126\" data-type=\"image\" class=\"fg-thumb\"><span class=\"fg-image-wrap\"><img decoding=\"async\" alt=\"Rieka Ondava\" title=\"Rieka Ondava\" width=\"200\" height=\"200\" class=\"skip-lazy fg-image\" data-src-fg=\"https:\/\/www.keturist.sk\/info\/wp-content\/uploads\/cache\/2021\/09\/ondava2\/49507283.jpg\" src=\"data:image\/svg+xml,%3Csvg%20xmlns%3D%22http%3A%2F%2Fwww.w3.org%2F2000%2Fsvg%22%20width%3D%22200%22%20height%3D%22200%22%20viewBox%3D%220%200%20200%20200%22%3E%3C%2Fsvg%3E\" loading=\"eager\"><\/span><span class=\"fg-image-overlay\"><\/span><\/a><figcaption class=\"fg-caption\"><div class=\"fg-caption-inner\"><div class=\"fg-caption-title\">Rieka Ondava<\/div><div class=\"fg-caption-desc\">Rieka Ondava, Fotograf: Jozef Mare\u010dek (https:\/\/www.facebook.com\/jozef.marecek.94)<\/div><\/div><\/figcaption><\/figure><div class=\"fg-loader\"><\/div><\/div><div class=\"fg-item fg-type-image fg-idle\"><figure class=\"fg-item-inner\"><a href=\"https:\/\/www.keturist.sk\/info\/wp-content\/uploads\/2021\/09\/ondava1.jpg\" data-caption-title=\"Rieka Ondava\" data-caption-desc=\"Rieka Ondava, Fotograf: Jozef Mare\u010dek (https:\/\/www.facebook.com\/jozef.marecek.94)\" data-attachment-id=\"42125\" data-type=\"image\" class=\"fg-thumb\"><span class=\"fg-image-wrap\"><img decoding=\"async\" alt=\"Rieka Ondava\" title=\"Rieka Ondava\" width=\"200\" height=\"200\" class=\"skip-lazy fg-image\" data-src-fg=\"https:\/\/www.keturist.sk\/info\/wp-content\/uploads\/cache\/2021\/09\/ondava1\/42493546.jpg\" src=\"data:image\/svg+xml,%3Csvg%20xmlns%3D%22http%3A%2F%2Fwww.w3.org%2F2000%2Fsvg%22%20width%3D%22200%22%20height%3D%22200%22%20viewBox%3D%220%200%20200%20200%22%3E%3C%2Fsvg%3E\" loading=\"eager\"><\/span><span class=\"fg-image-overlay\"><\/span><\/a><figcaption class=\"fg-caption\"><div class=\"fg-caption-inner\"><div class=\"fg-caption-title\">Rieka Ondava<\/div><div class=\"fg-caption-desc\">Rieka Ondava, Fotograf: Jozef Mare\u010dek (https:\/\/www.facebook.com\/jozef.marecek.94)<\/div><\/div><\/figcaption><\/figure><div class=\"fg-loader\"><\/div><\/div><div class=\"fg-item fg-type-image fg-idle\"><figure class=\"fg-item-inner\"><a href=\"https:\/\/www.keturist.sk\/info\/wp-content\/uploads\/2021\/09\/voda.jpg\" data-caption-desc=\"aktu\u00e1lne ceny si overte!!!!\" data-attachment-id=\"42124\" data-type=\"image\" class=\"fg-thumb\"><span class=\"fg-image-wrap\"><img decoding=\"async\" width=\"200\" height=\"200\" class=\"skip-lazy fg-image\" data-src-fg=\"https:\/\/www.keturist.sk\/info\/wp-content\/uploads\/cache\/2021\/09\/voda\/3059854867.jpg\" src=\"data:image\/svg+xml,%3Csvg%20xmlns%3D%22http%3A%2F%2Fwww.w3.org%2F2000%2Fsvg%22%20width%3D%22200%22%20height%3D%22200%22%20viewBox%3D%220%200%20200%20200%22%3E%3C%2Fsvg%3E\" loading=\"eager\"><\/span><span class=\"fg-image-overlay\"><\/span><\/a><figcaption class=\"fg-caption\"><div class=\"fg-caption-inner\"><div class=\"fg-caption-desc\">aktu\u00e1lne ceny si overte!!!!<\/div><\/div><\/figcaption><\/figure><div class=\"fg-loader\"><\/div><\/div>\t<\/div>\n\t<div class=\"fg-carousel-bottom\"><\/div>\n\t<div class=\"fg-carousel-progress\"><\/div>\n\t<button type=\"button\" class=\"fg-carousel-next\" title=\"Next\"><\/button>\n<\/div>\n<p>&nbsp;<\/p>\n","protected":false},"excerpt":{"rendered":"<p>Podkateg\u00f3ria: Lokaliz\u00e1cia: Doln\u00fd Zempl\u00edn Rieka Ondava\u00a0je jednou z najv\u00fdznamnej\u0161\u00edch riek na v\u00fdchodnom Slovensku, ktor\u00e1 sa tiahne d\u013a\u017ekou pribli\u017ene 125 km. T\u00fdm sa rad\u00ed na\u00a08. miesto\u00a0medzi\u00a0najdlh\u0161ie rieky na Slovensku. Svoj prame\u0148 [&hellip;]<\/p>\n","protected":false},"author":1,"featured_media":42127,"parent":39454,"menu_order":0,"comment_status":"closed","ping_status":"closed","template":"","meta":{"_uag_custom_page_level_css":"","_monsterinsights_skip_tracking":false,"_monsterinsights_sitenote_active":false,"_monsterinsights_sitenote_note":"","_monsterinsights_sitenote_category":0,"footnotes":""},"class_list":["post-42075","page","type-page","status-publish","has-post-thumbnail","hentry"],"featured_image_src":"https:\/\/www.keturist.sk\/info\/wp-content\/uploads\/2021\/09\/ondava3.jpg","featured_image_src_square":"https:\/\/www.keturist.sk\/info\/wp-content\/uploads\/2021\/09\/ondava3.jpg","rbea_author_info":{"display_name":"admin","author_link":"https:\/\/www.keturist.sk\/info\/author\/admin\/"},"rbea_excerpt_info":"Podkateg\u00f3ria: Lokaliz\u00e1cia: Doln\u00fd Zempl\u00edn Rieka Ondava\u00a0je jednou z najv\u00fdznamnej\u0161\u00edch riek na v\u00fdchodnom Slovensku, ktor\u00e1 sa tiahne d\u013a\u017ekou pribli\u017ene 125 km. T\u00fdm sa rad\u00ed na\u00a08. miesto\u00a0medzi\u00a0najdlh\u0161ie rieky na Slovensku. Svoj prame\u0148 [&hellip;]","uagb_featured_image_src":{"full":["https:\/\/www.keturist.sk\/info\/wp-content\/uploads\/2021\/09\/ondava3.jpg",1000,667,false],"thumbnail":["https:\/\/www.keturist.sk\/info\/wp-content\/uploads\/2021\/09\/ondava3-270x180.jpg",270,180,true],"medium":["https:\/\/www.keturist.sk\/info\/wp-content\/uploads\/2021\/09\/ondava3-800x534.jpg",800,534,true],"medium_large":["https:\/\/www.keturist.sk\/info\/wp-content\/uploads\/2021\/09\/ondava3-768x512.jpg",768,512,true],"large":["https:\/\/www.keturist.sk\/info\/wp-content\/uploads\/2021\/09\/ondava3.jpg",1000,667,false],"1536x1536":["https:\/\/www.keturist.sk\/info\/wp-content\/uploads\/2021\/09\/ondava3.jpg",1000,667,false],"2048x2048":["https:\/\/www.keturist.sk\/info\/wp-content\/uploads\/2021\/09\/ondava3.jpg",1000,667,false]},"uagb_author_info":{"display_name":"admin","author_link":"https:\/\/www.keturist.sk\/info\/author\/admin\/"},"uagb_comment_info":0,"uagb_excerpt":"Podkateg\u00f3ria: Lokaliz\u00e1cia: Doln\u00fd Zempl\u00edn Rieka Ondava\u00a0je jednou z najv\u00fdznamnej\u0161\u00edch riek na v\u00fdchodnom Slovensku, ktor\u00e1 sa tiahne d\u013a\u017ekou pribli\u017ene 125 km. T\u00fdm sa rad\u00ed na\u00a08. miesto\u00a0medzi\u00a0najdlh\u0161ie rieky na Slovensku. Svoj prame\u0148 [&hellip;]","_links":{"self":[{"href":"https:\/\/www.keturist.sk\/info\/wp-json\/wp\/v2\/pages\/42075","targetHints":{"allow":["GET"]}}],"collection":[{"href":"https:\/\/www.keturist.sk\/info\/wp-json\/wp\/v2\/pages"}],"about":[{"href":"https:\/\/www.keturist.sk\/info\/wp-json\/wp\/v2\/types\/page"}],"author":[{"embeddable":true,"href":"https:\/\/www.keturist.sk\/info\/wp-json\/wp\/v2\/users\/1"}],"replies":[{"embeddable":true,"href":"https:\/\/www.keturist.sk\/info\/wp-json\/wp\/v2\/comments?post=42075"}],"version-history":[{"count":19,"href":"https:\/\/www.keturist.sk\/info\/wp-json\/wp\/v2\/pages\/42075\/revisions"}],"predecessor-version":[{"id":72188,"href":"https:\/\/www.keturist.sk\/info\/wp-json\/wp\/v2\/pages\/42075\/revisions\/72188"}],"up":[{"embeddable":true,"href":"https:\/\/www.keturist.sk\/info\/wp-json\/wp\/v2\/pages\/39454"}],"wp:featuredmedia":[{"embeddable":true,"href":"https:\/\/www.keturist.sk\/info\/wp-json\/wp\/v2\/media\/42127"}],"wp:attachment":[{"href":"https:\/\/www.keturist.sk\/info\/wp-json\/wp\/v2\/media?parent=42075"}],"curies":[{"name":"wp","href":"https:\/\/api.w.org\/{rel}","templated":true}]}}