{"id":40818,"date":"2021-07-22T07:02:27","date_gmt":"2021-07-22T05:02:27","guid":{"rendered":"https:\/\/www.keturist.sk\/info\/?page_id=40818"},"modified":"2025-12-16T17:48:36","modified_gmt":"2025-12-16T16:48:36","slug":"narodna-prirodna-rezervacia-npr-senianske-rybniky","status":"publish","type":"page","link":"https:\/\/www.keturist.sk\/info\/kam-do-prirody\/kam-do-prirody-smer-zemplin\/ochrana-prirody\/narodna-prirodna-rezervacia-npr-senianske-rybniky\/","title":{"rendered":"N\u00e1rodn\u00e1 pr\u00edrodn\u00e1 rezerv\u00e1cia (NPR) Senianske rybn\u00edky"},"content":{"rendered":"<a href=\"https:\/\/www.keturist.sk\/info\/\" class=\"su-button su-button-style-default\" style=\"color:#000000;background-color:#FFCF2F;border-color:#cca626;border-radius:5px\" target=\"_self\"><span style=\"color:#000000;padding:6px 16px;font-size:13px;line-height:20px;border-color:#ffde6e;border-radius:5px;text-shadow:none\"><i class=\"sui sui-arrow-right\" style=\"font-size:13px;color:#000000\"><\/i>  Spravodaj <\/span><\/a>\n<a href=\"https:\/\/www.keturist.sk\/info\/tipy-na-vylety\/\" class=\"su-button su-button-style-default\" style=\"color:#000000;background-color:#FFCF2F;border-color:#cca626;border-radius:5px\" target=\"_self\"><span style=\"color:#000000;padding:6px 16px;font-size:13px;line-height:20px;border-color:#ffde6e;border-radius:5px;text-shadow:none\"><i class=\"sui sui-arrow-right\" style=\"font-size:13px;color:#000000\"><\/i>  TIPY NA V\u00ddLETY <\/span><\/a>\n<a href=\"https:\/\/www.keturist.sk\/info\/kam-do-prirody\/\" class=\"su-button su-button-style-default\" style=\"color:#000000;background-color:#FFCF2F;border-color:#cca626;border-radius:5px\" target=\"_self\"><span style=\"color:#000000;padding:6px 16px;font-size:13px;line-height:20px;border-color:#ffde6e;border-radius:5px;text-shadow:none\"><i class=\"sui sui-arrow-right\" style=\"font-size:13px;color:#000000\"><\/i>  Kam do pr\u00edrody <\/span><\/a>\n<a href=\"https:\/\/www.keturist.sk\/info\/kam-do-prirody\/kam-do-prirody-smer-zemplin\/\" class=\"su-button su-button-style-default\" style=\"color:#000000;background-color:#FFCF2F;border-color:#cca626;border-radius:5px\" target=\"_self\"><span style=\"color:#000000;padding:6px 16px;font-size:13px;line-height:20px;border-color:#ffde6e;border-radius:5px;text-shadow:none\"><i class=\"sui sui-arrow-right\" style=\"font-size:13px;color:#000000\"><\/i>  Smer Doln\u00fd Zempl\u00edn <\/span><\/a>\n<div class=\"su-divider su-divider-style-default\" style=\"margin:15px 0;border-width:0px;border-color:#000000\"><\/div>\n<strong>Podkateg\u00f3ria: <\/strong> <a href=\"https:\/\/www.keturist.sk\/info\/kam-do-prirody\/kam-do-prirody-smer-zemplin\/ochrana-prirody\/\" class=\"su-button su-button-style-default\" style=\"color:#000000;background-color:#afd144;border-color:#8ca837;border-radius:5px\" target=\"_self\"><span style=\"color:#000000;padding:6px 16px;font-size:13px;line-height:20px;border-color:#c7df7d;border-radius:5px;text-shadow:none\"><i class=\"sui sui-arrow-right\" style=\"font-size:13px;color:#000000\"><\/i>  Ochrana pr\u00edrody <\/span><\/a>\n<p><strong>Lokaliz\u00e1cia: <\/strong><a href=\"https:\/\/www.keturist.sk\/info\/vseobecne-informacie\/zemplin\/\"> Doln\u00fd Zempl\u00edn<\/a><\/p>\n<div class=\"su-divider su-divider-style-default\" style=\"margin:15px 0;border-width:2px;border-color:#000000\"><\/div>\n<figure id=\"attachment_40715\" aria-describedby=\"caption-attachment-40715\" style=\"width: 900px\" class=\"wp-caption aligncenter\"><a href=\"https:\/\/www.keturist.sk\/info\/wp-content\/uploads\/2021\/07\/senne-rybniky7.jpg\"><img loading=\"lazy\" decoding=\"async\" class=\"wp-image-40715\" src=\"https:\/\/www.keturist.sk\/info\/wp-content\/uploads\/2021\/07\/senne-rybniky7-800x534.jpg\" alt=\"N\u00e1rodn\u00e1 pr\u00edrodn\u00e1 rezerv\u00e1cia (NPR) Senianske rybn\u00edky\" width=\"900\" height=\"601\" srcset=\"https:\/\/www.keturist.sk\/info\/wp-content\/uploads\/2021\/07\/senne-rybniky7-800x534.jpg 800w, https:\/\/www.keturist.sk\/info\/wp-content\/uploads\/2021\/07\/senne-rybniky7-270x180.jpg 270w, https:\/\/www.keturist.sk\/info\/wp-content\/uploads\/2021\/07\/senne-rybniky7-768x513.jpg 768w, https:\/\/www.keturist.sk\/info\/wp-content\/uploads\/2021\/07\/senne-rybniky7.jpg 1000w\" sizes=\"auto, (max-width: 900px) 100vw, 900px\" \/><\/a><figcaption id=\"caption-attachment-40715\" class=\"wp-caption-text\">N\u00e1rodn\u00e1 pr\u00edrodn\u00e1 rezerv\u00e1cia (NPR) Senianske rybn\u00edky, Fotograf: Jozef Mare\u010dek (https:\/\/www.facebook.com\/jozef.marecek.94)<\/figcaption><\/figure>\n<div class=\"su-divider su-divider-style-default\" style=\"margin:15px 0;border-width:2px;border-color:#000000\"><\/div>\n<h2 class=\"ds-markdown-paragraph\"><span style=\"color: #800000;\">Kde sa nach\u00e1dza a ak\u00fd je v\u00fdznam chr\u00e1nen\u00e9ho \u00fazemia Senianske rybn\u00edky?<\/span><\/h2>\n<p class=\"ds-markdown-paragraph\"><strong>Senianske rybn\u00edky<\/strong>\u00a0s\u00fa pr\u00edrodnou rezerv\u00e1ciou s rozsiahlym ochrann\u00fdm p\u00e1smom, ktor\u00e9 zah\u0155\u0148a pri\u013eahl\u00e9 rybn\u00edky a mokrade.<\/p>\n<h2 class=\"ds-markdown-paragraph\"><span style=\"color: #800000;\">Ak\u00e9 s\u00fa ofici\u00e1lne \u00fadaje a rozloha Senianskych rybn\u00edkov?<\/span><\/h2>\n<p class=\"ds-markdown-paragraph\">Celkov\u00e1\u00a0<strong>v\u00fdmera chr\u00e1nen\u00e9ho \u00fazemia<\/strong>\u00a0je\u00a0<strong>2 133 100 m\u00b2<\/strong>. Okolo neho sa nach\u00e1dza\u00a0<strong>ochrann\u00e9 p\u00e1smo<\/strong>\u00a0s rozlohou\u00a0<strong>2 112 800 m\u00b2<\/strong>. \u00dazemie bolo vyhl\u00e1sen\u00e9 za chr\u00e1nen\u00e9 v roku\u00a0<strong>1955<\/strong>\u00a0a jeho pr\u00e1vny status bol naposledy novelizovan\u00fd v roku\u00a0<strong>1974<\/strong>.<\/p>\n<h2 class=\"ds-markdown-paragraph\"><span style=\"color: #800000;\">Kedy a ako boli Senianske rybn\u00edky ofici\u00e1lne chr\u00e1nen\u00e9?<\/span><\/h2>\n<p class=\"ds-markdown-paragraph\">Ochrana tohto\u00a0<strong>cenn\u00e9ho mokra\u010fov\u00e9ho \u00fazemia<\/strong>\u00a0bola ustanoven\u00e1\u00a0<strong>\u00dapravou Ministerstva kult\u00fary SSR \u010d. 3582\/1974-OP z 27.5.1974<\/strong>.<\/p>\n<p class=\"ds-markdown-paragraph\">P\u00f4vodn\u00fdm zria\u010fovac\u00edm org\u00e1nom bolo\u00a0<strong>Poveren\u00edctvo kult\u00fary, Ministerstvo kult\u00fary SSR<\/strong>.<\/p>\n<p class=\"ds-markdown-paragraph\">Chr\u00e1nen\u00e9 \u00fazemie spravuje\u00a0<strong>\u0160t\u00e1tna ochrana pr\u00edrody Slovenskej republiky<\/strong>, konkr\u00e9tne\u00a0<strong>\u0160OP &#8211; S CHKO Latorica<\/strong>.<\/p>\n<h2 class=\"ds-markdown-paragraph\"><span style=\"color: #800000;\">\u010co je hlavn\u00fdm predmetom ochrany v pr\u00edrodnej rezerv\u00e1cii Senianske rybn\u00edky?<\/span><\/h2>\n<p class=\"ds-markdown-paragraph\"><strong>Pr\u00edrodn\u00e1 rezerv\u00e1cia<\/strong>\u00a0bola vyhl\u00e1sen\u00e1 na\u00a0<strong>ochranu vz\u00e1cnych vodn\u00fdch biocen\u00f3z a vodn\u00e9ho vt\u00e1ctva<\/strong>\u00a0s d\u00f4razom na vedeckov\u00fdskumn\u00e9, n\u00e1u\u010dn\u00e9 a kult\u00farno-v\u00fdchovn\u00e9 ciele.<\/p>\n<p class=\"ds-markdown-paragraph\">Toto \u00fazemie predstavuje\u00a0<strong>v\u00fdznamn\u00fa migra\u010dn\u00fa trasu vodn\u00e9ho a pobre\u017en\u00e9ho vt\u00e1ctva<\/strong>\u00a0a sl\u00fa\u017ei ako\u00a0<strong>k\u013e\u00fa\u010dov\u00e1 oddychov\u00e1 lokalita<\/strong>\u00a0pre vt\u00e1ky po\u010das ich \u0165ahu.<\/p>\n<h2 class=\"ds-markdown-paragraph\"><span style=\"color: #800000;\"><strong>Ako je vymedzen\u00e9 ochrann\u00e9 p\u00e1smo Senianskych rybn\u00edkov?<\/strong><\/span><\/h2>\n<p class=\"ds-markdown-paragraph\"><strong>Ochrann\u00e9 p\u00e1smo<\/strong>\u00a0bolo vymedzen\u00e9 a vyhl\u00e1sen\u00e9 v s\u00falade s \u00a7 17, ods. 3 z\u00e1kona \u010d. 543\/2002 Z.z. o ochrane pr\u00edrody a krajiny. Stupe\u0148 ochrany cel\u00e9ho \u00fazemia je klasifikovan\u00fd ako\u00a0<strong>4. a 5. stupe\u0148<\/strong>, \u010do zodpoved\u00e1\u00a0<strong>n\u00e1rodnej pr\u00edrodnej rezerv\u00e1cii<\/strong>\u00a0s pr\u00edsnym re\u017eimom ochrany.<\/p>\n<h2 class=\"ds-markdown-paragraph\"><span style=\"color: #800000;\">V ktorom regi\u00f3ne a katastr\u00e1lnom \u00fazem\u00ed sa Senianske rybn\u00edky nach\u00e1dzaj\u00fa?<\/span><\/h2>\n<p class=\"ds-markdown-paragraph\">Toto\u00a0<strong>jedine\u010dn\u00e9 vodn\u00e9 \u00fazemie<\/strong>\u00a0sa nach\u00e1dza v\u00a0<strong>Ko\u0161ickom kraji<\/strong>, na \u00fazem\u00ed okresov\u00a0<strong>Sobrance<\/strong>\u00a0a\u00a0<strong>Michalovce<\/strong>. Konkr\u00e9tne le\u017e\u00ed v katastroch obc\u00ed\u00a0<strong>Blatn\u00e1 Polianka<\/strong>\u00a0a\u00a0<strong>I\u0148a\u010dovce<\/strong>.<\/p>\n<h2><span style=\"color: #800000;\">Fotogal\u00e9ria<\/span><\/h2>\n<style type=\"text\/css\">\n#foogallery-gallery-72173 .fg-image { width: 200px; }<\/style>\n\t\t\t<div class=\"foogallery foogallery-container foogallery-carousel foogallery-lightbox-foogallery fg-carousel fg-ready fg-light fg-border-medium fg-round-small fg-shadow-medium fg-loading-default fg-loaded-fade-in fg-hover-semi-zoomed fg-hover-fade fg-hover-circle-plus2\" id=\"foogallery-gallery-72173\" data-foogallery=\"{&quot;item&quot;:{&quot;showCaptionTitle&quot;:true,&quot;showCaptionDescription&quot;:true},&quot;lazy&quot;:true,&quot;template&quot;:{&quot;maxItems&quot;:5,&quot;scale&quot;:0.11999999999999999555910790149937383830547332763671875,&quot;gutter&quot;:{&quot;min&quot;:-40,&quot;max&quot;:-20,&quot;unit&quot;:&quot;%&quot;},&quot;autoplay&quot;:{&quot;time&quot;:0,&quot;interaction&quot;:&quot;pause&quot;},&quot;centerOnClick&quot;:true,&quot;align&quot;:&quot;center&quot;,&quot;activePosition&quot;:&quot;center&quot;}}\" data-foogallery-lightbox=\"{&quot;thumbs&quot;:&quot;bottom&quot;,&quot;thumbsCaptions&quot;:false,&quot;thumbsBestFit&quot;:false,&quot;thumbsSmall&quot;:false,&quot;thumbsCaptionsAlign&quot;:&quot;default&quot;,&quot;info&quot;:&quot;bottom&quot;,&quot;infoVisible&quot;:true,&quot;infoOverlay&quot;:true,&quot;infoAlign&quot;:&quot;default&quot;,&quot;transition&quot;:&quot;fade&quot;,&quot;hoverButtons&quot;:false,&quot;fitMedia&quot;:false,&quot;noScrollbars&quot;:true,&quot;preserveButtonSpace&quot;:true,&quot;buttons&quot;:{&quot;fullscreen&quot;:true,&quot;info&quot;:true,&quot;thumbs&quot;:false},&quot;video&quot;:{&quot;autoPlay&quot;:true}}\" style=\"--fg-title-line-clamp: 1; --fg-description-line-clamp: 2;\" >\n\t<button type=\"button\" class=\"fg-carousel-prev\" title=\"Previous\"><\/button>\n\t<div class=\"fg-carousel-inner\">\n\t\t<div class=\"fg-carousel-center\"><\/div>\n\t\t<div class=\"fg-item fg-type-image fg-idle\"><figure class=\"fg-item-inner\"><a href=\"https:\/\/www.keturist.sk\/info\/wp-content\/uploads\/2020\/05\/senne-rybniky4.jpg\" data-caption-title=\"Senianske rybn\u00edky\" data-caption-desc=\"Senianske rybn\u00edky, Fotograf: Jozef Mare\u010dek (https:\/\/www.facebook.com\/jozef.marecek.94)\" data-attachment-id=\"40703\" data-type=\"image\" class=\"fg-thumb\"><span class=\"fg-image-wrap\"><img decoding=\"async\" alt=\"Senianske rybn\u00edky\" title=\"Senianske rybn\u00edky\" width=\"200\" height=\"200\" class=\"skip-lazy fg-image\" data-src-fg=\"https:\/\/www.keturist.sk\/info\/wp-content\/uploads\/cache\/2020\/05\/senne-rybniky4\/208275725.jpg\" src=\"data:image\/svg+xml,%3Csvg%20xmlns%3D%22http%3A%2F%2Fwww.w3.org%2F2000%2Fsvg%22%20width%3D%22200%22%20height%3D%22200%22%20viewBox%3D%220%200%20200%20200%22%3E%3C%2Fsvg%3E\" loading=\"eager\"><\/span><span class=\"fg-image-overlay\"><\/span><\/a><figcaption class=\"fg-caption\"><div class=\"fg-caption-inner\"><div class=\"fg-caption-title\">Senianske rybn\u00edky<\/div><div class=\"fg-caption-desc\">Senianske rybn\u00edky, Fotograf: Jozef Mare\u010dek (https:\/\/www.facebook.com\/jozef.marecek.94)<\/div><\/div><\/figcaption><\/figure><div class=\"fg-loader\"><\/div><\/div><div class=\"fg-item fg-type-image fg-idle\"><figure class=\"fg-item-inner\"><a href=\"https:\/\/www.keturist.sk\/info\/wp-content\/uploads\/2021\/07\/senne-rybniky1.jpg\" data-caption-title=\"Senianske rybn\u00edky\" data-caption-desc=\"Senianske rybn\u00edky, Fotograf: Jozef Mare\u010dek (https:\/\/www.facebook.com\/jozef.marecek.94)\" data-attachment-id=\"40710\" data-type=\"image\" class=\"fg-thumb\"><span class=\"fg-image-wrap\"><img decoding=\"async\" alt=\"Senianske rybn\u00edky\" title=\"Senianske rybn\u00edky\" width=\"200\" height=\"200\" class=\"skip-lazy fg-image\" data-src-fg=\"https:\/\/www.keturist.sk\/info\/wp-content\/uploads\/cache\/2021\/07\/senne-rybniky1\/2913494807.jpg\" src=\"data:image\/svg+xml,%3Csvg%20xmlns%3D%22http%3A%2F%2Fwww.w3.org%2F2000%2Fsvg%22%20width%3D%22200%22%20height%3D%22200%22%20viewBox%3D%220%200%20200%20200%22%3E%3C%2Fsvg%3E\" loading=\"eager\"><\/span><span class=\"fg-image-overlay\"><\/span><\/a><figcaption class=\"fg-caption\"><div class=\"fg-caption-inner\"><div class=\"fg-caption-title\">Senianske rybn\u00edky<\/div><div class=\"fg-caption-desc\">Senianske rybn\u00edky, Fotograf: Jozef Mare\u010dek (https:\/\/www.facebook.com\/jozef.marecek.94)<\/div><\/div><\/figcaption><\/figure><div class=\"fg-loader\"><\/div><\/div><div class=\"fg-item fg-type-image fg-idle\"><figure class=\"fg-item-inner\"><a href=\"https:\/\/www.keturist.sk\/info\/wp-content\/uploads\/2021\/07\/senne-rybniky2.jpg\" data-caption-title=\"Senianske rybn\u00edky\" data-caption-desc=\"Senianske rybn\u00edky, Fotograf: Jozef Mare\u010dek (https:\/\/www.facebook.com\/jozef.marecek.94)\" data-attachment-id=\"40711\" data-type=\"image\" class=\"fg-thumb\"><span class=\"fg-image-wrap\"><img decoding=\"async\" alt=\"Senianske rybn\u00edky\" title=\"Senianske rybn\u00edky\" width=\"200\" height=\"200\" class=\"skip-lazy fg-image\" data-src-fg=\"https:\/\/www.keturist.sk\/info\/wp-content\/uploads\/cache\/2021\/07\/senne-rybniky2\/3891526861.jpg\" src=\"data:image\/svg+xml,%3Csvg%20xmlns%3D%22http%3A%2F%2Fwww.w3.org%2F2000%2Fsvg%22%20width%3D%22200%22%20height%3D%22200%22%20viewBox%3D%220%200%20200%20200%22%3E%3C%2Fsvg%3E\" loading=\"eager\"><\/span><span class=\"fg-image-overlay\"><\/span><\/a><figcaption class=\"fg-caption\"><div class=\"fg-caption-inner\"><div class=\"fg-caption-title\">Senianske rybn\u00edky<\/div><div class=\"fg-caption-desc\">Senianske rybn\u00edky, Fotograf: Jozef Mare\u010dek (https:\/\/www.facebook.com\/jozef.marecek.94)<\/div><\/div><\/figcaption><\/figure><div class=\"fg-loader\"><\/div><\/div><div class=\"fg-item fg-type-image fg-idle\"><figure class=\"fg-item-inner\"><a href=\"https:\/\/www.keturist.sk\/info\/wp-content\/uploads\/2021\/07\/senne-rybniky3.jpg\" data-caption-title=\"Senianske rybn\u00edky\" data-caption-desc=\"Senianske rybn\u00edky, Fotograf: Jozef Mare\u010dek (https:\/\/www.facebook.com\/jozef.marecek.94)\" data-attachment-id=\"40712\" data-type=\"image\" class=\"fg-thumb\"><span class=\"fg-image-wrap\"><img decoding=\"async\" alt=\"Senianske rybn\u00edky\" title=\"Senianske rybn\u00edky\" width=\"200\" height=\"200\" class=\"skip-lazy fg-image\" data-src-fg=\"https:\/\/www.keturist.sk\/info\/wp-content\/uploads\/cache\/2021\/07\/senne-rybniky3\/3176488537.jpg\" src=\"data:image\/svg+xml,%3Csvg%20xmlns%3D%22http%3A%2F%2Fwww.w3.org%2F2000%2Fsvg%22%20width%3D%22200%22%20height%3D%22200%22%20viewBox%3D%220%200%20200%20200%22%3E%3C%2Fsvg%3E\" loading=\"eager\"><\/span><span class=\"fg-image-overlay\"><\/span><\/a><figcaption class=\"fg-caption\"><div class=\"fg-caption-inner\"><div class=\"fg-caption-title\">Senianske rybn\u00edky<\/div><div class=\"fg-caption-desc\">Senianske rybn\u00edky, Fotograf: Jozef Mare\u010dek (https:\/\/www.facebook.com\/jozef.marecek.94)<\/div><\/div><\/figcaption><\/figure><div class=\"fg-loader\"><\/div><\/div><div class=\"fg-item fg-type-image fg-idle\"><figure class=\"fg-item-inner\"><a href=\"https:\/\/www.keturist.sk\/info\/wp-content\/uploads\/2021\/07\/senne-rybniky5.jpg\" data-caption-title=\"Senianske rybn\u00edky\" data-caption-desc=\"Senianske rybn\u00edky, Fotograf: Jozef Mare\u010dek (https:\/\/www.facebook.com\/jozef.marecek.94)\" data-attachment-id=\"40713\" data-type=\"image\" class=\"fg-thumb\"><span class=\"fg-image-wrap\"><img decoding=\"async\" alt=\"Senianske rybn\u00edky\" title=\"Senianske rybn\u00edky\" width=\"200\" height=\"200\" class=\"skip-lazy fg-image\" data-src-fg=\"https:\/\/www.keturist.sk\/info\/wp-content\/uploads\/cache\/2021\/07\/senne-rybniky5\/3220098023.jpg\" src=\"data:image\/svg+xml,%3Csvg%20xmlns%3D%22http%3A%2F%2Fwww.w3.org%2F2000%2Fsvg%22%20width%3D%22200%22%20height%3D%22200%22%20viewBox%3D%220%200%20200%20200%22%3E%3C%2Fsvg%3E\" loading=\"eager\"><\/span><span class=\"fg-image-overlay\"><\/span><\/a><figcaption class=\"fg-caption\"><div class=\"fg-caption-inner\"><div class=\"fg-caption-title\">Senianske rybn\u00edky<\/div><div class=\"fg-caption-desc\">Senianske rybn\u00edky, Fotograf: Jozef Mare\u010dek (https:\/\/www.facebook.com\/jozef.marecek.94)<\/div><\/div><\/figcaption><\/figure><div class=\"fg-loader\"><\/div><\/div><div class=\"fg-item fg-type-image fg-idle\"><figure class=\"fg-item-inner\"><a href=\"https:\/\/www.keturist.sk\/info\/wp-content\/uploads\/2021\/07\/senne-rybniky6.jpg\" data-caption-title=\"Senianske rybn\u00edky\" data-caption-desc=\"Senianske rybn\u00edky, Fotograf: Jozef Mare\u010dek (https:\/\/www.facebook.com\/jozef.marecek.94)\" data-attachment-id=\"40714\" data-type=\"image\" class=\"fg-thumb\"><span class=\"fg-image-wrap\"><img decoding=\"async\" alt=\"Senianske rybn\u00edky\" title=\"Senianske rybn\u00edky\" width=\"200\" height=\"200\" class=\"skip-lazy fg-image\" data-src-fg=\"https:\/\/www.keturist.sk\/info\/wp-content\/uploads\/cache\/2021\/07\/senne-rybniky6\/48042600.jpg\" src=\"data:image\/svg+xml,%3Csvg%20xmlns%3D%22http%3A%2F%2Fwww.w3.org%2F2000%2Fsvg%22%20width%3D%22200%22%20height%3D%22200%22%20viewBox%3D%220%200%20200%20200%22%3E%3C%2Fsvg%3E\" loading=\"eager\"><\/span><span class=\"fg-image-overlay\"><\/span><\/a><figcaption class=\"fg-caption\"><div class=\"fg-caption-inner\"><div class=\"fg-caption-title\">Senianske rybn\u00edky<\/div><div class=\"fg-caption-desc\">Senianske rybn\u00edky, Fotograf: Jozef Mare\u010dek (https:\/\/www.facebook.com\/jozef.marecek.94)<\/div><\/div><\/figcaption><\/figure><div class=\"fg-loader\"><\/div><\/div><div class=\"fg-item fg-type-image fg-idle\"><figure class=\"fg-item-inner\"><a href=\"https:\/\/www.keturist.sk\/info\/wp-content\/uploads\/2021\/07\/senne-rybniky7.jpg\" data-caption-title=\"Senianske rybn\u00edky\" data-caption-desc=\"Senianske rybn\u00edky, Fotograf: Jozef Mare\u010dek (https:\/\/www.facebook.com\/jozef.marecek.94)\" data-attachment-id=\"40715\" data-type=\"image\" class=\"fg-thumb\"><span class=\"fg-image-wrap\"><img decoding=\"async\" alt=\"Senianske rybn\u00edky\" title=\"Senianske rybn\u00edky\" width=\"200\" height=\"200\" class=\"skip-lazy fg-image\" data-src-fg=\"https:\/\/www.keturist.sk\/info\/wp-content\/uploads\/cache\/2021\/07\/senne-rybniky7\/178491087.jpg\" src=\"data:image\/svg+xml,%3Csvg%20xmlns%3D%22http%3A%2F%2Fwww.w3.org%2F2000%2Fsvg%22%20width%3D%22200%22%20height%3D%22200%22%20viewBox%3D%220%200%20200%20200%22%3E%3C%2Fsvg%3E\" loading=\"eager\"><\/span><span class=\"fg-image-overlay\"><\/span><\/a><figcaption class=\"fg-caption\"><div class=\"fg-caption-inner\"><div class=\"fg-caption-title\">Senianske rybn\u00edky<\/div><div class=\"fg-caption-desc\">Senianske rybn\u00edky, Fotograf: Jozef Mare\u010dek (https:\/\/www.facebook.com\/jozef.marecek.94)<\/div><\/div><\/figcaption><\/figure><div class=\"fg-loader\"><\/div><\/div>\t<\/div>\n\t<div class=\"fg-carousel-bottom\"><\/div>\n\t<div class=\"fg-carousel-progress\"><\/div>\n\t<button type=\"button\" class=\"fg-carousel-next\" title=\"Next\"><\/button>\n<\/div>\n<h2><span style=\"color: #800000;\">Zauj\u00edmav\u00e9 odkazy<\/span><\/h2>\n<h3><span style=\"color: #808000;\">Bl\u00edzke stredisko, turistick\u00e9 centrum, obec alebo mesto:<\/span><\/h3>\n<ul>\n<li>Obec Senn\u00e9 (\u010d\u00edtaj viac&#8230;)<\/li>\n<\/ul>\n<h2><span style=\"color: #800000;\">Mapy<\/span><\/h2>\n<p><strong>Vrstvy: <\/strong>Turistick\u00e1 mapa, Automapa, Cyklomapa, Ly\u017eiarska mapa, Satelitn\u00e1 mapa a OpenStreetMap.<\/p>\n<p><strong>Kliknut\u00edm na logo &#8222;Freemap.sk&#8220; sa V\u00e1m mapa zobraz\u00ed na celej ploche obrazovky.<\/strong><\/p>\n<p><iframe style=\"width: 900px; height: 617px;\" src=\"https:\/\/www.freemap.sk\/?map=14\/48.696095\/22.082852&amp;info-point=48.696095\/22.082852,NPR Senianske rybn\u00edky&amp;layers=X&amp;embed=search\" allowfullscreen=\"allowfullscreen\"><span data-mce-type=\"bookmark\" style=\"display: inline-block; width: 0px; overflow: hidden; line-height: 0;\" class=\"mce_SELRES_start\">\ufeff<\/span><\/iframe><\/p>\n<div>\n<h2><span style=\"color: #800000;\">Po\u010dasie<\/span><\/h2>\n<p><iframe style=\"width: 900px; height: 617px;\" src=\"https:\/\/www.meteoblue.com\/sk\/po%C4%8Dasie\/widget\/three\/senn%c3%a9_slovensko_723625?geoloc=fixed&amp;nocurrent=0&amp;noforecast=0&amp;days=7&amp;tempunit=CELSIUS&amp;windunit=KILOMETER_PER_HOUR&amp;layout=image\" frameborder=\"0\" scrolling=\"NO\" sandbox=\"allow-same-origin allow-scripts allow-popups allow-popups-to-escape-sandbox\"><\/iframe><\/p>\n<div><!-- DO NOT REMOVE THIS LINK --><a href=\"https:\/\/www.meteoblue.com\/sk\/po%C4%8Dasie\/t%C3%BD%C5%BEde%C5%88\/senn%c3%a9_slovensko_723625?utm_source=weather_widget&amp;utm_medium=linkus&amp;utm_content=three&amp;utm_campaign=Weather%2BWidget\" target=\"_blank\" rel=\"noopener\">meteoblue<\/a><\/div>\n<\/div>\n<p><strong>Zdroj Info:<\/strong> <a href=\"http:\/\/uzemia.enviroportal.sk\/main\/detail\/cislo\/668\" target=\"_blank\" rel=\"noopener\">http:\/\/uzemia.enviroportal.sk\/main\/detail\/cislo\/668<\/a><\/p>\n","protected":false},"excerpt":{"rendered":"<p>Podkateg\u00f3ria: Lokaliz\u00e1cia: Doln\u00fd Zempl\u00edn Kde sa nach\u00e1dza a ak\u00fd je v\u00fdznam chr\u00e1nen\u00e9ho \u00fazemia Senianske rybn\u00edky? Senianske rybn\u00edky\u00a0s\u00fa pr\u00edrodnou rezerv\u00e1ciou s rozsiahlym ochrann\u00fdm p\u00e1smom, ktor\u00e9 zah\u0155\u0148a pri\u013eahl\u00e9 rybn\u00edky a mokrade. Ak\u00e9 [&hellip;]<\/p>\n","protected":false},"author":1,"featured_media":40714,"parent":40815,"menu_order":0,"comment_status":"closed","ping_status":"closed","template":"","meta":{"_uag_custom_page_level_css":"","_monsterinsights_skip_tracking":false,"_monsterinsights_sitenote_active":false,"_monsterinsights_sitenote_note":"","_monsterinsights_sitenote_category":0,"footnotes":""},"class_list":["post-40818","page","type-page","status-publish","has-post-thumbnail","hentry"],"featured_image_src":"https:\/\/www.keturist.sk\/info\/wp-content\/uploads\/2021\/07\/senne-rybniky6.jpg","featured_image_src_square":"https:\/\/www.keturist.sk\/info\/wp-content\/uploads\/2021\/07\/senne-rybniky6.jpg","rbea_author_info":{"display_name":"admin","author_link":"https:\/\/www.keturist.sk\/info\/author\/admin\/"},"rbea_excerpt_info":"Podkateg\u00f3ria: Lokaliz\u00e1cia: Doln\u00fd Zempl\u00edn Kde sa nach\u00e1dza a ak\u00fd je v\u00fdznam chr\u00e1nen\u00e9ho \u00fazemia Senianske rybn\u00edky? Senianske rybn\u00edky\u00a0s\u00fa pr\u00edrodnou rezerv\u00e1ciou s rozsiahlym ochrann\u00fdm p\u00e1smom, ktor\u00e9 zah\u0155\u0148a pri\u013eahl\u00e9 rybn\u00edky a mokrade. Ak\u00e9 [&hellip;]","uagb_featured_image_src":{"full":["https:\/\/www.keturist.sk\/info\/wp-content\/uploads\/2021\/07\/senne-rybniky6.jpg",1000,667,false],"thumbnail":["https:\/\/www.keturist.sk\/info\/wp-content\/uploads\/2021\/07\/senne-rybniky6-270x180.jpg",270,180,true],"medium":["https:\/\/www.keturist.sk\/info\/wp-content\/uploads\/2021\/07\/senne-rybniky6-800x534.jpg",800,534,true],"medium_large":["https:\/\/www.keturist.sk\/info\/wp-content\/uploads\/2021\/07\/senne-rybniky6-768x512.jpg",768,512,true],"large":["https:\/\/www.keturist.sk\/info\/wp-content\/uploads\/2021\/07\/senne-rybniky6.jpg",1000,667,false],"1536x1536":["https:\/\/www.keturist.sk\/info\/wp-content\/uploads\/2021\/07\/senne-rybniky6.jpg",1000,667,false],"2048x2048":["https:\/\/www.keturist.sk\/info\/wp-content\/uploads\/2021\/07\/senne-rybniky6.jpg",1000,667,false]},"uagb_author_info":{"display_name":"admin","author_link":"https:\/\/www.keturist.sk\/info\/author\/admin\/"},"uagb_comment_info":0,"uagb_excerpt":"Podkateg\u00f3ria: Lokaliz\u00e1cia: Doln\u00fd Zempl\u00edn Kde sa nach\u00e1dza a ak\u00fd je v\u00fdznam chr\u00e1nen\u00e9ho \u00fazemia Senianske rybn\u00edky? Senianske rybn\u00edky\u00a0s\u00fa pr\u00edrodnou rezerv\u00e1ciou s rozsiahlym ochrann\u00fdm p\u00e1smom, ktor\u00e9 zah\u0155\u0148a pri\u013eahl\u00e9 rybn\u00edky a mokrade. Ak\u00e9 [&hellip;]","_links":{"self":[{"href":"https:\/\/www.keturist.sk\/info\/wp-json\/wp\/v2\/pages\/40818","targetHints":{"allow":["GET"]}}],"collection":[{"href":"https:\/\/www.keturist.sk\/info\/wp-json\/wp\/v2\/pages"}],"about":[{"href":"https:\/\/www.keturist.sk\/info\/wp-json\/wp\/v2\/types\/page"}],"author":[{"embeddable":true,"href":"https:\/\/www.keturist.sk\/info\/wp-json\/wp\/v2\/users\/1"}],"replies":[{"embeddable":true,"href":"https:\/\/www.keturist.sk\/info\/wp-json\/wp\/v2\/comments?post=40818"}],"version-history":[{"count":9,"href":"https:\/\/www.keturist.sk\/info\/wp-json\/wp\/v2\/pages\/40818\/revisions"}],"predecessor-version":[{"id":72212,"href":"https:\/\/www.keturist.sk\/info\/wp-json\/wp\/v2\/pages\/40818\/revisions\/72212"}],"up":[{"embeddable":true,"href":"https:\/\/www.keturist.sk\/info\/wp-json\/wp\/v2\/pages\/40815"}],"wp:featuredmedia":[{"embeddable":true,"href":"https:\/\/www.keturist.sk\/info\/wp-json\/wp\/v2\/media\/40714"}],"wp:attachment":[{"href":"https:\/\/www.keturist.sk\/info\/wp-json\/wp\/v2\/media?parent=40818"}],"curies":[{"name":"wp","href":"https:\/\/api.w.org\/{rel}","templated":true}]}}