{"id":3491,"date":"2013-11-09T19:33:26","date_gmt":"2013-11-09T17:33:26","guid":{"rendered":"https:\/\/www.keturist.sk\/info\/?page_id=3491"},"modified":"2021-11-18T18:05:31","modified_gmt":"2021-11-18T17:05:31","slug":"obec-dargov","status":"publish","type":"page","link":"https:\/\/www.keturist.sk\/info\/turisticke-vychodiska\/smer-slanske-vrchy\/obec-dargov\/","title":{"rendered":"Obec Dargov"},"content":{"rendered":"<a href=\"https:\/\/www.keturist.sk\/info\/\" class=\"su-button su-button-style-default\" style=\"color:#000000;background-color:#FFCF2F;border-color:#cca626;border-radius:5px\" target=\"_self\"><span style=\"color:#000000;padding:6px 16px;font-size:13px;line-height:20px;border-color:#ffde6e;border-radius:5px;text-shadow:none\"><i class=\"sui sui-arrow-right\" style=\"font-size:13px;color:#000000\"><\/i>  Spravodaj <\/span><\/a>\n<a href=\"https:\/\/www.keturist.sk\/info\/tipy-na-vylety\/\" class=\"su-button su-button-style-default\" style=\"color:#000000;background-color:#FFCF2F;border-color:#cca626;border-radius:5px\" target=\"_self\"><span style=\"color:#000000;padding:6px 16px;font-size:13px;line-height:20px;border-color:#ffde6e;border-radius:5px;text-shadow:none\"><i class=\"sui sui-arrow-right\" style=\"font-size:13px;color:#000000\"><\/i>  TIPY NA V\u00ddLETY <\/span><\/a>\n<a href=\"https:\/\/www.keturist.sk\/info\/turisticke-vychodiska\/\" class=\"su-button su-button-style-default\" style=\"color:#000000;background-color:#FFCF2F;border-color:#cca626;border-radius:5px\" target=\"_self\"><span style=\"color:#000000;padding:6px 16px;font-size:13px;line-height:20px;border-color:#ffde6e;border-radius:5px;text-shadow:none\"><i class=\"sui sui-arrow-right\" style=\"font-size:13px;color:#000000\"><\/i>  Turistick\u00e9 v\u00fdchodisk\u00e1 <\/span><\/a>\n<a href=\"https:\/\/www.keturist.sk\/info\/turisticke-vychodiska\/smer-slanske-vrchy\/\" class=\"su-button su-button-style-default\" style=\"color:#000000;background-color:#FFCF2F;border-color:#cca626;border-radius:5px\" target=\"_self\"><span style=\"color:#000000;padding:6px 16px;font-size:13px;line-height:20px;border-color:#ffde6e;border-radius:5px;text-shadow:none\"><i class=\"sui sui-arrow-right\" style=\"font-size:13px;color:#000000\"><\/i>  Smer Slansk\u00e9 vrchy <\/span><\/a>\n<div class=\"su-divider su-divider-style-default\" style=\"margin:15px 0;border-width:2px;border-color:#000000\"><\/div>\n<div class=\"su-accordion su-u-trim\">\n<div class=\"su-spoiler su-spoiler-style-fancy su-spoiler-icon-plus su-spoiler-closed\" data-scroll-offset=\"0\" data-anchor-in-url=\"no\"><div class=\"su-spoiler-title\" tabindex=\"0\" role=\"button\"><span class=\"su-spoiler-icon\"><\/span>Textov\u00e9 menu - Turistick\u00e9 v\u00fdchodisk\u00e1 - Slansk\u00e9 vrchy - juh<\/div><div class=\"su-spoiler-content su-u-clearfix su-u-trim\">\n<code><div class=\"column-group columns-2\"><div class=\"column column-number-1 column-span-1\"><p><\/code><strong>\u0160portovo-rekrea\u010dn\u00e9 stredisk\u00e1: <\/strong><br \/>\n<a href=\"https:\/\/www.keturist.sk\/info\/smer-slanske-vrchy\/kupele-borda\/\">K\u00fapele Borda<\/a><br \/>\n<a href=\"https:\/\/www.keturist.sk\/info\/smer-slanske-vrchy\/obec-bysta-bysta-kupele\/\">K\u00fapele By\u0161ta-Obec By\u0161ta<\/a><br \/>\n<a href=\"https:\/\/www.keturist.sk\/info\/smer-slanske-vrchy\/rekreacne-stredisko-izra\/\">Stredisko Izra<\/a><br \/>\n<strong>Obce:<\/strong><br \/>\n<a href=\"https:\/\/www.keturist.sk\/info\/smer-slanske-vrchy\/obec-dargov\/\">Dargov<\/a><br \/>\n<a href=\"https:\/\/www.keturist.sk\/info\/smer-slanske-vrchy\/obec-herlany\/\">Her\u013eany<\/a><\/p>\n<\/div><div class=\"column column-number-2 last column-span-1\"><p><a href=\"https:\/\/www.keturist.sk\/info\/smer-slanske-vrchy\/obec-kalsa\/\">Obec Kal\u0161a<\/a><br \/>\n<a href=\"https:\/\/www.keturist.sk\/info\/kam-za-pamiatkami\/kam-za-pamiatkami-smer-slanske-vrchy\/obec-nizna-mysla\/\">Ni\u017en\u00e1 My\u0161\u013ea<\/a><br \/>\n<a href=\"https:\/\/www.keturist.sk\/info\/smer-slanske-vrchy\/obec-ruskov\/\">Ruskov<\/a><br \/>\n<a href=\"https:\/\/www.keturist.sk\/info\/smer-slanske-vrchy\/obec-skaros\/\">Sk\u00e1ro\u0161<\/a><br \/>\n<a href=\"https:\/\/www.keturist.sk\/info\/smer-slanske-vrchy\/obec-slanec\/\">Slanec<\/a><br \/>\n<a href=\"https:\/\/www.keturist.sk\/info\/smer-slanske-vrchy\/obec-slanska-huta\/\">Slansk\u00e1 Huta<\/a><br \/>\n<a href=\"https:\/\/www.keturist.sk\/info\/smer-slanske-vrchy\/obec-vysna-mysla\/\">Vy\u0161n\u00e1 My\u0161\u013ea<\/a><\/p>\n<\/div><\/div><\/div><\/div><\/div>\n<div class=\"su-divider su-divider-style-default\" style=\"margin:15px 0;border-width:2px;border-color:#000000\"><\/div>\n<h3><span style=\"color: #808000;\">V\u0161eobecn\u00e9 inform\u00e1cie<\/span><\/h3>\n<p>Obec Dargov le\u017e\u00ed medzi v\u00fdbe\u017ekami strednej \u010dasti Slansk\u00fdch vrchov, v\u00a0hornej \u010dasti doliny potoka <strong>Trnavka<\/strong>, v\u00a0nadmorskej v\u00fd\u0161ke 260\u00a0m.<\/p>\n<figure id=\"attachment_38631\" aria-describedby=\"caption-attachment-38631\" style=\"width: 800px\" class=\"wp-caption aligncenter\"><a href=\"https:\/\/www.keturist.sk\/info\/wp-content\/uploads\/2021\/02\/dargov-kostol.png\"><img loading=\"lazy\" decoding=\"async\" class=\"wp-image-38631 size-medium\" src=\"https:\/\/www.keturist.sk\/info\/wp-content\/uploads\/2021\/02\/dargov-kostol-800x534.png\" alt=\"\" width=\"800\" height=\"534\" srcset=\"https:\/\/www.keturist.sk\/info\/wp-content\/uploads\/2021\/02\/dargov-kostol-800x534.png 800w, https:\/\/www.keturist.sk\/info\/wp-content\/uploads\/2021\/02\/dargov-kostol-270x180.png 270w, https:\/\/www.keturist.sk\/info\/wp-content\/uploads\/2021\/02\/dargov-kostol-768x513.png 768w, https:\/\/www.keturist.sk\/info\/wp-content\/uploads\/2021\/02\/dargov-kostol.png 849w\" sizes=\"auto, (max-width: 800px) 100vw, 800px\" \/><\/a><figcaption id=\"caption-attachment-38631\" class=\"wp-caption-text\">Gr\u00e9ckokatol\u00edcky kostol Panny M\u00e1rie<\/figcaption><\/figure>\n<p>S Dargovom sa \u00fazko sp\u00e1ja aj pamiatka na krutosti 2.svetovej vojny.<\/p>\n<p>Obec bola po\u010das bojov o <a href=\"https:\/\/www.keturist.sk\/info\/vrchy-skaly-a-sedla\/dargovsky-priesmyk\/\">Dargovsk\u00fd priesmyk<\/a> takmer zni\u010den\u00e1.<\/p>\n<figure id=\"attachment_35806\" aria-describedby=\"caption-attachment-35806\" style=\"width: 800px\" class=\"wp-caption aligncenter\"><a href=\"https:\/\/www.keturist.sk\/info\/wp-content\/uploads\/2020\/11\/dargov2.png\"><img loading=\"lazy\" decoding=\"async\" class=\"wp-image-35806 size-full\" src=\"https:\/\/www.keturist.sk\/info\/wp-content\/uploads\/2020\/11\/dargov2.png\" alt=\"\" width=\"800\" height=\"578\" srcset=\"https:\/\/www.keturist.sk\/info\/wp-content\/uploads\/2020\/11\/dargov2.png 800w, https:\/\/www.keturist.sk\/info\/wp-content\/uploads\/2020\/11\/dargov2-249x180.png 249w, https:\/\/www.keturist.sk\/info\/wp-content\/uploads\/2020\/11\/dargov2-768x555.png 768w\" sizes=\"auto, (max-width: 800px) 100vw, 800px\" \/><\/a><figcaption id=\"caption-attachment-35806\" class=\"wp-caption-text\">Obec Dargov &#8211; sedliacky dom<\/figcaption><\/figure>\n<p>\u010cerven\u00e1 arm\u00e1da v <a href=\"https:\/\/www.keturist.sk\/info\/vrchy-skaly-a-sedla\/dargovsky-priesmyk\/?fbclid=IwAR3AdU2qefDQ2f2LxbE6QjJlOWU1YAN2dXyyRzBNakvLUIBbHv2XNfWZ6sI\">Dargovskom priesmyku<\/a> a jeho okol\u00ed stratila v bojoch cez 3000 vojakov.<\/p>\n<p>Straty Wehrmachtu boli s oh\u013eadom na dobre vybudovan\u00fa obranu nieko\u013ekokr\u00e1t ni\u017e\u0161ie.<\/p>\n<figure id=\"attachment_35807\" aria-describedby=\"caption-attachment-35807\" style=\"width: 800px\" class=\"wp-caption aligncenter\"><a href=\"https:\/\/www.keturist.sk\/info\/wp-content\/uploads\/2020\/11\/darg.jpg\"><img loading=\"lazy\" decoding=\"async\" class=\"wp-image-35807 size-full\" src=\"https:\/\/www.keturist.sk\/info\/wp-content\/uploads\/2020\/11\/darg.jpg\" alt=\"\" width=\"800\" height=\"473\" srcset=\"https:\/\/www.keturist.sk\/info\/wp-content\/uploads\/2020\/11\/darg.jpg 800w, https:\/\/www.keturist.sk\/info\/wp-content\/uploads\/2020\/11\/darg-270x160.jpg 270w, https:\/\/www.keturist.sk\/info\/wp-content\/uploads\/2020\/11\/darg-768x454.jpg 768w\" sizes=\"auto, (max-width: 800px) 100vw, 800px\" \/><\/a><figcaption id=\"caption-attachment-35807\" class=\"wp-caption-text\">koliba<\/figcaption><\/figure>\n<p>Nehyn\u00faca spomienka na tie \u010dasy je <strong>pam\u00e4tn\u00edk \u201eV\u00ed\u0165azstva\u201c<\/strong>, postaven\u00fd na vrchole priesmyku.<\/p>\n<p>Bl\u00edzko obce sa nach\u00e1dza <strong>ly\u017eiarsky vlek \u010cerven\u00e1<\/strong> a rekrea\u010dn\u00e9 stredisko <strong>Biele Studni\u010dky<\/strong>, ktor\u00e9 sa nach\u00e1dza asi 1,5 km z\u00e1padne od obce Dargov.<\/p>\n<p>Ubytovacie mo\u017enosti poskytuje v stredisku\u00a0hotel, v ktorom sa nach\u00e1dza baz\u00e9n, tenisov\u00fd kurt, volejbalov\u00e9 a futbalov\u00e9 ihrisko.<\/p>\n<p>Stravovacie mo\u017enosti poskytuje v stredisku\u00a0aj motorest.<\/p>\n<p>Nach\u00e1dza sa tu odpo\u010d\u00edvadlo, parkovisko pre kami\u00f3ny a \u010derpacia stanica.<\/p>\n<p>V obci sa nach\u00e1dza aj <strong>autokrosov\u00fd are\u00e1l<\/strong>, kde sa konaj\u00fa ka\u017edoro\u010dne aj medzin\u00e1rodn\u00e9 preteky.<\/p>\n<p>V jesennom obdob\u00ed sa v <b>autokrosovom are\u00e1ly<\/b>\u00a0uskuto\u010d\u0148uj\u00fa Majstrov\u00e1 Slovenska v autokrose.<\/p>\n<p>Obec v spolupr\u00e1ci so svojimi ob\u010danmi organizuje r\u00f4zne spolo\u010densk\u00e9 a kult\u00farne podujatia.<\/p>\n<p>V\u00fdznamn\u00fdm kult\u00farnym po\u010dinom je ka\u017edoro\u010dn\u00e9 organizovanie medzin\u00e1rodn\u00e9ho folkl\u00f3rneho festivalu <strong>Poddargovsk\u00fdch folkl\u00f3rnych sl\u00e1vnosti<\/strong> v miestnom\u00a0<strong>letnom amfite\u00e1tri<\/strong>.<\/p>\n<p>Svoje miesto v kult\u00farnom \u017eivote obce m\u00e1 folkl\u00f3rna skupina<a href=\"http:\/\/www.obecdargov.sk\/-kultura\" target=\"_blank\" rel=\"noopener noreferrer\"> Dubiny<\/a>, ktor\u00e1 reprezentuje obec nielen v \u0161irokom okol\u00ed, ale aj v zahrani\u010d\u00ed.<\/p>\n<p>Zauj\u00edmav\u00fdmi dominantami dediny s\u00fa dva kostoly, <strong>gr\u00e9ckokatol\u00edcky je zasv\u00e4ten\u00fd Panne M\u00e1ri\u00ed Matke ustavi\u010dnej pomoci<\/strong> a <strong>r\u00edmskokatol\u00edcky Bo\u017esk\u00e9mu srdcu Je\u017ei\u0161ovmu<\/strong>.<\/p>\n<h3><span style=\"color: #808000;\">Turistick\u00e9 ciele<\/span><\/h3>\n<p>Okolie obce pon\u00faka ve\u013ea rekrea\u010dn\u00fdch a turistick\u00fdch mo\u017enost\u00ed.<\/p>\n<figure id=\"attachment_25826\" aria-describedby=\"caption-attachment-25826\" style=\"width: 800px\" class=\"wp-caption aligncenter\"><a href=\"https:\/\/www.keturist.sk\/info\/wp-content\/uploads\/2018\/07\/dargov.png\"><img loading=\"lazy\" decoding=\"async\" class=\"wp-image-25826 size-medium\" src=\"https:\/\/www.keturist.sk\/info\/wp-content\/uploads\/2018\/07\/dargov-800x523.png\" alt=\"\" width=\"800\" height=\"523\" srcset=\"https:\/\/www.keturist.sk\/info\/wp-content\/uploads\/2018\/07\/dargov-800x523.png 800w, https:\/\/www.keturist.sk\/info\/wp-content\/uploads\/2018\/07\/dargov-270x176.png 270w, https:\/\/www.keturist.sk\/info\/wp-content\/uploads\/2018\/07\/dargov-768x502.png 768w, https:\/\/www.keturist.sk\/info\/wp-content\/uploads\/2018\/07\/dargov-400x261.png 400w, https:\/\/www.keturist.sk\/info\/wp-content\/uploads\/2018\/07\/dargov.png 1056w\" sizes=\"auto, (max-width: 800px) 100vw, 800px\" \/><\/a><figcaption id=\"caption-attachment-25826\" class=\"wp-caption-text\">Dargovsk\u00fd priesmyk (zdroj: www.eastern-slovakia.com)<\/figcaption><\/figure>\n<p>Kr\u00e1sy pr\u00edrody l\u00e1kaj\u00fa n\u00e1v\u0161tevn\u00edkov na turistiku po vyzna\u010den\u00fdch chodn\u00edkoch v <a href=\"https:\/\/www.keturist.sk\/info\/okolite-hory\/slanske-vrchy\/\">Slanskom pohor\u00ed<\/a>.<\/p>\n<p>V obci za\u010d\u00edna <img loading=\"lazy\" decoding=\"async\" class=\"alignnone wp-image-21625 size-full\" src=\"https:\/\/www.keturist.sk\/info\/wp-content\/uploads\/2013\/11\/zlta.png\" alt=\"\" width=\"20\" height=\"21\" srcset=\"https:\/\/www.keturist.sk\/info\/wp-content\/uploads\/2013\/11\/zlta.png 20w, https:\/\/www.keturist.sk\/info\/wp-content\/uploads\/2013\/11\/zlta-19x20.png 19w\" sizes=\"auto, (max-width: 20px) 100vw, 20px\" \/> \u017elt\u00e1 turistick\u00e1 trasa ved\u00faca <a href=\"https:\/\/www.keturist.sk\/info\/doliny\/backovska-dolina\/\">Ba\u010dkovskou dolinou<\/a>, kde sa nach\u00e1dza <a href=\"https:\/\/www.keturist.sk\/info\/ochrana-prirody\/npr-backovska-dolina\/\">NPR Ba\u010dkovsk\u00e1 dolina<\/a> a zr\u00facanina <a href=\"https:\/\/www.keturist.sk\/info\/hrady-a-kastiele\/hrad-braniaev-paruaayan\/\">hradu Brani\u010dev &#8211; Paru\u0161\u0165an<\/a>.<\/p>\n<figure id=\"attachment_35801\" aria-describedby=\"caption-attachment-35801\" style=\"width: 800px\" class=\"wp-caption aligncenter\"><a href=\"https:\/\/www.keturist.sk\/info\/wp-content\/uploads\/2020\/11\/parustan1.jpg\"><img loading=\"lazy\" decoding=\"async\" class=\"wp-image-35801 size-medium\" src=\"https:\/\/www.keturist.sk\/info\/wp-content\/uploads\/2020\/11\/parustan1-800x450.jpg\" alt=\"\" width=\"800\" height=\"450\" srcset=\"https:\/\/www.keturist.sk\/info\/wp-content\/uploads\/2020\/11\/parustan1-800x450.jpg 800w, https:\/\/www.keturist.sk\/info\/wp-content\/uploads\/2020\/11\/parustan1-270x152.jpg 270w, https:\/\/www.keturist.sk\/info\/wp-content\/uploads\/2020\/11\/parustan1-768x432.jpg 768w, https:\/\/www.keturist.sk\/info\/wp-content\/uploads\/2020\/11\/parustan1.jpg 1000w\" sizes=\"auto, (max-width: 800px) 100vw, 800px\" \/><\/a><figcaption id=\"caption-attachment-35801\" class=\"wp-caption-text\">Hrad Brani\u010dev &#8211; Paru\u0161\u0165an, fotograf: Marcin\u010din Jozef<\/figcaption><\/figure>\n<p>V spom\u00ednanej pr\u00edrodnej rezerv\u00e1ci\u00ed m\u00f4\u017ete stretn\u00fa\u0165 bociana \u010dierneho, my\u0161iaka h\u00f4rneho aj sokola s\u0165ahovav\u00e9ho.<\/p>\n<p>Obec je dobr\u00fdm v\u00fdchodiskom do <a href=\"https:\/\/www.keturist.sk\/info\/vrchy-skaly-a-sedla\/dargovsky-priesmyk\/\">Dargovsk\u00e9ho priesmyku (474 m n.m.)<\/a>.<\/p>\n<figure id=\"attachment_39594\" aria-describedby=\"caption-attachment-39594\" style=\"width: 800px\" class=\"wp-caption aligncenter\"><a href=\"https:\/\/www.keturist.sk\/info\/wp-content\/uploads\/2021\/05\/backovska-dolina2.jpg\"><img loading=\"lazy\" decoding=\"async\" class=\"wp-image-39594 size-medium\" src=\"https:\/\/www.keturist.sk\/info\/wp-content\/uploads\/2021\/05\/backovska-dolina2-800x534.jpg\" alt=\"\" width=\"800\" height=\"534\" srcset=\"https:\/\/www.keturist.sk\/info\/wp-content\/uploads\/2021\/05\/backovska-dolina2-800x534.jpg 800w, https:\/\/www.keturist.sk\/info\/wp-content\/uploads\/2021\/05\/backovska-dolina2-270x180.jpg 270w, https:\/\/www.keturist.sk\/info\/wp-content\/uploads\/2021\/05\/backovska-dolina2-768x512.jpg 768w, https:\/\/www.keturist.sk\/info\/wp-content\/uploads\/2021\/05\/backovska-dolina2.jpg 1000w\" sizes=\"auto, (max-width: 800px) 100vw, 800px\" \/><\/a><figcaption id=\"caption-attachment-39594\" class=\"wp-caption-text\">Ba\u010dkovsk\u00e1 dolina, fotograf: Jozef Mare\u010dek<\/figcaption><\/figure>\n<p>Tu sa dostanete po kombinovanej trase cez r\u00e1zcestn\u00edk Sp\u00e1len\u00e1 str\u00e1\u0148.<\/p>\n<h3><span style=\"color: #808000;\">Hist\u00f3ria<\/span><\/h3>\n<p>Prv\u00e1 p\u00edsomn\u00e1 zmienka o obci je z roku 1321.<\/p>\n<p>Spom\u00edna sa ako dedina prisl\u00fachaj\u00faca k panstvu hradu Paru\u0161tyan.<\/p>\n<p>Obyvatelia obce sa \u017eivili zv\u00e4\u010d\u0161a drevoruba\u010dstvom a po\u013enohospod\u00e1rstvom, nesk\u00f4r i \u0165a\u017ebou stavebn\u00e9ho kame\u0148a (andezit) v bl\u00edzkom kame\u0148olome.<\/p>\n<p>Dargov bol zn\u00e1mym najm\u00e4 po\u010das druhej svetovej vojny.<\/p>\n<p>Obec bola takmer cel\u00e1 vyp\u00e1len\u00e1 a pusto\u0161en\u00e1 ustupuj\u00facimi nemeck\u00fdmi vojskami, ktor\u00e9 na l\u00ednii Slanec &#8211; Dargov &#8211; \u010cemern\u00e9 vytvorili nepreniknute\u013en\u00fa obranu (bunkre, z\u00e1kopy a delostreleck\u00e9 poz\u00edcie), kde mali pod\u013ea velenia zotrva\u0165 rusk\u00fa ofenz\u00edvu, a\u017e do pr\u00edchodu pos\u00edl.<\/p>\n<p>Ruskej arm\u00e1de sa v\u0161ak podarilo t\u00fato obranu prelomi\u0165 a postupne oslobodi\u0165 aj zvy\u0161ok Slovenska.<\/p>\n<p>Po vojne sa za\u010dalo s obnovou obce.<\/p>\n<h3><span style=\"color: #808000;\">Pamiatky<\/span><\/h3>\n<ul>\n<li>domy zo za\u010diatku 20. storo\u010dia<\/li>\n<\/ul>\n<h3><span style=\"color: #808000;\">Mapy<\/span><\/h3>\n<p><strong>Vrstvy: <\/strong>Turistick\u00e1 mapa, Automapa, Cyklomapa, Ly\u017eiarska mapa, Satelitn\u00e1 mapa a OpenStreetMap.<\/p>\n<p><strong>Kliknut\u00edm na logo &#8222;Freemap.sk&#8220; sa V\u00e1m mapa zobraz\u00ed na celej ploche obrazovky.<\/strong><\/p>\n<p><iframe style=\"width: 800px; height: 500px; border: 0;\" src=\"https:\/\/www.freemap.sk\/?map=14\/48.732927\/21.580153&amp;info-point=48.732927\/21.580153,Obec Dargov&amp;layers=T&amp;embed=search\" allowfullscreen=\"allowfullscreen\"><span data-mce-type=\"bookmark\" style=\"display: inline-block; width: 0px; overflow: hidden; line-height: 0;\" class=\"mce_SELRES_start\">\ufeff<\/span><\/iframe><\/p>\n<h3><span style=\"color: #808000;\">Po\u010dasie<\/span><\/h3>\n<p><iframe style=\"width: 800px; height: 600px;\" src=\"https:\/\/www.meteoblue.com\/sk\/po%C4%8Dasie\/widget\/three\/dargov_slovensk%c3%a1-republika_724873?geoloc=fixed&amp;nocurrent=0&amp;noforecast=0&amp;days=5&amp;tempunit=CELSIUS&amp;windunit=KILOMETER_PER_HOUR&amp;layout=image\" frameborder=\"0\" scrolling=\"NO\" sandbox=\"allow-same-origin allow-scripts allow-popups allow-popups-to-escape-sandbox\"><span data-mce-type=\"bookmark\" style=\"display: inline-block; width: 0px; overflow: hidden; line-height: 0;\" class=\"mce_SELRES_start\">\ufeff<\/span><\/iframe><\/p>\n<div><!-- DO NOT REMOVE THIS LINK --><a href=\"https:\/\/www.meteoblue.com\/sk\/po%C4%8Dasie\/predpove%C4%8F\/t%C3%BD%C5%BEde%C5%88\/dargov_slovensk%c3%a1-republika_724873?utm_source=weather_widget&amp;utm_medium=linkus&amp;utm_content=three&amp;utm_campaign=Weather%2BWidget\" target=\"_blank\" rel=\"noopener noreferrer\">meteoblue<\/a><\/div>\n<p><strong>Zdroj inform\u00e1ci\u00ed :<\/strong> <a href=\"http:\/\/www.obecdargov.sk\" target=\"_blank\" rel=\"noopener noreferrer\">www.obecdargov.sk<\/a><\/p>\n","protected":false},"excerpt":{"rendered":"<p>V\u0161eobecn\u00e9 inform\u00e1cie Obec Dargov le\u017e\u00ed medzi v\u00fdbe\u017ekami strednej \u010dasti Slansk\u00fdch vrchov, v\u00a0hornej \u010dasti doliny potoka Trnavka, v\u00a0nadmorskej v\u00fd\u0161ke 260\u00a0m. S Dargovom sa \u00fazko sp\u00e1ja aj pamiatka na krutosti 2.svetovej vojny. [&hellip;]<\/p>\n","protected":false},"author":1,"featured_media":0,"parent":1782,"menu_order":0,"comment_status":"closed","ping_status":"closed","template":"","meta":{"_uag_custom_page_level_css":"","_monsterinsights_skip_tracking":false,"_monsterinsights_sitenote_active":false,"_monsterinsights_sitenote_note":"","_monsterinsights_sitenote_category":0,"footnotes":""},"class_list":["post-3491","page","type-page","status-publish","hentry"],"featured_image_src":"","featured_image_src_square":false,"rbea_author_info":{"display_name":"admin","author_link":"https:\/\/www.keturist.sk\/info\/author\/admin\/"},"rbea_excerpt_info":"V\u0161eobecn\u00e9 inform\u00e1cie Obec Dargov le\u017e\u00ed medzi v\u00fdbe\u017ekami strednej \u010dasti Slansk\u00fdch vrchov, v\u00a0hornej \u010dasti doliny potoka Trnavka, v\u00a0nadmorskej v\u00fd\u0161ke 260\u00a0m. S Dargovom sa \u00fazko sp\u00e1ja aj pamiatka na krutosti 2.svetovej vojny. [&hellip;]","uagb_featured_image_src":{"full":false,"thumbnail":false,"medium":false,"medium_large":false,"large":false,"1536x1536":false,"2048x2048":false},"uagb_author_info":{"display_name":"admin","author_link":"https:\/\/www.keturist.sk\/info\/author\/admin\/"},"uagb_comment_info":0,"uagb_excerpt":"V\u0161eobecn\u00e9 inform\u00e1cie Obec Dargov le\u017e\u00ed medzi v\u00fdbe\u017ekami strednej \u010dasti Slansk\u00fdch vrchov, v\u00a0hornej \u010dasti doliny potoka Trnavka, v\u00a0nadmorskej v\u00fd\u0161ke 260\u00a0m. S Dargovom sa \u00fazko sp\u00e1ja aj pamiatka na krutosti 2.svetovej vojny. [&hellip;]","_links":{"self":[{"href":"https:\/\/www.keturist.sk\/info\/wp-json\/wp\/v2\/pages\/3491","targetHints":{"allow":["GET"]}}],"collection":[{"href":"https:\/\/www.keturist.sk\/info\/wp-json\/wp\/v2\/pages"}],"about":[{"href":"https:\/\/www.keturist.sk\/info\/wp-json\/wp\/v2\/types\/page"}],"author":[{"embeddable":true,"href":"https:\/\/www.keturist.sk\/info\/wp-json\/wp\/v2\/users\/1"}],"replies":[{"embeddable":true,"href":"https:\/\/www.keturist.sk\/info\/wp-json\/wp\/v2\/comments?post=3491"}],"version-history":[{"count":9,"href":"https:\/\/www.keturist.sk\/info\/wp-json\/wp\/v2\/pages\/3491\/revisions"}],"predecessor-version":[{"id":43954,"href":"https:\/\/www.keturist.sk\/info\/wp-json\/wp\/v2\/pages\/3491\/revisions\/43954"}],"up":[{"embeddable":true,"href":"https:\/\/www.keturist.sk\/info\/wp-json\/wp\/v2\/pages\/1782"}],"wp:attachment":[{"href":"https:\/\/www.keturist.sk\/info\/wp-json\/wp\/v2\/media?parent=3491"}],"curies":[{"name":"wp","href":"https:\/\/api.w.org\/{rel}","templated":true}]}}