{"id":34802,"date":"2020-11-04T18:09:41","date_gmt":"2020-11-04T17:09:41","guid":{"rendered":"https:\/\/www.keturist.sk\/info\/?page_id=34802"},"modified":"2021-07-21T15:44:41","modified_gmt":"2021-07-21T13:44:41","slug":"bansky-naucny-chodnik-v-gelnici","status":"publish","type":"page","link":"https:\/\/www.keturist.sk\/info\/aktivity\/bansky-naucny-chodnik-v-gelnici\/","title":{"rendered":"Bansk\u00fd n\u00e1u\u010dn\u00fd chodn\u00edk v Gelnici"},"content":{"rendered":"<a href=\"https:\/\/www.keturist.sk\/info\/\" class=\"su-button su-button-style-default\" style=\"color:#000000;background-color:#FFCF2F;border-color:#cca626;border-radius:5px\" target=\"_self\"><span style=\"color:#000000;padding:6px 16px;font-size:13px;line-height:20px;border-color:#ffde6e;border-radius:5px;text-shadow:none\"><i class=\"sui sui-arrow-right\" style=\"font-size:13px;color:#000000\"><\/i>  Spravodaj <\/span><\/a><a href=\"https:\/\/www.keturist.sk\/info\/tipy-na-vylety\/\" class=\"su-button su-button-style-default\" style=\"color:#000000;background-color:#FFCF2F;border-color:#cca626;border-radius:5px\" target=\"_self\"><span style=\"color:#000000;padding:6px 16px;font-size:13px;line-height:20px;border-color:#ffde6e;border-radius:5px;text-shadow:none\"><i class=\"sui sui-arrow-right\" style=\"font-size:13px;color:#000000\"><\/i>  Tipy na v\u00fdlety <\/span><\/a>\n<div class=\"su-divider su-divider-style-default\" style=\"margin:15px 0;border-width:0px;border-color:#000000\"><\/div>\n<strong>Podkateg\u00f3ria: <\/strong> <a href=\"https:\/\/www.keturist.sk\/info\/aktivity\/naucne-chodniky\/\" class=\"su-button su-button-style-default\" style=\"color:#000000;background-color:#afd144;border-color:#8ca837;border-radius:5px\" target=\"_self\"><span style=\"color:#000000;padding:6px 16px;font-size:13px;line-height:20px;border-color:#c7df7d;border-radius:5px;text-shadow:none\"><i class=\"sui sui-arrow-right\" style=\"font-size:13px;color:#000000\"><\/i>  Nau\u010dn\u00e9 chodn\u00edky <\/span><\/a>\n<div class=\"su-divider su-divider-style-default\" style=\"margin:15px 0;border-width:0px;border-color:#000000\"><\/div>\n<strong>Lokaliz\u00e1cia: <\/strong><a href=\"https:\/\/www.keturist.sk\/info\/okolite-hory\/volovske-vrchy\/\">Volovsk\u00e9 vrchy<\/a><br \/>\n<div class=\"su-divider su-divider-style-default\" style=\"margin:15px 0;border-width:2px;border-color:#000000\"><\/div>\n<h3><span style=\"color: #808000;\">V\u0161eobecn\u00e9 inform\u00e1cie<\/span><\/h3>\n<p>Bansk\u00fd n\u00e1u\u010dn\u00fd chodn\u00edk v Gelnici je l\u00edniov\u00fd samoobslu\u017en\u00fd n\u00e1u\u010dn\u00fd chodn\u00edk (NCH) s ban\u00edckym a historick\u00fdm zameran\u00edm.<\/p>\n<figure id=\"attachment_34770\" aria-describedby=\"caption-attachment-34770\" style=\"width: 800px\" class=\"wp-caption aligncenter\"><a href=\"https:\/\/www.keturist.sk\/info\/wp-content\/uploads\/2020\/11\/stolna-krizova.jpg\"><img loading=\"lazy\" decoding=\"async\" class=\"wp-image-34770 size-medium\" src=\"https:\/\/www.keturist.sk\/info\/wp-content\/uploads\/2020\/11\/stolna-krizova-800x534.jpg\" alt=\"\" width=\"800\" height=\"534\" srcset=\"https:\/\/www.keturist.sk\/info\/wp-content\/uploads\/2020\/11\/stolna-krizova-800x534.jpg 800w, https:\/\/www.keturist.sk\/info\/wp-content\/uploads\/2020\/11\/stolna-krizova-270x180.jpg 270w, https:\/\/www.keturist.sk\/info\/wp-content\/uploads\/2020\/11\/stolna-krizova-768x512.jpg 768w, https:\/\/www.keturist.sk\/info\/wp-content\/uploads\/2020\/11\/stolna-krizova.jpg 1000w\" sizes=\"auto, (max-width: 800px) 100vw, 800px\" \/><\/a><figcaption id=\"caption-attachment-34770\" class=\"wp-caption-text\">Bansk\u00fd n\u00e1u\u010dn\u00fd chodn\u00edk v Gelnici<\/figcaption><\/figure>\n<p>N\u00e1u\u010dn\u00fd chodn\u00edk za\u010d\u00edna na Ban\u00edckom n\u00e1mest\u00ed v Gelnici.<\/p>\n<p>Chodn\u00edk pokra\u010duje k \u0161t\u00f4l\u0148am pod hradom, n\u00e1sledne k vstupn\u00fdm port\u00e1lom \u0161t\u00f4lni <a href=\"https:\/\/www.keturist.sk\/info\/kam-za-pamiatkami\/kam-za-pamiatkami-smer-volovske-vrchy\/nova-krizova-stolna-v-gelnici\/\">nov\u00e1 Kr\u00ed\u017eov\u00e1 \u0161t\u00f4l\u0148a<\/a> a star\u00e1 <a href=\"https:\/\/www.keturist.sk\/info\/kam-za-pamiatkami\/kam-za-pamiatkami-smer-volovske-vrchy\/dedicna-krizova-stolna\/\">dedi\u010dn\u00e1 Kr\u00ed\u017eov\u00e1 \u0161t\u00f4l\u0148a<\/a>.  <\/p>\n<p>Spom\u00ednan\u00e9 \u0161t\u00f4lne s\u00fa pamiatkami na \u0165a\u017ebu medenej rudy.<\/p>\n<p>N\u00e1sledne pokra\u010duje k <a href=\"https:\/\/www.keturist.sk\/info\/kam-za-pamiatkami\/kam-za-pamiatkami-smer-volovske-vrchy\/ostatne-pamiatky\/banicke-muzeum-v-gelnici-a-vysunuta-expozicia-stolna-jozef\/\">dedi\u010dnej \u0160t\u00f4lni Jozef<\/a>, pri ktorej sa nach\u00e1dza bansk\u00fd skanzen.<\/p>\n<p>Pribli\u017ene dvojhodinov\u00e1 prech\u00e1dzka n\u00e1u\u010dn\u00fdm chodn\u00edkom je vhodn\u00e1 pre v\u0161etky vekov\u00e9 kateg\u00f3rie.<\/p>\n<h3><span style=\"color: #808000;\">Nau\u010dn\u00fd chodn\u00edk pozost\u00e1va z \u0161iestich informa\u010dn\u00fdch panelov:<\/span><\/h3>\n<p>1.) Ban\u00edcke n\u00e1mestie<br \/>\n2.) Pod hradn\u00fdm kopcom<br \/>\n3.) Dedi\u010dn\u00e1 \u0161t\u00f4l\u0148a kr\u00ed\u017eov\u00e1<br \/>\n4.) Nov\u00e1 kr\u00ed\u017eov\u00e1 \u0161t\u00f4l\u0148a<br \/>\n5.) Bo\u017e\u00ed dar<br \/>\n6.) Dedi\u010dn\u00e1 \u0161t\u00f4l\u0148a Jozef (Vstup do expoz\u00edcie \u0160t\u00f4l\u0148a Jozef je mo\u017en\u00fd len na z\u00e1klade objedn\u00e1vky minim\u00e1lne 1 de\u0148 vopred.)<\/p>\n<h3><span style=\"color: #808000;\"><strong>Bl\u00edzke stredisko, turistick\u00e9 centrum, obec alebo mesto<\/strong><\/span><\/h3>\n<ul>\n<li><a href=\"https:\/\/www.keturist.sk\/info\/smer-volovske-vrchy\/mesto-gelnica\/\">Mesto Gelnica (\u010d\u00edtaj viac&#8230;)<\/a><\/li>\n<\/ul>\n<ul>\n<li><a href=\"https:\/\/www.keturist.sk\/info\/turisticke-vychodiska\/smer-volovske-vrchy\/rekreacna-oblast-thurzov\/\">Rekrea\u010dn\u00e1 oblas\u0165 Turzov (\u010d\u00edtaj viac&#8230;)<\/a><\/li>\n<\/ul>\n<h3><span style=\"color: #808000;\">Mapy<\/span><\/h3>\n<p><strong>Vrstvy: <\/strong>Turistick\u00e1 mapa, Automapa, Cyklomapa, Ly\u017eiarska mapa, Satelitn\u00e1 mapa a OpenStreetMap.<\/p>\n<p><strong>Kliknut\u00edm na logo &#8222;Freemap.sk&#8220; sa V\u00e1m mapa zobraz\u00ed na celej ploche obrazovky.<\/strong><\/p>\n<p><iframe style=\"width: 800px; height: 500px; border: 0;\" src=\"https:\/\/www.freemap.sk\/?map=13\/48.855736\/20.941572&amp;info-point=48.855736\/20.941572,Mesto Gelnica&amp;layers=T&amp;embed=search\" allowfullscreen=\"allowfullscreen\"><\/iframe><\/p>\n<h3><span style=\"color: #808000;\">Po\u010dasie<\/span><\/h3>\n<p><iframe style=\"width: 800px; height: 607px;\" src=\"https:\/\/www.meteoblue.com\/sk\/po%C4%8Dasie\/widget\/three\/gelnica_slovensk%c3%a1-republika_724800?geoloc=fixed&amp;nocurrent=0&amp;noforecast=0&amp;days=5&amp;tempunit=CELSIUS&amp;windunit=KILOMETER_PER_HOUR&amp;layout=image\" frameborder=\"0\" scrolling=\"NO\" sandbox=\"allow-same-origin allow-scripts allow-popups allow-popups-to-escape-sandbox\"><span data-mce-type=\"bookmark\" style=\"display: inline-block; width: 0px; overflow: hidden; line-height: 0;\" class=\"mce_SELRES_start\">\ufeff<\/span><\/iframe><\/p>\n<div><!-- DO NOT REMOVE THIS LINK --><a href=\"https:\/\/www.meteoblue.com\/sk\/po%C4%8Dasie\/predpove%C4%8F\/t%C3%BD%C5%BEde%C5%88\/gelnica_slovensk%c3%a1-republika_724800?utm_source=weather_widget&amp;utm_medium=linkus&amp;utm_content=three&amp;utm_campaign=Weather%2BWidget\" target=\"_blank\" rel=\"noopener noreferrer\">meteoblue<\/a><\/div>\n","protected":false},"excerpt":{"rendered":"<p>Podkateg\u00f3ria: Lokaliz\u00e1cia: Volovsk\u00e9 vrchy V\u0161eobecn\u00e9 inform\u00e1cie Bansk\u00fd n\u00e1u\u010dn\u00fd chodn\u00edk v Gelnici je l\u00edniov\u00fd samoobslu\u017en\u00fd n\u00e1u\u010dn\u00fd chodn\u00edk (NCH) s ban\u00edckym a historick\u00fdm zameran\u00edm. N\u00e1u\u010dn\u00fd chodn\u00edk za\u010d\u00edna na Ban\u00edckom n\u00e1mest\u00ed v Gelnici. [&hellip;]<\/p>\n","protected":false},"author":1,"featured_media":0,"parent":258,"menu_order":0,"comment_status":"closed","ping_status":"closed","template":"","meta":{"_uag_custom_page_level_css":"","_monsterinsights_skip_tracking":false,"_monsterinsights_sitenote_active":false,"_monsterinsights_sitenote_note":"","_monsterinsights_sitenote_category":0,"footnotes":""},"class_list":["post-34802","page","type-page","status-publish","hentry"],"featured_image_src":"","featured_image_src_square":false,"rbea_author_info":{"display_name":"admin","author_link":"https:\/\/www.keturist.sk\/info\/author\/admin\/"},"rbea_excerpt_info":"Podkateg\u00f3ria: Lokaliz\u00e1cia: Volovsk\u00e9 vrchy V\u0161eobecn\u00e9 inform\u00e1cie Bansk\u00fd n\u00e1u\u010dn\u00fd chodn\u00edk v Gelnici je l\u00edniov\u00fd samoobslu\u017en\u00fd n\u00e1u\u010dn\u00fd chodn\u00edk (NCH) s ban\u00edckym a historick\u00fdm zameran\u00edm. N\u00e1u\u010dn\u00fd chodn\u00edk za\u010d\u00edna na Ban\u00edckom n\u00e1mest\u00ed v Gelnici. [&hellip;]","uagb_featured_image_src":{"full":false,"thumbnail":false,"medium":false,"medium_large":false,"large":false,"1536x1536":false,"2048x2048":false},"uagb_author_info":{"display_name":"admin","author_link":"https:\/\/www.keturist.sk\/info\/author\/admin\/"},"uagb_comment_info":0,"uagb_excerpt":"Podkateg\u00f3ria: Lokaliz\u00e1cia: Volovsk\u00e9 vrchy V\u0161eobecn\u00e9 inform\u00e1cie Bansk\u00fd n\u00e1u\u010dn\u00fd chodn\u00edk v Gelnici je l\u00edniov\u00fd samoobslu\u017en\u00fd n\u00e1u\u010dn\u00fd chodn\u00edk (NCH) s ban\u00edckym a historick\u00fdm zameran\u00edm. N\u00e1u\u010dn\u00fd chodn\u00edk za\u010d\u00edna na Ban\u00edckom n\u00e1mest\u00ed v Gelnici. [&hellip;]","_links":{"self":[{"href":"https:\/\/www.keturist.sk\/info\/wp-json\/wp\/v2\/pages\/34802","targetHints":{"allow":["GET"]}}],"collection":[{"href":"https:\/\/www.keturist.sk\/info\/wp-json\/wp\/v2\/pages"}],"about":[{"href":"https:\/\/www.keturist.sk\/info\/wp-json\/wp\/v2\/types\/page"}],"author":[{"embeddable":true,"href":"https:\/\/www.keturist.sk\/info\/wp-json\/wp\/v2\/users\/1"}],"replies":[{"embeddable":true,"href":"https:\/\/www.keturist.sk\/info\/wp-json\/wp\/v2\/comments?post=34802"}],"version-history":[{"count":13,"href":"https:\/\/www.keturist.sk\/info\/wp-json\/wp\/v2\/pages\/34802\/revisions"}],"predecessor-version":[{"id":40773,"href":"https:\/\/www.keturist.sk\/info\/wp-json\/wp\/v2\/pages\/34802\/revisions\/40773"}],"up":[{"embeddable":true,"href":"https:\/\/www.keturist.sk\/info\/wp-json\/wp\/v2\/pages\/258"}],"wp:attachment":[{"href":"https:\/\/www.keturist.sk\/info\/wp-json\/wp\/v2\/media?parent=34802"}],"curies":[{"name":"wp","href":"https:\/\/api.w.org\/{rel}","templated":true}]}}