{"id":343,"date":"2013-08-02T19:18:32","date_gmt":"2013-08-02T17:18:32","guid":{"rendered":"https:\/\/www.keturist.sk\/info\/?page_id=343"},"modified":"2026-01-05T07:39:12","modified_gmt":"2026-01-05T06:39:12","slug":"katova-basta","status":"publish","type":"page","link":"https:\/\/www.keturist.sk\/info\/kam-za-pamiatkami\/katova-basta\/","title":{"rendered":"Katova ba\u0161ta"},"content":{"rendered":"<a href=\"https:\/\/www.keturist.sk\/info\/\" class=\"su-button su-button-style-default\" style=\"color:#000000;background-color:#FFCF2F;border-color:#cca626;border-radius:5px\" target=\"_self\"><span style=\"color:#000000;padding:6px 16px;font-size:13px;line-height:20px;border-color:#ffde6e;border-radius:5px;text-shadow:none\"><i class=\"sui sui-arrow-right\" style=\"font-size:13px;color:#000000\"><\/i>  Spravodaj <\/span><\/a>\n<a href=\"https:\/\/www.keturist.sk\/info\/tipy-na-vylety\/\" class=\"su-button su-button-style-default\" style=\"color:#000000;background-color:#FFCF2F;border-color:#cca626;border-radius:5px\" target=\"_self\"><span style=\"color:#000000;padding:6px 16px;font-size:13px;line-height:20px;border-color:#ffde6e;border-radius:5px;text-shadow:none\"><i class=\"sui sui-arrow-right\" style=\"font-size:13px;color:#000000\"><\/i>  TIPY NA V\u00ddLETY <\/span><\/a>\n<a href=\"https:\/\/www.keturist.sk\/info\/kam-za-pamiatkami\/\" class=\"su-button su-button-style-default\" style=\"color:#000000;background-color:#FFCF2F;border-color:#cca626;border-radius:5px\" target=\"_self\"><span style=\"color:#000000;padding:6px 16px;font-size:13px;line-height:20px;border-color:#ffde6e;border-radius:5px;text-shadow:none\"><i class=\"sui sui-arrow-right\" style=\"font-size:13px;color:#000000\"><\/i>  Kam za pamiatkami <\/span><\/a>\n<a href=\"https:\/\/www.keturist.sk\/info\/kam-za-pamiatkami\/kam-za-pamiatkami-smer-kosice\/\" class=\"su-button su-button-style-default\" style=\"color:#000000;background-color:#FFCF2F;border-color:#cca626;border-radius:5px\" target=\"_self\"><span style=\"color:#000000;padding:6px 16px;font-size:13px;line-height:20px;border-color:#ffde6e;border-radius:5px;text-shadow:none\"><i class=\"sui sui-arrow-right\" style=\"font-size:13px;color:#000000\"><\/i>  smer Ko\u0161ice <\/span><\/a>\n<div class=\"su-divider su-divider-style-default\" style=\"margin:15px 0;border-width:0px;border-color:#000000\"><\/div>\n<p><strong>Podkateg\u00f3ria: <\/strong> <a href=\"https:\/\/www.keturist.sk\/info\/kam-za-pamiatkami\/kam-za-pamiatkami-smer-kosice\/historicke-centrum\/\" class=\"su-button su-button-style-default\" style=\"color:#000000;background-color:#afd144;border-color:#8ca837;border-radius:5px\" target=\"_self\"><span style=\"color:#000000;padding:6px 16px;font-size:13px;line-height:20px;border-color:#c7df7d;border-radius:5px;text-shadow:none\"><i class=\"sui sui-arrow-right\" style=\"font-size:13px;color:#000000\"><\/i>  Historick\u00e9 centrum <\/span><\/a>\n<div class=\"su-divider su-divider-style-default\" style=\"margin:15px 0;border-width:0px;border-color:#000000\"><\/div>\n<strong>Lokaliz\u00e1cia: <\/strong><a href=\"https:\/\/www.keturist.sk\/info\/vseobecne-informacie\/\">Ko\u0161ice<\/a> a <a href=\"https:\/\/www.keturist.sk\/info\/turisticke-vychodiska\/strediska-a-centra\/m\">M\u010c Star\u00e9 mesto<\/a><br \/>\n<div class=\"su-divider su-divider-style-default\" style=\"margin:15px 0;border-width:2px;border-color:#000000\"><\/div>\n<figure id=\"attachment_37960\" aria-describedby=\"caption-attachment-37960\" style=\"width: 900px\" class=\"wp-caption aligncenter\"><a href=\"https:\/\/www.keturist.sk\/info\/wp-content\/uploads\/2021\/01\/katova-basta7.jpg\"><img loading=\"lazy\" decoding=\"async\" class=\"wp-image-37960\" src=\"https:\/\/www.keturist.sk\/info\/wp-content\/uploads\/2021\/01\/katova-basta7-800x600.jpg\" alt=\"Katova ba\u0161ta\" width=\"900\" height=\"675\" srcset=\"https:\/\/www.keturist.sk\/info\/wp-content\/uploads\/2021\/01\/katova-basta7-800x600.jpg 800w, https:\/\/www.keturist.sk\/info\/wp-content\/uploads\/2021\/01\/katova-basta7-240x180.jpg 240w, https:\/\/www.keturist.sk\/info\/wp-content\/uploads\/2021\/01\/katova-basta7-768x576.jpg 768w, https:\/\/www.keturist.sk\/info\/wp-content\/uploads\/2021\/01\/katova-basta7.jpg 1000w\" sizes=\"auto, (max-width: 900px) 100vw, 900px\" \/><\/a><figcaption id=\"caption-attachment-37960\" class=\"wp-caption-text\">Katova ba\u0161ta<\/figcaption><\/figure>\n<div class=\"su-divider su-divider-style-default\" style=\"margin:15px 0;border-width:2px;border-color:#000000\"><\/div>\n<h2><span style=\"color: #800000;\">\u010co je Katova ba\u0161ta v Ko\u0161iciach a pre\u010do by ste ju mali nav\u0161t\u00edvi\u0165?<\/span><\/h2>\n<p class=\"ds-markdown-paragraph\"><strong>Katova ba\u0161ta<\/strong>\u00a0je najv\u00e4\u010d\u0161ia a najzachovalej\u0161ia stavebn\u00e1 pamiatka zo stredovek\u00e9ho opevnenia mesta poch\u00e1dzaj\u00faca z\u00a0<strong>15. storo\u010dia<\/strong>. T\u00e1to v\u00fdnimo\u010dn\u00e1\u00a0<strong>fortifika\u010dn\u00e1 stavba<\/strong>\u00a0s fascinuj\u00facou hist\u00f3riou je dnes domovom zauj\u00edmav\u00fdch expoz\u00edci\u00ed a jedn\u00fdm z\u00a0<strong>najv\u00fdznamnej\u0161\u00edch symbolov historick\u00fdch Ko\u0161\u00edc<\/strong>.<\/p>\n<h2><span style=\"color: #800000;\">Ako Katova ba\u0161ta z\u00edskala svoje pomenovanie?<\/span><\/h2>\n<p class=\"ds-markdown-paragraph\">Svoje pomenovanie dostala pod\u013ea toho, \u017ee sa v jej bl\u00edzkosti, v obl\u00faku medzi <a href=\"https:\/\/www.keturist.sk\/info\/kam-za-pamiatkami\/kalvinsky-kostol\/\">kalv\u00ednskym kostolom<\/a> a <a href=\"https:\/\/www.keturist.sk\/info\/kam-za-pamiatkami\/miklusova-vaznica\/\">Miklu\u0161ovou v\u00e4znicou<\/a>, nach\u00e1dzal byt\u00a0<strong>mestsk\u00e9ho kata<\/strong>.<\/p>\n<h2><span style=\"color: #800000;\">Kto a kedy nechal Katovu ba\u0161tu postavi\u0165?<\/span><\/h2>\n<p class=\"ds-markdown-paragraph\">Katovu ba\u0161tu nechal vystava\u0165 po roku 1441\u00a0<strong>kapit\u00e1n Ko\u0161\u00edc J\u00e1n <a href=\"https:\/\/sk.wikipedia.org\/wiki\/J%C3%A1n_Jiskra_z_Brand%C3%BDsa\" target=\"_blank\" rel=\"noopener\">Jiskra z Brand\u00fdsa<\/a><\/strong>\u00a0v slu\u017eb\u00e1ch kr\u00e1\u013ea\u00a0<a href=\"https:\/\/sk.wikipedia.org\/wiki\/Ladislav_Pohrobok\" target=\"_blank\" rel=\"noopener\"><strong>Ladislava Pohrobka<\/strong><\/a>. V prvej f\u00e1ze i\u0161lo o jednoduch\u00fa\u00a0<strong>polkruhovit\u00fa stavbu<\/strong>, stojacu samostatne od luxemburskej hradby.<\/p>\n<h2><span style=\"color: #800000;\">Ako prebiehala \u010fal\u0161ia v\u00fdstavba a prestavba ba\u0161ty?<\/span><\/h2>\n<p class=\"ds-markdown-paragraph\"><strong>Druh\u00e1 etapa v\u00fdstavby Katovej ba\u0161ty<\/strong>\u00a0je datovan\u00e1 zhruba do rokov 1461 \u2013 1471. P\u00f4vodn\u00fd\u00a0<strong>barbak\u00e1n<\/strong>\u00a0bol radik\u00e1lne prebudovan\u00fd na mohutn\u00e9\u00a0<strong>delostreleck\u00e9 teleso<\/strong>\u00a0s desiatimi delov\u00fdmi komorami. T\u00e1to\u00a0<strong>fortifika\u010dn\u00e1 stavba polkruhovit\u00e9ho p\u00f4dorysu<\/strong>\u00a0bola n\u00e1sledne rekon\u0161truovan\u00e1 v rokoch 1940 &#8211; 1944 a upraven\u00e1 pre\u00a0<strong>m\u00fazeum<\/strong>.<\/p>\n<h2><span style=\"color: #800000;\">Ak\u00e9 expoz\u00edcie sa nach\u00e1dzaj\u00fa v Katovej ba\u0161te?<\/span><\/h2>\n<p class=\"ds-markdown-paragraph\">V priestoroch na poschod\u00ed nesk\u00f4r in\u0161talovali\u00a0<strong>geologick\u00fa a zoologick\u00fa expoz\u00edciu <a href=\"https:\/\/www.keturist.sk\/info\/kam-za-pamiatkami\/vychodoslovenske-muzeum\/\">V\u00fdchodoslovensk\u00e9ho m\u00fazea<\/a><\/strong>.<\/p>\n<h2><span style=\"color: #800000;\">\u010co je Rodo\u0161to v are\u00e1li Katovej ba\u0161ty?<\/span><\/h2>\n<p class=\"ds-markdown-paragraph\">V r\u00e1mci rekon\u0161truk\u010dn\u00fdch pr\u00e1c bola nadstavbou na severnom ukon\u010den\u00ed ba\u0161ty vystavan\u00e1 k\u00f3pia tzv.\u00a0<strong>r\u00e1kociovsk\u00e9ho rodo\u0161tovsk\u00e9ho domu &#8211; Rodo\u0161to<\/strong>.\u00a0<a href=\"https:\/\/www.keturist.sk\/info\/kam-za-pamiatkami\/rodosto-pamatny-dom-frantiska-ii-rakociho\/\"><strong>Rodo\u0161to<\/strong><\/a>\u00a0je v podstate rekon\u0161trukciou pomerne honosn\u00e9ho jednoposchodov\u00e9ho domu, ktor\u00fd po\u017e\u00edval\u00a0<a href=\"https:\/\/sk.wikipedia.org\/wiki\/Franti%C5%A1ek_II._R%C3%A1koci\" target=\"_blank\" rel=\"noopener\"><strong>Franti\u0161ek R\u00e1koci II.<\/strong><\/a>\u00a0na sklonku svojho \u017eivota vo vyhnanstve v dedinke Rodo\u0161to v Turecku. Pred t\u00fdmto\u00a0<strong>pam\u00e4tn\u00fdm domom<\/strong>\u00a0je osaden\u00e1\u00a0<a href=\"https:\/\/www.keturist.sk\/info\/kam-za-pamiatkami\/kam-za-pamiatkami-smer-kosice\/socha-frantiska-ii-rakociho-v-kosiciach\/\"><strong>socha Franti\u0161ka II. R\u00e1k\u00f3cziho<\/strong><\/a>, ktor\u00fa mestu Ko\u0161ice venovala Ma\u010farsk\u00e1 republika. Autorom sochy je ma\u010farsk\u00fd soch\u00e1r\u00a0<strong>S\u00e1ndor Gy\u0151rfi<\/strong>.<\/p>\n<h2><span style=\"color: #800000;\">Ak\u00fd je s\u00favis medzi Katovou ba\u0161tou a D\u00f3mom remesiel?<\/span><\/h2>\n<p class=\"ds-markdown-paragraph\">V roku 2013 bola ukon\u010den\u00e1 v\u00fdstavba nov\u00e9ho objektu m\u00fazea \u2013\u00a0<a href=\"https:\/\/www.keturist.sk\/info\/zaujimavosti\/dom-remesiel-na-hrnciarskej-ulici\/\"><strong>Domu remesiel<\/strong><\/a>\u00a0na Hrn\u010diarskej ulici v Ko\u0161iciach, pod\u013ea projektu Otvoren\u00e9 z\u00f3ny \u010d. 7- <a href=\"https:\/\/www.keturist.sk\/info\/zaujimavosti\/ulicka-historickych-remesiel-hrnciarska-ulica\/\">Uli\u010dka remesiel<\/a>, realizovan\u00e9ho v r\u00e1mci projektov\u00a0<strong>Ko\u0161ice Eur\u00f3pske hlavn\u00e9 mesto kult\u00fary 2013<\/strong>, ktor\u00fd svojimi v\u00fdstavami a akciami prezentuje verejnosti\u00a0<strong>historick\u00e9 remesl\u00e1<\/strong>\u00a0a ich s\u00fa\u010dasn\u00e9 trad\u00edcie. Objekt vybudovali na mieste niekdaj\u0161ieho me\u0161tianskeho domu z\u00a0<strong>19. storo\u010dia<\/strong>, ktor\u00fd st\u00e1l v p\u00e1sme vn\u00fatorn\u00e9ho opevnenia mesta.<\/p>\n<h2><span style=\"color: #800000;\">Fotogal\u00e9ria<\/span><\/h2>\n<style type=\"text\/css\">\n#foogallery-gallery-73034 .fg-image { width: 200px; }<\/style>\n\t\t\t<div class=\"foogallery foogallery-container foogallery-carousel foogallery-lightbox-foogallery fg-carousel fg-ready fg-light fg-border-medium fg-round-small fg-shadow-medium fg-loading-default fg-loaded-fade-in fg-hover-semi-zoomed fg-hover-fade fg-hover-circle-plus2\" id=\"foogallery-gallery-73034\" data-foogallery=\"{&quot;item&quot;:{&quot;showCaptionTitle&quot;:true,&quot;showCaptionDescription&quot;:true},&quot;lazy&quot;:true,&quot;template&quot;:{&quot;maxItems&quot;:5,&quot;scale&quot;:0.11999999999999999555910790149937383830547332763671875,&quot;gutter&quot;:{&quot;min&quot;:-40,&quot;max&quot;:-20,&quot;unit&quot;:&quot;%&quot;},&quot;autoplay&quot;:{&quot;time&quot;:0,&quot;interaction&quot;:&quot;pause&quot;},&quot;centerOnClick&quot;:true,&quot;align&quot;:&quot;center&quot;,&quot;activePosition&quot;:&quot;center&quot;}}\" data-foogallery-lightbox=\"{&quot;thumbs&quot;:&quot;bottom&quot;,&quot;thumbsCaptions&quot;:false,&quot;thumbsBestFit&quot;:false,&quot;thumbsSmall&quot;:false,&quot;thumbsCaptionsAlign&quot;:&quot;default&quot;,&quot;info&quot;:&quot;bottom&quot;,&quot;infoVisible&quot;:true,&quot;infoOverlay&quot;:true,&quot;infoAlign&quot;:&quot;default&quot;,&quot;transition&quot;:&quot;fade&quot;,&quot;hoverButtons&quot;:false,&quot;fitMedia&quot;:false,&quot;noScrollbars&quot;:true,&quot;preserveButtonSpace&quot;:true,&quot;buttons&quot;:{&quot;fullscreen&quot;:true,&quot;info&quot;:true,&quot;thumbs&quot;:false},&quot;video&quot;:{&quot;autoPlay&quot;:true}}\" style=\"--fg-title-line-clamp: 1; --fg-description-line-clamp: 2;\" >\n\t<button type=\"button\" class=\"fg-carousel-prev\" title=\"Previous\"><\/button>\n\t<div class=\"fg-carousel-inner\">\n\t\t<div class=\"fg-carousel-center\"><\/div>\n\t\t<div class=\"fg-item fg-type-image fg-idle\"><figure class=\"fg-item-inner\"><a href=\"https:\/\/www.keturist.sk\/info\/wp-content\/uploads\/2021\/01\/kat.jpg\" data-caption-title=\"Katova ba\u0161ta\" data-attachment-id=\"37955\" data-type=\"image\" class=\"fg-thumb\"><span class=\"fg-image-wrap\"><img decoding=\"async\" alt=\"Katova ba\u0161ta\" title=\"Katova ba\u0161ta\" width=\"200\" height=\"200\" class=\"skip-lazy fg-image\" data-src-fg=\"https:\/\/www.keturist.sk\/info\/wp-content\/uploads\/cache\/2021\/01\/kat\/396131043.jpg\" src=\"data:image\/svg+xml,%3Csvg%20xmlns%3D%22http%3A%2F%2Fwww.w3.org%2F2000%2Fsvg%22%20width%3D%22200%22%20height%3D%22200%22%20viewBox%3D%220%200%20200%20200%22%3E%3C%2Fsvg%3E\" loading=\"eager\"><\/span><span class=\"fg-image-overlay\"><\/span><\/a><figcaption class=\"fg-caption\"><div class=\"fg-caption-inner\"><div class=\"fg-caption-title\">Katova ba\u0161ta<\/div><\/div><\/figcaption><\/figure><div class=\"fg-loader\"><\/div><\/div><div class=\"fg-item fg-type-image fg-idle\"><figure class=\"fg-item-inner\"><a href=\"https:\/\/www.keturist.sk\/info\/wp-content\/uploads\/2013\/08\/basta-katov\u00e1.jpg\" data-caption-title=\"Katova ba\u0161ta\" data-attachment-id=\"9227\" data-type=\"image\" class=\"fg-thumb\"><span class=\"fg-image-wrap\"><img decoding=\"async\" alt=\"Katova ba\u0161ta\" title=\"Katova ba\u0161ta\" width=\"200\" height=\"200\" class=\"skip-lazy fg-image\" data-src-fg=\"https:\/\/www.keturist.sk\/info\/wp-content\/uploads\/cache\/2013\/08\/basta-katov\u00e1\/2452137064.jpg\" src=\"data:image\/svg+xml,%3Csvg%20xmlns%3D%22http%3A%2F%2Fwww.w3.org%2F2000%2Fsvg%22%20width%3D%22200%22%20height%3D%22200%22%20viewBox%3D%220%200%20200%20200%22%3E%3C%2Fsvg%3E\" loading=\"eager\"><\/span><span class=\"fg-image-overlay\"><\/span><\/a><figcaption class=\"fg-caption\"><div class=\"fg-caption-inner\"><div class=\"fg-caption-title\">Katova ba\u0161ta<\/div><\/div><\/figcaption><\/figure><div class=\"fg-loader\"><\/div><\/div><div class=\"fg-item fg-type-image fg-idle\"><figure class=\"fg-item-inner\"><a href=\"https:\/\/www.keturist.sk\/info\/wp-content\/uploads\/2021\/01\/kat2.jpg\" data-caption-title=\"Katova ba\u0161ta\" data-attachment-id=\"37957\" data-type=\"image\" class=\"fg-thumb\"><span class=\"fg-image-wrap\"><img decoding=\"async\" alt=\"Katova ba\u0161ta\" title=\"Katova ba\u0161ta\" width=\"200\" height=\"200\" class=\"skip-lazy fg-image\" data-src-fg=\"https:\/\/www.keturist.sk\/info\/wp-content\/uploads\/cache\/2021\/01\/kat2\/1819820709.jpg\" src=\"data:image\/svg+xml,%3Csvg%20xmlns%3D%22http%3A%2F%2Fwww.w3.org%2F2000%2Fsvg%22%20width%3D%22200%22%20height%3D%22200%22%20viewBox%3D%220%200%20200%20200%22%3E%3C%2Fsvg%3E\" loading=\"eager\"><\/span><span class=\"fg-image-overlay\"><\/span><\/a><figcaption class=\"fg-caption\"><div class=\"fg-caption-inner\"><div class=\"fg-caption-title\">Katova ba\u0161ta<\/div><\/div><\/figcaption><\/figure><div class=\"fg-loader\"><\/div><\/div><div class=\"fg-item fg-type-image fg-idle\"><figure class=\"fg-item-inner\"><a href=\"https:\/\/www.keturist.sk\/info\/wp-content\/uploads\/2021\/01\/katova-basta7.jpg\" data-caption-title=\"Katova ba\u0161ta\" data-attachment-id=\"37960\" data-type=\"image\" class=\"fg-thumb\"><span class=\"fg-image-wrap\"><img decoding=\"async\" alt=\"Katova ba\u0161ta\" title=\"Katova ba\u0161ta\" width=\"200\" height=\"200\" class=\"skip-lazy fg-image\" data-src-fg=\"https:\/\/www.keturist.sk\/info\/wp-content\/uploads\/cache\/2021\/01\/katova-basta7\/296970255.jpg\" src=\"data:image\/svg+xml,%3Csvg%20xmlns%3D%22http%3A%2F%2Fwww.w3.org%2F2000%2Fsvg%22%20width%3D%22200%22%20height%3D%22200%22%20viewBox%3D%220%200%20200%20200%22%3E%3C%2Fsvg%3E\" loading=\"eager\"><\/span><span class=\"fg-image-overlay\"><\/span><\/a><figcaption class=\"fg-caption\"><div class=\"fg-caption-inner\"><div class=\"fg-caption-title\">Katova ba\u0161ta<\/div><\/div><\/figcaption><\/figure><div class=\"fg-loader\"><\/div><\/div><div class=\"fg-item fg-type-image fg-idle\"><figure class=\"fg-item-inner\"><a href=\"https:\/\/www.keturist.sk\/info\/wp-content\/uploads\/2021\/01\/katova-basta6.jpg\" data-caption-title=\"Katova ba\u0161ta\" data-attachment-id=\"37961\" data-type=\"image\" class=\"fg-thumb\"><span class=\"fg-image-wrap\"><img decoding=\"async\" alt=\"Katova ba\u0161ta\" title=\"Katova ba\u0161ta\" width=\"200\" height=\"200\" class=\"skip-lazy fg-image\" data-src-fg=\"https:\/\/www.keturist.sk\/info\/wp-content\/uploads\/cache\/2021\/01\/katova-basta6\/1758456168.jpg\" src=\"data:image\/svg+xml,%3Csvg%20xmlns%3D%22http%3A%2F%2Fwww.w3.org%2F2000%2Fsvg%22%20width%3D%22200%22%20height%3D%22200%22%20viewBox%3D%220%200%20200%20200%22%3E%3C%2Fsvg%3E\" loading=\"eager\"><\/span><span class=\"fg-image-overlay\"><\/span><\/a><figcaption class=\"fg-caption\"><div class=\"fg-caption-inner\"><div class=\"fg-caption-title\">Katova ba\u0161ta<\/div><\/div><\/figcaption><\/figure><div class=\"fg-loader\"><\/div><\/div><div class=\"fg-item fg-type-image fg-idle\"><figure class=\"fg-item-inner\"><a href=\"https:\/\/www.keturist.sk\/info\/wp-content\/uploads\/2021\/01\/rodosto1.jpg\" data-caption-title=\"Rodo\u0161to \u2013 pam\u00e4tn\u00fd dom Franti\u0161ka II. R\u00e1kociho\" data-attachment-id=\"37914\" data-type=\"image\" class=\"fg-thumb\"><span class=\"fg-image-wrap\"><img decoding=\"async\" alt=\"Rodo\u0161to \u2013 pam\u00e4tn\u00fd dom Franti\u0161ka II. R\u00e1kociho\" title=\"Rodo\u0161to \u2013 pam\u00e4tn\u00fd dom Franti\u0161ka II. R\u00e1kociho\" width=\"200\" height=\"200\" class=\"skip-lazy fg-image\" data-src-fg=\"https:\/\/www.keturist.sk\/info\/wp-content\/uploads\/cache\/2021\/01\/rodosto1\/2857688266.jpg\" src=\"data:image\/svg+xml,%3Csvg%20xmlns%3D%22http%3A%2F%2Fwww.w3.org%2F2000%2Fsvg%22%20width%3D%22200%22%20height%3D%22200%22%20viewBox%3D%220%200%20200%20200%22%3E%3C%2Fsvg%3E\" loading=\"eager\"><\/span><span class=\"fg-image-overlay\"><\/span><\/a><figcaption class=\"fg-caption\"><div class=\"fg-caption-inner\"><div class=\"fg-caption-title\">Rodo\u0161to \u2013 pam\u00e4tn\u00fd dom Franti\u0161ka II. R\u00e1kociho<\/div><\/div><\/figcaption><\/figure><div class=\"fg-loader\"><\/div><\/div><div class=\"fg-item fg-type-image fg-idle\"><figure class=\"fg-item-inner\"><a href=\"https:\/\/www.keturist.sk\/info\/wp-content\/uploads\/2021\/01\/kat5.jpg\" data-caption-title=\"Katova ba\u0161ta\" data-caption-desc=\"Dom remesiel\" data-attachment-id=\"37959\" data-type=\"image\" class=\"fg-thumb\"><span class=\"fg-image-wrap\"><img decoding=\"async\" alt=\"Katova ba\u0161ta\" title=\"Katova ba\u0161ta\" width=\"200\" height=\"200\" class=\"skip-lazy fg-image\" data-src-fg=\"https:\/\/www.keturist.sk\/info\/wp-content\/uploads\/cache\/2021\/01\/kat5\/403823429.jpg\" src=\"data:image\/svg+xml,%3Csvg%20xmlns%3D%22http%3A%2F%2Fwww.w3.org%2F2000%2Fsvg%22%20width%3D%22200%22%20height%3D%22200%22%20viewBox%3D%220%200%20200%20200%22%3E%3C%2Fsvg%3E\" loading=\"eager\"><\/span><span class=\"fg-image-overlay\"><\/span><\/a><figcaption class=\"fg-caption\"><div class=\"fg-caption-inner\"><div class=\"fg-caption-title\">Katova ba\u0161ta<\/div><div class=\"fg-caption-desc\">Dom remesiel<\/div><\/div><\/figcaption><\/figure><div class=\"fg-loader\"><\/div><\/div>\t<\/div>\n\t<div class=\"fg-carousel-bottom\"><\/div>\n\t<div class=\"fg-carousel-progress\"><\/div>\n\t<button type=\"button\" class=\"fg-carousel-next\" title=\"Next\"><\/button>\n<\/div>\n<h2><span style=\"color: #800000;\">Zauj\u00edmav\u00e9 odkazy<\/span><\/h2>\n<h3><span style=\"color: #808000;\">Kontakt:<\/span><\/h3>\n<p><strong>V\u00fdchodoslovensk\u00e9 m\u00fazeum<\/strong><br \/>\n(Miklu\u0161ova v\u00e4znica, Rodo\u0161to,Kazematy, Dom remesiel)<br \/>\nHrn\u010diarska 7<br \/>\n<strong>Tel.: <\/strong> 055 \/ 622 28 56,<br \/>\n<strong>mobil:<\/strong> 0917 755 594<br \/>\n<strong>e-mail:<\/strong> <a href=\"mailto:lektorna.kb@vsmuzeum.sk\" target=\"_blank\" rel=\"noopener\">lektorna.kb@vsmuzeum.sk<\/a><br \/>\n<strong>web: <\/strong><a href=\"http:\/\/www.vsmuzeum.sk\" target=\"_blank\" rel=\"noopener\">www.vsmuzeum.sk<\/a><\/p>\n<h3><span style=\"color: #808000;\">Bl\u00edzke stredisko, turistick\u00e9 centrum, obec alebo mesto:<\/span><\/h3>\n<ul>\n<li><a href=\"https:\/\/www.keturist.sk\/info\/strediska-a-centra\/mc-stare-mesto\/\">Ko\u0161ice &#8211; M\u010c Star\u00e9 mesto (\u010d\u00edtaj viac&#8230;)<\/a><\/li>\n<\/ul>\n<h2><span style=\"color: #800000;\">Mapy<\/span><\/h2>\n<p><strong>Vrstvy: <\/strong>Turistick\u00e1 mapa, Automapa, Cyklomapa, Ly\u017eiarska mapa, Satelitn\u00e1 mapa a OpenStreetMap.<\/p>\n<p><strong>Kliknut\u00edm na logo &#8222;Freemap.sk&#8220; sa V\u00e1m mapa zobraz\u00ed na celej ploche obrazovky.<\/strong><\/p>\n<p><iframe style=\"width: 900px; height: 500px; border: 0;\" src=\"https:\/\/www.freemap.sk\/?map=16\/48.722870\/21.260594&amp;info-point=48.722870\/21.260594,Katova ba\u0161ta&amp;layers=X&amp;embed=search\" allowfullscreen=\"allowfullscreen\"><span data-mce-type=\"bookmark\" style=\"display: inline-block; width: 0px; overflow: hidden; line-height: 0;\" class=\"mce_SELRES_start\">\ufeff<\/span><\/iframe><\/p>\n<h2><span style=\"color: #800000;\">Po\u010dasie<\/span><\/h2>\n<p><iframe style=\"width: 900px; height: 600px;\" src=\"https:\/\/www.meteoblue.com\/sk\/po%C4%8Dasie\/widget\/three\/ko%c5%a1ice_slovensk%c3%a1-republika_724443?geoloc=fixed&amp;nocurrent=0&amp;noforecast=0&amp;days=5&amp;tempunit=CELSIUS&amp;windunit=KILOMETER_PER_HOUR&amp;layout=image\" frameborder=\"0\" scrolling=\"NO\" sandbox=\"allow-same-origin allow-scripts allow-popups allow-popups-to-escape-sandbox\"><\/iframe><\/p>\n<div><!-- DO NOT REMOVE THIS LINK --><a href=\"https:\/\/www.meteoblue.com\/sk\/po%C4%8Dasie\/predpove%C4%8F\/t%C3%BD%C5%BEde%C5%88\/ko%c5%a1ice_slovensk%c3%a1-republika_724443?utm_source=weather_widget&amp;utm_medium=linkus&amp;utm_content=three&amp;utm_campaign=Weather%2BWidget\" target=\"_blank\" rel=\"noopener\">meteoblue<\/a><\/div>\n","protected":false},"excerpt":{"rendered":"<p>Podkateg\u00f3ria: Lokaliz\u00e1cia: Ko\u0161ice a M\u010c Star\u00e9 mesto \u010co je Katova ba\u0161ta v Ko\u0161iciach a pre\u010do by ste ju mali nav\u0161t\u00edvi\u0165? Katova ba\u0161ta\u00a0je najv\u00e4\u010d\u0161ia a najzachovalej\u0161ia stavebn\u00e1 pamiatka zo stredovek\u00e9ho opevnenia [&hellip;]<\/p>\n","protected":false},"author":1,"featured_media":37960,"parent":51,"menu_order":0,"comment_status":"closed","ping_status":"closed","template":"","meta":{"_uag_custom_page_level_css":"","_monsterinsights_skip_tracking":false,"_monsterinsights_sitenote_active":false,"_monsterinsights_sitenote_note":"","_monsterinsights_sitenote_category":0,"footnotes":""},"class_list":["post-343","page","type-page","status-publish","has-post-thumbnail","hentry"],"featured_image_src":"https:\/\/www.keturist.sk\/info\/wp-content\/uploads\/2021\/01\/katova-basta7.jpg","featured_image_src_square":"https:\/\/www.keturist.sk\/info\/wp-content\/uploads\/2021\/01\/katova-basta7.jpg","rbea_author_info":{"display_name":"admin","author_link":"https:\/\/www.keturist.sk\/info\/author\/admin\/"},"rbea_excerpt_info":"Podkateg\u00f3ria: Lokaliz\u00e1cia: Ko\u0161ice a M\u010c Star\u00e9 mesto \u010co je Katova ba\u0161ta v Ko\u0161iciach a pre\u010do by ste ju mali nav\u0161t\u00edvi\u0165? Katova ba\u0161ta\u00a0je najv\u00e4\u010d\u0161ia a najzachovalej\u0161ia stavebn\u00e1 pamiatka zo stredovek\u00e9ho opevnenia [&hellip;]","uagb_featured_image_src":{"full":["https:\/\/www.keturist.sk\/info\/wp-content\/uploads\/2021\/01\/katova-basta7.jpg",1000,750,false],"thumbnail":["https:\/\/www.keturist.sk\/info\/wp-content\/uploads\/2021\/01\/katova-basta7-240x180.jpg",240,180,true],"medium":["https:\/\/www.keturist.sk\/info\/wp-content\/uploads\/2021\/01\/katova-basta7-800x600.jpg",800,600,true],"medium_large":["https:\/\/www.keturist.sk\/info\/wp-content\/uploads\/2021\/01\/katova-basta7-768x576.jpg",768,576,true],"large":["https:\/\/www.keturist.sk\/info\/wp-content\/uploads\/2021\/01\/katova-basta7.jpg",1000,750,false],"1536x1536":["https:\/\/www.keturist.sk\/info\/wp-content\/uploads\/2021\/01\/katova-basta7.jpg",1000,750,false],"2048x2048":["https:\/\/www.keturist.sk\/info\/wp-content\/uploads\/2021\/01\/katova-basta7.jpg",1000,750,false]},"uagb_author_info":{"display_name":"admin","author_link":"https:\/\/www.keturist.sk\/info\/author\/admin\/"},"uagb_comment_info":0,"uagb_excerpt":"Podkateg\u00f3ria: Lokaliz\u00e1cia: Ko\u0161ice a M\u010c Star\u00e9 mesto \u010co je Katova ba\u0161ta v Ko\u0161iciach a pre\u010do by ste ju mali nav\u0161t\u00edvi\u0165? Katova ba\u0161ta\u00a0je najv\u00e4\u010d\u0161ia a najzachovalej\u0161ia stavebn\u00e1 pamiatka zo stredovek\u00e9ho opevnenia [&hellip;]","_links":{"self":[{"href":"https:\/\/www.keturist.sk\/info\/wp-json\/wp\/v2\/pages\/343","targetHints":{"allow":["GET"]}}],"collection":[{"href":"https:\/\/www.keturist.sk\/info\/wp-json\/wp\/v2\/pages"}],"about":[{"href":"https:\/\/www.keturist.sk\/info\/wp-json\/wp\/v2\/types\/page"}],"author":[{"embeddable":true,"href":"https:\/\/www.keturist.sk\/info\/wp-json\/wp\/v2\/users\/1"}],"replies":[{"embeddable":true,"href":"https:\/\/www.keturist.sk\/info\/wp-json\/wp\/v2\/comments?post=343"}],"version-history":[{"count":5,"href":"https:\/\/www.keturist.sk\/info\/wp-json\/wp\/v2\/pages\/343\/revisions"}],"predecessor-version":[{"id":73035,"href":"https:\/\/www.keturist.sk\/info\/wp-json\/wp\/v2\/pages\/343\/revisions\/73035"}],"up":[{"embeddable":true,"href":"https:\/\/www.keturist.sk\/info\/wp-json\/wp\/v2\/pages\/51"}],"wp:featuredmedia":[{"embeddable":true,"href":"https:\/\/www.keturist.sk\/info\/wp-json\/wp\/v2\/media\/37960"}],"wp:attachment":[{"href":"https:\/\/www.keturist.sk\/info\/wp-json\/wp\/v2\/media?parent=343"}],"curies":[{"name":"wp","href":"https:\/\/api.w.org\/{rel}","templated":true}]}}