{"id":29681,"date":"2019-06-10T06:47:43","date_gmt":"2019-06-10T04:47:43","guid":{"rendered":"https:\/\/www.keturist.sk\/info\/?page_id=29681"},"modified":"2021-07-21T15:43:04","modified_gmt":"2021-07-21T13:43:04","slug":"naucny-chodnik-vrabcie-skaly","status":"publish","type":"page","link":"https:\/\/www.keturist.sk\/info\/aktivity\/naucny-chodnik-vrabcie-skaly\/","title":{"rendered":"N\u00e1u\u010dn\u00fd chodn\u00edk vrab\u010die skaly"},"content":{"rendered":"<a href=\"https:\/\/www.keturist.sk\/info\/\" class=\"su-button su-button-style-default\" style=\"color:#000000;background-color:#FFCF2F;border-color:#cca626;border-radius:5px\" target=\"_self\"><span style=\"color:#000000;padding:6px 16px;font-size:13px;line-height:20px;border-color:#ffde6e;border-radius:5px;text-shadow:none\"><i class=\"sui sui-arrow-right\" style=\"font-size:13px;color:#000000\"><\/i>  Spravodaj <\/span><\/a><a href=\"https:\/\/www.keturist.sk\/info\/tipy-na-vylety\/\" class=\"su-button su-button-style-default\" style=\"color:#000000;background-color:#FFCF2F;border-color:#cca626;border-radius:5px\" target=\"_self\"><span style=\"color:#000000;padding:6px 16px;font-size:13px;line-height:20px;border-color:#ffde6e;border-radius:5px;text-shadow:none\"><i class=\"sui sui-arrow-right\" style=\"font-size:13px;color:#000000\"><\/i>  Tipy na v\u00fdlety <\/span><\/a>\n<div class=\"su-divider su-divider-style-default\" style=\"margin:15px 0;border-width:0px;border-color:#000000\"><\/div>\n<strong>Podkateg\u00f3ria: <\/strong> <a href=\"https:\/\/www.keturist.sk\/info\/aktivity\/naucne-chodniky\/\" class=\"su-button su-button-style-default\" style=\"color:#000000;background-color:#afd144;border-color:#8ca837;border-radius:5px\" target=\"_self\"><span style=\"color:#000000;padding:6px 16px;font-size:13px;line-height:20px;border-color:#c7df7d;border-radius:5px;text-shadow:none\"><i class=\"sui sui-arrow-right\" style=\"font-size:13px;color:#000000\"><\/i>  Nau\u010dn\u00e9 chodn\u00edky <\/span><\/a>\n<div class=\"su-divider su-divider-style-default\" style=\"margin:15px 0;border-width:0px;border-color:#000000\"><\/div>\n<strong>Lokaliz\u00e1cia: <\/strong><a href=\"https:\/\/www.keturist.sk\/info\/okolite-hory\/cierna-hora\/\">\u010cierna hora<\/a>, <a href=\"https:\/\/www.keturist.sk\/info\/okolite-hory\/volovske-vrchy\/\">Volovsk\u00e9 vrchy<\/a> a <a href=\"https:\/\/www.keturist.sk\/info\/vseobecne-informacie\/\">Ko\u0161ice<\/a><br \/>\n<div class=\"su-divider su-divider-style-default\" style=\"margin:15px 0;border-width:2px;border-color:#000000\"><\/div>\n<h3><span style=\"color: #808000;\">V\u0161eobecn\u00e9 inform\u00e1cie<\/span><\/h3>\n<p>N\u00e1u\u010dn\u00fd chodn\u00edk vrab\u010die skaly bol vybudovan\u00fd <a href=\"https:\/\/www.meleskosice.sk\/\" target=\"_blank\" rel=\"noopener noreferrer\">Mestsk\u00fdmi lesmi Ko\u0161ice a.s.<\/a> v roku 2015.<\/p>\n<figure id=\"attachment_29791\" aria-describedby=\"caption-attachment-29791\" style=\"width: 800px\" class=\"wp-caption aligncenter\"><a href=\"https:\/\/www.keturist.sk\/info\/wp-content\/uploads\/2019\/06\/chodnik.jpg\"><img loading=\"lazy\" decoding=\"async\" class=\"wp-image-29791 size-medium\" src=\"https:\/\/www.keturist.sk\/info\/wp-content\/uploads\/2019\/06\/chodnik-800x600.jpg\" alt=\"N\u00e1u\u010dn\u00fd chodn\u00edk vrab\u010die skaly\" width=\"800\" height=\"600\" srcset=\"https:\/\/www.keturist.sk\/info\/wp-content\/uploads\/2019\/06\/chodnik-800x600.jpg 800w, https:\/\/www.keturist.sk\/info\/wp-content\/uploads\/2019\/06\/chodnik-240x180.jpg 240w, https:\/\/www.keturist.sk\/info\/wp-content\/uploads\/2019\/06\/chodnik-768x576.jpg 768w, https:\/\/www.keturist.sk\/info\/wp-content\/uploads\/2019\/06\/chodnik-400x300.jpg 400w, https:\/\/www.keturist.sk\/info\/wp-content\/uploads\/2019\/06\/chodnik.jpg 1000w\" sizes=\"auto, (max-width: 800px) 100vw, 800px\" \/><\/a><figcaption id=\"caption-attachment-29791\" class=\"wp-caption-text\">N\u00e1u\u010dn\u00fd chodn\u00edk vrab\u010die skaly<\/figcaption><\/figure>\n<p>Je zameran\u00fd na t\u00e9mu vt\u00e1\u010d\u00edch druhov typick\u00fdch pre \u00fazemie ko\u0161ick\u00fdch lesov.<\/p>\n<p>Jeho trasa sa za\u010d\u00edna na parkovisku pri zast\u00e1vke MHD \u010cerme\u013e (za Bar\u00e1nkom).<\/p>\n<p>Cel\u00fd okruh m\u00e1 d\u013a\u017eku 4,9 km, prev\u00fd\u0161enie 170 m. Osem n\u00e1u\u010dn\u00fdch tab\u00fa\u013e je rozmiestnen\u00fdch na \u00favodn\u00fdch 2 km \u00faseku chodn\u00edka.<\/p>\n<p>Tabule s\u00fa venovan\u00e9 r\u00f4znym \u010drt\u00e1m vt\u00e1\u010dieho \u017eivota, vz\u0165ahom vt\u00e1kov k prostrediu i \u010dloveku.<\/p>\n<figure id=\"attachment_29690\" aria-describedby=\"caption-attachment-29690\" style=\"width: 800px\" class=\"wp-caption aligncenter\"><a href=\"https:\/\/www.keturist.sk\/info\/wp-content\/uploads\/2019\/06\/vrab\u010die.jpg\"><img loading=\"lazy\" decoding=\"async\" class=\"wp-image-29690\" src=\"https:\/\/www.keturist.sk\/info\/wp-content\/uploads\/2019\/06\/vrab\u010die.jpg\" alt=\"N\u00e1u\u010dn\u00fd chodn\u00edk vrab\u010die skaly\" width=\"800\" height=\"880\" srcset=\"https:\/\/www.keturist.sk\/info\/wp-content\/uploads\/2019\/06\/vrab\u010die.jpg 1363w, https:\/\/www.keturist.sk\/info\/wp-content\/uploads\/2019\/06\/vrab\u010die-164x180.jpg 164w, https:\/\/www.keturist.sk\/info\/wp-content\/uploads\/2019\/06\/vrab\u010die-545x600.jpg 545w, https:\/\/www.keturist.sk\/info\/wp-content\/uploads\/2019\/06\/vrab\u010die-768x845.jpg 768w, https:\/\/www.keturist.sk\/info\/wp-content\/uploads\/2019\/06\/vrab\u010die-400x440.jpg 400w\" sizes=\"auto, (max-width: 800px) 100vw, 800px\" \/><\/a><figcaption id=\"caption-attachment-29690\" class=\"wp-caption-text\">N\u00e1u\u010dn\u00fd chodn\u00edk vrab\u010die skaly<\/figcaption><\/figure>\n<p><strong>Prezentovan\u00e9 s\u00fa t\u00e9my ako:<\/strong> biologick\u00e1 ochrana lesa, \u017eivot v bl\u00edzkosti \u010dloveka, na skal\u00e1ch i na zemi, vt\u00e1\u010d\u00ed orchester, v dutin\u00e1ch stromov, \u017eivot spojen\u00fd s vodou, skryt\u00ed pred \u010dlovekom.<\/p>\n<p>Poz\u00fdvame \u0161irok\u00fa verejnos\u0165 na vych\u00e1dzku za poznan\u00edm na\u0161ich dom\u00e1cich vt\u00e1\u010d\u00edch druhov.<\/p>\n<p><strong>Z\u00e1rove\u0148 upozor\u0148ujeme cyklistov, \u017ee trasa chodn\u00edka je ur\u010den\u00e1 svojimi parametrami (\u0161\u00edrka, prev\u00fd\u0161enie a \u010dlenitos\u0165) v\u00fdlu\u010dne pre pe\u0161\u00edch n\u00e1v\u0161tevn\u00edkov a jazda na bicykli je na trase zak\u00e1zan\u00e1. <\/strong><\/p>\n<p><strong>Zdroj inform\u00e1ci\u00ed a foto:<\/strong> <a href=\"https:\/\/www.meleskosice.sk\/\" target=\"_blank\" rel=\"noopener noreferrer\">Mestsk\u00e9 lesy Ko\u0161ice a.s.<\/a><\/p>\n<h3><span style=\"color: #808000;\">Bl\u00edzke stredisko, turistick\u00e9 centrum, obec alebo mesto:<\/span><\/h3>\n<ul>\n<li><a href=\"https:\/\/www.keturist.sk\/info\/strediska-a-centra\/stredisko-cermel\/\">Stredisko Ko\u0161ice &#8211; \u010cerme\u013e &#8211; \u010cerme\u013esk\u00e9 \u00fadolie (\u010d\u00edtaj viac&#8230;)<\/a><\/li>\n<\/ul>\n<h3><span style=\"color: #808000;\">Mapy<\/span><\/h3>\n<p><strong>Vrstvy: <\/strong>Turistick\u00e1 mapa, Automapa, Cyklomapa, Ly\u017eiarska mapa, Satelitn\u00e1 mapa a OpenStreetMap.<\/p>\n<p><strong>Kliknut\u00edm na logo &#8222;Freemap.sk&#8220; sa V\u00e1m mapa zobraz\u00ed na celej ploche obrazovky.<\/strong><\/p>\n<p><iframe style=\"width: 800px; height: 500px; border: 0;\" src=\"https:\/\/www.freemap.sk\/?map=15\/48.748733\/21.232002&amp;info-point=48.748733\/21.232002,Stredisko \u010cerme\u013e&amp;layers=T&amp;embed=search\" allowfullscreen=\"allowfullscreen\"><\/iframe><\/p>\n<h3><span style=\"color: #808000;\">Po\u010dasie<\/span><\/h3>\n<p><iframe style=\"width: 800px; height: 607px;\" src=\"https:\/\/www.meteoblue.com\/sk\/po%C4%8Dasie\/widget\/three\/ko%c5%a1ice_slovensk%c3%a1-republika_724443?geoloc=fixed&amp;nocurrent=0&amp;noforecast=0&amp;days=5&amp;tempunit=CELSIUS&amp;windunit=KILOMETER_PER_HOUR&amp;layout=image\" frameborder=\"0\" scrolling=\"NO\" sandbox=\"allow-same-origin allow-scripts allow-popups allow-popups-to-escape-sandbox\"><\/iframe><\/p>\n<div><!-- DO NOT REMOVE THIS LINK --><a href=\"https:\/\/www.meteoblue.com\/sk\/po%C4%8Dasie\/predpove%C4%8F\/t%C3%BD%C5%BEde%C5%88\/ko%c5%a1ice_slovensk%c3%a1-republika_724443?utm_source=weather_widget&amp;utm_medium=linkus&amp;utm_content=three&amp;utm_campaign=Weather%2BWidget\" target=\"_blank\" rel=\"noopener noreferrer\">meteoblue<\/a><\/div>\n","protected":false},"excerpt":{"rendered":"<p>Podkateg\u00f3ria: Lokaliz\u00e1cia: \u010cierna hora, Volovsk\u00e9 vrchy a Ko\u0161ice V\u0161eobecn\u00e9 inform\u00e1cie N\u00e1u\u010dn\u00fd chodn\u00edk vrab\u010die skaly bol vybudovan\u00fd Mestsk\u00fdmi lesmi Ko\u0161ice a.s. v roku 2015. Je zameran\u00fd na t\u00e9mu vt\u00e1\u010d\u00edch druhov typick\u00fdch [&hellip;]<\/p>\n","protected":false},"author":1,"featured_media":0,"parent":258,"menu_order":0,"comment_status":"closed","ping_status":"closed","template":"","meta":{"_uag_custom_page_level_css":"","_monsterinsights_skip_tracking":false,"_monsterinsights_sitenote_active":false,"_monsterinsights_sitenote_note":"","_monsterinsights_sitenote_category":0,"footnotes":""},"class_list":["post-29681","page","type-page","status-publish","hentry"],"featured_image_src":"","featured_image_src_square":false,"rbea_author_info":{"display_name":"admin","author_link":"https:\/\/www.keturist.sk\/info\/author\/admin\/"},"rbea_excerpt_info":"Podkateg\u00f3ria: Lokaliz\u00e1cia: \u010cierna hora, Volovsk\u00e9 vrchy a Ko\u0161ice V\u0161eobecn\u00e9 inform\u00e1cie N\u00e1u\u010dn\u00fd chodn\u00edk vrab\u010die skaly bol vybudovan\u00fd Mestsk\u00fdmi lesmi Ko\u0161ice a.s. v roku 2015. Je zameran\u00fd na t\u00e9mu vt\u00e1\u010d\u00edch druhov typick\u00fdch [&hellip;]","uagb_featured_image_src":{"full":false,"thumbnail":false,"medium":false,"medium_large":false,"large":false,"1536x1536":false,"2048x2048":false},"uagb_author_info":{"display_name":"admin","author_link":"https:\/\/www.keturist.sk\/info\/author\/admin\/"},"uagb_comment_info":0,"uagb_excerpt":"Podkateg\u00f3ria: Lokaliz\u00e1cia: \u010cierna hora, Volovsk\u00e9 vrchy a Ko\u0161ice V\u0161eobecn\u00e9 inform\u00e1cie N\u00e1u\u010dn\u00fd chodn\u00edk vrab\u010die skaly bol vybudovan\u00fd Mestsk\u00fdmi lesmi Ko\u0161ice a.s. v roku 2015. Je zameran\u00fd na t\u00e9mu vt\u00e1\u010d\u00edch druhov typick\u00fdch [&hellip;]","_links":{"self":[{"href":"https:\/\/www.keturist.sk\/info\/wp-json\/wp\/v2\/pages\/29681","targetHints":{"allow":["GET"]}}],"collection":[{"href":"https:\/\/www.keturist.sk\/info\/wp-json\/wp\/v2\/pages"}],"about":[{"href":"https:\/\/www.keturist.sk\/info\/wp-json\/wp\/v2\/types\/page"}],"author":[{"embeddable":true,"href":"https:\/\/www.keturist.sk\/info\/wp-json\/wp\/v2\/users\/1"}],"replies":[{"embeddable":true,"href":"https:\/\/www.keturist.sk\/info\/wp-json\/wp\/v2\/comments?post=29681"}],"version-history":[{"count":3,"href":"https:\/\/www.keturist.sk\/info\/wp-json\/wp\/v2\/pages\/29681\/revisions"}],"predecessor-version":[{"id":40771,"href":"https:\/\/www.keturist.sk\/info\/wp-json\/wp\/v2\/pages\/29681\/revisions\/40771"}],"up":[{"embeddable":true,"href":"https:\/\/www.keturist.sk\/info\/wp-json\/wp\/v2\/pages\/258"}],"wp:attachment":[{"href":"https:\/\/www.keturist.sk\/info\/wp-json\/wp\/v2\/media?parent=29681"}],"curies":[{"name":"wp","href":"https:\/\/api.w.org\/{rel}","templated":true}]}}