{"id":2866,"date":"2013-11-02T11:16:51","date_gmt":"2013-11-02T09:16:51","guid":{"rendered":"https:\/\/www.keturist.sk\/info\/?page_id=2866"},"modified":"2025-12-28T16:54:19","modified_gmt":"2025-12-28T15:54:19","slug":"npr-marocka-hola","status":"publish","type":"page","link":"https:\/\/www.keturist.sk\/info\/npr-marocka-hola\/","title":{"rendered":"NPR Marock\u00e1 ho\u013ea"},"content":{"rendered":"<a href=\"https:\/\/www.keturist.sk\/info\/\" class=\"su-button su-button-style-default\" style=\"color:#000000;background-color:#FFCF2F;border-color:#cca626;border-radius:5px\" target=\"_self\"><span style=\"color:#000000;padding:6px 16px;font-size:13px;line-height:20px;border-color:#ffde6e;border-radius:5px;text-shadow:none\"><i class=\"sui sui-arrow-right\" style=\"font-size:13px;color:#000000\"><\/i>  Spravodaj <\/span><\/a>\n<a href=\"https:\/\/www.keturist.sk\/info\/tipy-na-vylety\/\" class=\"su-button su-button-style-default\" style=\"color:#000000;background-color:#FFCF2F;border-color:#cca626;border-radius:5px\" target=\"_self\"><span style=\"color:#000000;padding:6px 16px;font-size:13px;line-height:20px;border-color:#ffde6e;border-radius:5px;text-shadow:none\"><i class=\"sui sui-arrow-right\" style=\"font-size:13px;color:#000000\"><\/i>  TIPY NA V\u00ddLETY <\/span><\/a>\n<a href=\"https:\/\/www.keturist.sk\/info\/kam-do-prirody\/\" class=\"su-button su-button-style-default\" style=\"color:#000000;background-color:#FFCF2F;border-color:#cca626;border-radius:5px\" target=\"_self\"><span style=\"color:#000000;padding:6px 16px;font-size:13px;line-height:20px;border-color:#ffde6e;border-radius:5px;text-shadow:none\"><i class=\"sui sui-arrow-right\" style=\"font-size:13px;color:#000000\"><\/i>  Kam do pr\u00edrody <\/span><\/a>\n<a href=\"https:\/\/www.keturist.sk\/info\/kam-do-prirody\/kam-do-prirody-smer-slanske-vrchy\/\" class=\"su-button su-button-style-default\" style=\"color:#000000;background-color:#FFCF2F;border-color:#cca626;border-radius:5px\" target=\"_self\"><span style=\"color:#000000;padding:6px 16px;font-size:13px;line-height:20px;border-color:#ffde6e;border-radius:5px;text-shadow:none\"><i class=\"sui sui-arrow-right\" style=\"font-size:13px;color:#000000\"><\/i>  Smer Slansk\u00e9 vrchy <\/span><\/a>\n<div class=\"su-divider su-divider-style-default\" style=\"margin:15px 0;border-width:0px;border-color:#000000\"><\/div>\n<strong>Podkateg\u00f3ria: <\/strong> <a href=\"https:\/\/www.keturist.sk\/info\/kam-do-prirody\/kam-do-prirody-smer-slanske-vrchy\/ochrana-prirody\/\" class=\"su-button su-button-style-default\" style=\"color:#000000;background-color:#afd144;border-color:#8ca837;border-radius:5px\" target=\"_self\"><span style=\"color:#000000;padding:6px 16px;font-size:13px;line-height:20px;border-color:#c7df7d;border-radius:5px;text-shadow:none\"><i class=\"sui sui-arrow-right\" style=\"font-size:13px;color:#000000\"><\/i>  Ochrana pr\u00edrody <\/span><\/a>\n<p><strong>Lokaliz\u00e1cia: <\/strong><a href=\"https:\/\/www.keturist.sk\/info\/okolite-hory\/slanske-vrchy\/\">Slansk\u00e9 vrchy<\/a><\/p>\n<div class=\"su-divider su-divider-style-default\" style=\"margin:15px 0;border-width:2px;border-color:#000000\"><\/div>\n<figure id=\"attachment_27969\" aria-describedby=\"caption-attachment-27969\" style=\"width: 800px\" class=\"wp-caption aligncenter\"><a href=\"https:\/\/www.keturist.sk\/info\/wp-content\/uploads\/2019\/01\/marockahola.jpeg\"><img loading=\"lazy\" decoding=\"async\" class=\"wp-image-27969 size-medium\" src=\"https:\/\/www.keturist.sk\/info\/wp-content\/uploads\/2019\/01\/marockahola-800x530.jpeg\" alt=\"Marock\u00e1 ho\u013ea\" width=\"800\" height=\"530\" srcset=\"https:\/\/www.keturist.sk\/info\/wp-content\/uploads\/2019\/01\/marockahola-800x530.jpeg 800w, https:\/\/www.keturist.sk\/info\/wp-content\/uploads\/2019\/01\/marockahola-270x180.jpeg 270w, https:\/\/www.keturist.sk\/info\/wp-content\/uploads\/2019\/01\/marockahola-768x509.jpeg 768w, https:\/\/www.keturist.sk\/info\/wp-content\/uploads\/2019\/01\/marockahola-400x265.jpeg 400w, https:\/\/www.keturist.sk\/info\/wp-content\/uploads\/2019\/01\/marockahola.jpeg 868w\" sizes=\"auto, (max-width: 800px) 100vw, 800px\" \/><\/a><figcaption id=\"caption-attachment-27969\" class=\"wp-caption-text\">NPR Marock\u00e1 ho\u013ea<\/figcaption><\/figure>\n<div class=\"su-divider su-divider-style-default\" style=\"margin:15px 0;border-width:2px;border-color:#000000\"><\/div>\n<p class=\"ds-markdown-paragraph\"><strong>Marock\u00e1 ho\u013ea<\/strong>\u00a0je unik\u00e1tna n\u00e1rodn\u00e1 pr\u00edrodn\u00e1 rezerv\u00e1cia na Slovensku. Nach\u00e1dza sa na severoz\u00e1padn\u00fdch svahoch podhoria Mili\u010d a na z\u00e1padnom svahu vrchu Such\u00e1 hora (806 m n.m.). Le\u017e\u00ed v\u00a0<strong>nadmorskej v\u00fd\u0161ke<\/strong>\u00a0od 610 do 806 metrov. Z geomorfologick\u00e9ho h\u013eadiska patr\u00ed do Matransko-slanskej oblasti a horsk\u00e9ho celku\u00a0<strong>Slansk\u00e9 vrchy<\/strong>, konkr\u00e9tne do podcelku Mili\u010d.<\/p>\n<h2 class=\"ds-markdown-paragraph\"><span style=\"color: #800000;\">Pre\u010do je Marock\u00e1 ho\u013ea chr\u00e1nen\u00fdm \u00fazem\u00edm a \u010do tu chr\u00e1ni?<\/span><\/h2>\n<p class=\"ds-markdown-paragraph\">Za n\u00e1rodn\u00fa pr\u00edrodn\u00fa rezerv\u00e1ciu bola\u00a0<strong>Marock\u00e1 ho\u013ea<\/strong>\u00a0vyhl\u00e1sen\u00e1 u\u017e v roku 1950 na ploche 64 ha. Predmetom ochrany s\u00fa mimoriadne vz\u00e1cne a vy\u0161e\u00a0<strong>130-ro\u010dn\u00e9 pralesovit\u00e9 porasty buka<\/strong>\u00a0s typick\u00fdm zlo\u017een\u00edm a \u0161trukt\u00farou, rast\u00face na podlo\u017e\u00ed z\u00a0<strong>andezitu<\/strong>.<\/p>\n<h2 class=\"ds-markdown-paragraph\"><span style=\"color: #800000;\">Ak\u00e9 turistick\u00e9 atrakcie a body z\u00e1ujmu n\u00e1jdem v okol\u00ed Marockej hole?<\/span><\/h2>\n<p class=\"ds-markdown-paragraph\">Jej z\u00e1padn\u00fa hranicu tvor\u00ed rozsiahla\u00a0<strong>pohrani\u010dn\u00e1 horsk\u00e1 l\u00faka<\/strong>\u00a0naz\u00fdvan\u00e1 Mal\u00e1 Marovka, kde sa nach\u00e1dza r\u00e1zcestn\u00edk Mal\u00e1 Marovka (560 m n.m.). Na ju\u017enom okraji pr\u00edrodnej rezerv\u00e1cie a priamo na\u00a0<strong>slovensko-ma\u010farskej hranici<\/strong>\u00a0sa nach\u00e1dza\u00a0<strong>Sk\u00e1ro\u0161sk\u00e1 vyhliadka<\/strong>\u00a0(795 m n.m.).<\/p>\n<p class=\"ds-markdown-paragraph\">Toto\u00a0<strong>ve\u013ek\u00e9 v\u00e1pencov\u00e9 skalisko<\/strong>\u00a0poskytuje n\u00e1dhern\u00e9\u00a0<strong>panoramatick\u00e9 v\u00fdh\u013eady<\/strong>\u00a0do \u0161irok\u00e9ho okolia.<\/p>\n<h2><span style=\"color: #800000;\">Ako sa dosta\u0165 do NPR Marock\u00e1 ho\u013ea?<\/span><\/h2>\n<p>Priamo cez lokalitu prech\u00e1dza\u00a0<img loading=\"lazy\" decoding=\"async\" class=\"alignnone wp-image-21626 size-full\" src=\"https:\/\/www.keturist.sk\/info\/wp-content\/uploads\/2013\/11\/zelena.png\" alt=\"\" width=\"20\" height=\"21\" \/> <strong>zelen\u00e1<\/strong> turistick\u00e1 zna\u010dka a\u00a0<img loading=\"lazy\" decoding=\"async\" class=\"alignnone wp-image-21433 size-full\" src=\"https:\/\/www.keturist.sk\/info\/wp-content\/uploads\/2013\/11\/cervena-1.png\" alt=\"\" width=\"20\" height=\"21\" \/> <strong>\u010derven\u00e1<\/strong> turistick\u00e1 trasa.<\/p>\n<p>Dobr\u00fdmi v\u00fdchodiskami do pr\u00edrodnej rezerv\u00e1cie s\u00fa obce <a href=\"https:\/\/www.keturist.sk\/info\/turisticke-vychodiska\/smer-slanske-vrchy\/obec-slanska-huta\/\">Slansk\u00e1 Huta<\/a>, <a href=\"https:\/\/www.keturist.sk\/info\/turisticke-vychodiska\/smer-slanske-vrchy\/obec-skaros\/\">Sk\u00e1ro\u0161<\/a>, <a href=\"https:\/\/www.keturist.sk\/info\/turisticke-vychodiska\/smer-slanske-vrchy\/obec-slanec\/\">Slanec<\/a> a rekrea\u010dn\u00e9 stredisko <a href=\"https:\/\/www.keturist.sk\/info\/turisticke-vychodiska\/smer-slanske-vrchy\/rekreacne-stredisko-izra\/\">Izra<\/a>.<\/p>\n<figure id=\"attachment_37220\" aria-describedby=\"caption-attachment-37220\" style=\"width: 800px\" class=\"wp-caption aligncenter\"><a href=\"https:\/\/www.keturist.sk\/info\/wp-content\/uploads\/2020\/12\/marocka-hola.jpg\"><img loading=\"lazy\" decoding=\"async\" class=\"wp-image-37220 size-full\" src=\"https:\/\/www.keturist.sk\/info\/wp-content\/uploads\/2020\/12\/marocka-hola.jpg\" alt=\"Marock\u00e1 ho\u013ea\" width=\"800\" height=\"527\" srcset=\"https:\/\/www.keturist.sk\/info\/wp-content\/uploads\/2020\/12\/marocka-hola.jpg 800w, https:\/\/www.keturist.sk\/info\/wp-content\/uploads\/2020\/12\/marocka-hola-270x178.jpg 270w, https:\/\/www.keturist.sk\/info\/wp-content\/uploads\/2020\/12\/marocka-hola-768x506.jpg 768w\" sizes=\"auto, (max-width: 800px) 100vw, 800px\" \/><\/a><figcaption id=\"caption-attachment-37220\" class=\"wp-caption-text\">Marock\u00e1 ho\u013ea &#8211; horsk\u00e1 l\u00faka Mal\u00e1 Marovka<\/figcaption><\/figure>\n<h2 class=\"ds-markdown-paragraph\"><span style=\"color: #800000;\">Ak\u00e9 pravidl\u00e1 a obmedzenia platia pre n\u00e1v\u0161tevn\u00edkov Marockej hole?<\/span><\/h2>\n<p class=\"ds-markdown-paragraph\">Ke\u010f\u017ee ide o \u00fazemie s\u00a0<strong>4. stup\u0148om ochrany<\/strong>, platia tu pr\u00edsne pravidl\u00e1. Je zak\u00e1zan\u00e9 pohybova\u0165 sa mimo vyzna\u010den\u00e9ho\u00a0<strong>turistick\u00e9ho chodn\u00edka<\/strong>\u00a0alebo\u00a0<strong>n\u00e1u\u010dn\u00e9ho chodn\u00edka<\/strong>\u00a0za hranicami zastavan\u00e9ho \u00fazemia obce. Zak\u00e1zan\u00e9 je aj vch\u00e1dza\u0165 alebo st\u00e1\u0165 s bicyklom na pozemky za hranicami zastavan\u00e9ho \u00fazemia obce mimo dia\u013enice, cesty, miestnej komunik\u00e1cie a vyzna\u010denej cyklotrasy.\u00a0<strong>Pr\u00edsne je zak\u00e1zan\u00e9<\/strong>\u00a0zasiahnu\u0165 do lesn\u00e9ho porastu, po\u0161kodi\u0165 vegeta\u010dn\u00fd a p\u00f4dny kryt, chyta\u0165, usmrti\u0165 alebo lovi\u0165 \u017eivo\u010d\u00edchy a ru\u0161i\u0165 pokoj a ticho.<\/p>\n<h2 class=\"ds-markdown-paragraph\"><span style=\"color: #800000;\">\u010co mus\u00edm urobi\u0165, ak potrebujem zvl\u00e1\u0161tne povolenie na vstup do NPR Marock\u00e1 ho\u013ea?<\/span><\/h2>\n<p class=\"ds-markdown-paragraph\">Na vstup do pr\u00edrodnej rezerv\u00e1cie s 4. stup\u0148om ochrany v \u0161peci\u00e1lnych pr\u00edpadoch je potrebn\u00e9 z\u00edska\u0165 v\u00fdnimku.<\/p>\n<h3 class=\"ds-markdown-paragraph\"><span style=\"color: #808000;\">Postup je nasledovn\u00fd:<\/span><\/h3>\n<ol start=\"1\">\n<li>\n<p class=\"ds-markdown-paragraph\">Je potrebn\u00e9 poda\u0165\u00a0<strong>\u017eiados\u0165 na okresn\u00fd \u00farad<\/strong>\u00a0v s\u00eddle kraja (odbor starostlivosti o \u017eivotn\u00e9 prostredie) na udelenie v\u00fdnimky z \u00fazemnej ochrany pod\u013ea z\u00e1kona. Tak\u00fato \u017eiados\u0165 treba riadne od\u00f4vodni\u0165 a uvies\u0165 d\u00f4vody, pre ktor\u00e9 by mala by\u0165 v\u00fdnimka udelen\u00e1.<\/p>\n<\/li>\n<li>\n<p class=\"ds-markdown-paragraph\">Toto podanie sa spoplat\u0148uje. Pod\u013ea z\u00e1kona o spr\u00e1vnych poplatkoch je\u00a0<strong>suma poplatku 10 Eur<\/strong>, ak \u017eiados\u0165 pod\u00e1va fyzick\u00e1 osoba, alebo\u00a0<strong>100 Eur<\/strong>, ak ju pod\u00e1va pr\u00e1vnick\u00e1 osoba.<\/p>\n<\/li>\n<\/ol>\n<h2><span style=\"color: #800000;\">Zauj\u00edmav\u00e9 odkazy<\/span><\/h2>\n<h3><span style=\"color: #808000;\">Bl\u00edzke stredisko, turistick\u00e9 centrum, obec alebo mesto:<\/span><\/h3>\n<ul>\n<li><a href=\"https:\/\/www.keturist.sk\/info\/smer-slanske-vrchy\/rekreacne-stredisko-izra\/\">Stredisko Izra (\u010d\u00edtaj viac&#8230;)<\/a><\/li>\n<\/ul>\n<ul>\n<li><a href=\"https:\/\/www.keturist.sk\/info\/smer-slanske-vrchy\/obec-skaros\/\">Obec Sk\u00e1ro\u0161 (\u010d\u00edtaj viac&#8230;)<\/a><\/li>\n<\/ul>\n<ul>\n<li><a href=\"https:\/\/www.keturist.sk\/info\/smer-slanske-vrchy\/obec-slanec\/\">Obec Slanec (\u010d\u00edtaj viac&#8230;)<\/a><\/li>\n<\/ul>\n<ul>\n<li><a href=\"https:\/\/www.keturist.sk\/info\/smer-slanske-vrchy\/obec-slanska-huta\/\">Obec Slansk\u00e1 Huta (\u010d\u00edtaj viac&#8230;)<\/a><\/li>\n<\/ul>\n<h2><span style=\"color: #800000;\">Mapy<\/span><\/h2>\n<p><strong>Vrstvy: <\/strong>Turistick\u00e1 mapa, Automapa, Cyklomapa, Ly\u017eiarska mapa, Satelitn\u00e1 mapa a OpenStreetMap.<\/p>\n<p><strong>Kliknut\u00edm na logo &#8222;Freemap.sk&#8220; sa V\u00e1m mapa zobraz\u00ed na celej ploche obrazovky.<\/strong><\/p>\n<p><iframe style=\"width: 900px; height: 500px; border: 0;\" src=\"https:\/\/www.freemap.sk\/?map=15\/48.586913\/21.443156&amp;info-point=48.586913\/21.443156,NPR Marock\u00e1 ho\u013ea&amp;layers=X&amp;embed=search\" allowfullscreen=\"allowfullscreen\"><span data-mce-type=\"bookmark\" style=\"display: inline-block; width: 0px; overflow: hidden; line-height: 0;\" class=\"mce_SELRES_start\">\ufeff<\/span><\/iframe><\/p>\n<h2><span style=\"color: #800000;\">Po\u010dasie<\/span><\/h2>\n<p><iframe style=\"width: 900px; height: 609px;\" src=\"https:\/\/www.meteoblue.com\/sk\/po%C4%8Dasie\/widget\/three\/48.604N21.418E673_Europe%2FBratislava?geoloc=fixed&amp;nocurrent=0&amp;noforecast=0&amp;days=5&amp;tempunit=CELSIUS&amp;windunit=KILOMETER_PER_HOUR&amp;layout=image\" frameborder=\"0\" scrolling=\"NO\" sandbox=\"allow-same-origin allow-scripts allow-popups allow-popups-to-escape-sandbox\"><span data-mce-type=\"bookmark\" style=\"display: inline-block; width: 0px; overflow: hidden; line-height: 0;\" class=\"mce_SELRES_start\">\ufeff<\/span><\/iframe><\/p>\n<div><!-- DO NOT REMOVE THIS LINK --><a href=\"https:\/\/www.meteoblue.com\/sk\/po%C4%8Dasie\/predpove%C4%8F\/t%C3%BD%C5%BEde%C5%88\/48.604N21.418E673_Europe%2FBratislava?utm_source=weather_widget&amp;utm_medium=linkus&amp;utm_content=three&amp;utm_campaign=Weather%2BWidget\" target=\"_blank\" rel=\"noopener noreferrer\">meteoblue<\/a><\/div>\n","protected":false},"excerpt":{"rendered":"<p>Podkateg\u00f3ria: Lokaliz\u00e1cia: Slansk\u00e9 vrchy Marock\u00e1 ho\u013ea\u00a0je unik\u00e1tna n\u00e1rodn\u00e1 pr\u00edrodn\u00e1 rezerv\u00e1cia na Slovensku. Nach\u00e1dza sa na severoz\u00e1padn\u00fdch svahoch podhoria Mili\u010d a na z\u00e1padnom svahu vrchu Such\u00e1 hora (806 m n.m.). Le\u017e\u00ed [&hellip;]<\/p>\n","protected":false},"author":1,"featured_media":37220,"parent":0,"menu_order":0,"comment_status":"closed","ping_status":"closed","template":"","meta":{"_uag_custom_page_level_css":"","_monsterinsights_skip_tracking":false,"_monsterinsights_sitenote_active":false,"_monsterinsights_sitenote_note":"","_monsterinsights_sitenote_category":0,"footnotes":""},"class_list":["post-2866","page","type-page","status-publish","has-post-thumbnail","hentry"],"featured_image_src":"https:\/\/www.keturist.sk\/info\/wp-content\/uploads\/2020\/12\/marocka-hola.jpg","featured_image_src_square":"https:\/\/www.keturist.sk\/info\/wp-content\/uploads\/2020\/12\/marocka-hola.jpg","rbea_author_info":{"display_name":"admin","author_link":"https:\/\/www.keturist.sk\/info\/author\/admin\/"},"rbea_excerpt_info":"Podkateg\u00f3ria: Lokaliz\u00e1cia: Slansk\u00e9 vrchy Marock\u00e1 ho\u013ea\u00a0je unik\u00e1tna n\u00e1rodn\u00e1 pr\u00edrodn\u00e1 rezerv\u00e1cia na Slovensku. Nach\u00e1dza sa na severoz\u00e1padn\u00fdch svahoch podhoria Mili\u010d a na z\u00e1padnom svahu vrchu Such\u00e1 hora (806 m n.m.). Le\u017e\u00ed [&hellip;]","uagb_featured_image_src":{"full":["https:\/\/www.keturist.sk\/info\/wp-content\/uploads\/2020\/12\/marocka-hola.jpg",800,527,false],"thumbnail":["https:\/\/www.keturist.sk\/info\/wp-content\/uploads\/2020\/12\/marocka-hola-270x178.jpg",270,178,true],"medium":["https:\/\/www.keturist.sk\/info\/wp-content\/uploads\/2020\/12\/marocka-hola.jpg",800,527,false],"medium_large":["https:\/\/www.keturist.sk\/info\/wp-content\/uploads\/2020\/12\/marocka-hola-768x506.jpg",768,506,true],"large":["https:\/\/www.keturist.sk\/info\/wp-content\/uploads\/2020\/12\/marocka-hola.jpg",800,527,false],"1536x1536":["https:\/\/www.keturist.sk\/info\/wp-content\/uploads\/2020\/12\/marocka-hola.jpg",800,527,false],"2048x2048":["https:\/\/www.keturist.sk\/info\/wp-content\/uploads\/2020\/12\/marocka-hola.jpg",800,527,false]},"uagb_author_info":{"display_name":"admin","author_link":"https:\/\/www.keturist.sk\/info\/author\/admin\/"},"uagb_comment_info":0,"uagb_excerpt":"Podkateg\u00f3ria: Lokaliz\u00e1cia: Slansk\u00e9 vrchy Marock\u00e1 ho\u013ea\u00a0je unik\u00e1tna n\u00e1rodn\u00e1 pr\u00edrodn\u00e1 rezerv\u00e1cia na Slovensku. Nach\u00e1dza sa na severoz\u00e1padn\u00fdch svahoch podhoria Mili\u010d a na z\u00e1padnom svahu vrchu Such\u00e1 hora (806 m n.m.). Le\u017e\u00ed [&hellip;]","_links":{"self":[{"href":"https:\/\/www.keturist.sk\/info\/wp-json\/wp\/v2\/pages\/2866","targetHints":{"allow":["GET"]}}],"collection":[{"href":"https:\/\/www.keturist.sk\/info\/wp-json\/wp\/v2\/pages"}],"about":[{"href":"https:\/\/www.keturist.sk\/info\/wp-json\/wp\/v2\/types\/page"}],"author":[{"embeddable":true,"href":"https:\/\/www.keturist.sk\/info\/wp-json\/wp\/v2\/users\/1"}],"replies":[{"embeddable":true,"href":"https:\/\/www.keturist.sk\/info\/wp-json\/wp\/v2\/comments?post=2866"}],"version-history":[{"count":7,"href":"https:\/\/www.keturist.sk\/info\/wp-json\/wp\/v2\/pages\/2866\/revisions"}],"predecessor-version":[{"id":72597,"href":"https:\/\/www.keturist.sk\/info\/wp-json\/wp\/v2\/pages\/2866\/revisions\/72597"}],"wp:featuredmedia":[{"embeddable":true,"href":"https:\/\/www.keturist.sk\/info\/wp-json\/wp\/v2\/media\/37220"}],"wp:attachment":[{"href":"https:\/\/www.keturist.sk\/info\/wp-json\/wp\/v2\/media?parent=2866"}],"curies":[{"name":"wp","href":"https:\/\/api.w.org\/{rel}","templated":true}]}}