{"id":282,"date":"2013-08-02T06:27:19","date_gmt":"2013-08-02T04:27:19","guid":{"rendered":"https:\/\/www.keturist.sk\/info\/?page_id=282"},"modified":"2026-01-02T11:19:53","modified_gmt":"2026-01-02T10:19:53","slug":"stara-radnica","status":"publish","type":"page","link":"https:\/\/www.keturist.sk\/info\/kam-za-pamiatkami\/stara-radnica\/","title":{"rendered":"Star\u00e1 radnica"},"content":{"rendered":"<a href=\"https:\/\/www.keturist.sk\/info\/\" class=\"su-button su-button-style-default\" style=\"color:#000000;background-color:#FFCF2F;border-color:#cca626;border-radius:5px\" target=\"_self\"><span style=\"color:#000000;padding:6px 16px;font-size:13px;line-height:20px;border-color:#ffde6e;border-radius:5px;text-shadow:none\"><i class=\"sui sui-arrow-right\" style=\"font-size:13px;color:#000000\"><\/i>  Spravodaj <\/span><\/a>\n<a href=\"https:\/\/www.keturist.sk\/info\/tipy-na-vylety\/\" class=\"su-button su-button-style-default\" style=\"color:#000000;background-color:#FFCF2F;border-color:#cca626;border-radius:5px\" target=\"_self\"><span style=\"color:#000000;padding:6px 16px;font-size:13px;line-height:20px;border-color:#ffde6e;border-radius:5px;text-shadow:none\"><i class=\"sui sui-arrow-right\" style=\"font-size:13px;color:#000000\"><\/i>  TIPY NA V\u00ddLETY <\/span><\/a>\n<a href=\"https:\/\/www.keturist.sk\/info\/kam-za-pamiatkami\/\" class=\"su-button su-button-style-default\" style=\"color:#000000;background-color:#FFCF2F;border-color:#cca626;border-radius:5px\" target=\"_self\"><span style=\"color:#000000;padding:6px 16px;font-size:13px;line-height:20px;border-color:#ffde6e;border-radius:5px;text-shadow:none\"><i class=\"sui sui-arrow-right\" style=\"font-size:13px;color:#000000\"><\/i>  Kam za pamiatkami <\/span><\/a>\n<a href=\"https:\/\/www.keturist.sk\/info\/kam-za-pamiatkami\/kam-za-pamiatkami-smer-kosice\/\" class=\"su-button su-button-style-default\" style=\"color:#000000;background-color:#FFCF2F;border-color:#cca626;border-radius:5px\" target=\"_self\"><span style=\"color:#000000;padding:6px 16px;font-size:13px;line-height:20px;border-color:#ffde6e;border-radius:5px;text-shadow:none\"><i class=\"sui sui-arrow-right\" style=\"font-size:13px;color:#000000\"><\/i>  smer Ko\u0161ice <\/span><\/a>\n<div class=\"su-divider su-divider-style-default\" style=\"margin:15px 0;border-width:0px;border-color:#000000\"><\/div>\n<p><strong>Podkateg\u00f3ria: <\/strong> <a href=\"https:\/\/www.keturist.sk\/info\/kam-za-pamiatkami\/kam-za-pamiatkami-smer-kosice\/historicke-centrum\/\" class=\"su-button su-button-style-default\" style=\"color:#000000;background-color:#afd144;border-color:#8ca837;border-radius:5px\" target=\"_self\"><span style=\"color:#000000;padding:6px 16px;font-size:13px;line-height:20px;border-color:#c7df7d;border-radius:5px;text-shadow:none\"><i class=\"sui sui-arrow-right\" style=\"font-size:13px;color:#000000\"><\/i>  Historick\u00e9 centrum <\/span><\/a>\n<div class=\"su-divider su-divider-style-default\" style=\"margin:15px 0;border-width:0px;border-color:#000000\"><\/div>\n<strong>Lokaliz\u00e1cia: <\/strong><a href=\"https:\/\/www.keturist.sk\/info\/vseobecne-informacie\/\">Ko\u0161ice<\/a> a <a href=\"https:\/\/www.keturist.sk\/info\/turisticke-vychodiska\/strediska-a-centra\/m\">M\u010c Star\u00e9 mesto<\/a><br \/>\n<div class=\"su-divider su-divider-style-default\" style=\"margin:15px 0;border-width:2px;border-color:#000000\"><\/div>\n<figure id=\"attachment_37890\" aria-describedby=\"caption-attachment-37890\" style=\"width: 900px\" class=\"wp-caption aligncenter\"><a href=\"https:\/\/www.keturist.sk\/info\/wp-content\/uploads\/2021\/01\/stara-radnica1.jpg\"><img loading=\"lazy\" decoding=\"async\" class=\"wp-image-37890\" src=\"https:\/\/www.keturist.sk\/info\/wp-content\/uploads\/2021\/01\/stara-radnica1.jpg\" alt=\"Star\u00e1 radnica\" width=\"900\" height=\"675\" srcset=\"https:\/\/www.keturist.sk\/info\/wp-content\/uploads\/2021\/01\/stara-radnica1.jpg 800w, https:\/\/www.keturist.sk\/info\/wp-content\/uploads\/2021\/01\/stara-radnica1-240x180.jpg 240w, https:\/\/www.keturist.sk\/info\/wp-content\/uploads\/2021\/01\/stara-radnica1-768x576.jpg 768w\" sizes=\"auto, (max-width: 900px) 100vw, 900px\" \/><\/a><figcaption id=\"caption-attachment-37890\" class=\"wp-caption-text\">Fas\u00e1da &#8211; Star\u00e1 radnica<\/figcaption><\/figure>\n<div class=\"su-divider su-divider-style-default\" style=\"margin:15px 0;border-width:2px;border-color:#000000\"><\/div>\n<h2 class=\"ds-markdown-paragraph\"><span style=\"color: #800000;\">\u010co je to Star\u00e1 radnica a kde sa v Ko\u0161iciach nach\u00e1dza?<\/span><\/h2>\n<p class=\"ds-markdown-paragraph\"><strong>Star\u00e1 radnica<\/strong>\u00a0(zn\u00e1ma aj ako Historick\u00e1 radnica) je\u00a0<strong>barokovo-klasicistick\u00e1 stavba<\/strong>\u00a0mestsk\u00e9ho pal\u00e1cov\u00e9ho typu z rokov 1779-1780, ktor\u00e1 sa nach\u00e1dza v srdci mesta na\u00a0<strong>Hlavnej ulici \u010d\u00edslo 59 <\/strong>v meste Ko\u0161ice.<\/p>\n<h2 class=\"ds-markdown-paragraph\"><span style=\"color: #800000;\">Kto je autorom projektu Starej radnice?<\/span><\/h2>\n<p class=\"ds-markdown-paragraph\">Projektantom tejto <strong>n\u00e1rodnej kult\u00farnej pamiatky<\/strong>\u00a0bol J. Langer z bratislavskej stavite\u013eskej komory.<\/p>\n<h2 class=\"ds-markdown-paragraph\"><span style=\"color: #800000;\">Ako vyzer\u00e1 fas\u00e1da a hlavn\u00fd vchod do budovy?<\/span><\/h2>\n<p class=\"ds-markdown-paragraph\">Uprostred jej prie\u010delia je mierne vystupuj\u00faci rizalit s vchodom. Po oboch stran\u00e1ch vchodu s polkruhov\u00fdm kamenn\u00fdm port\u00e1lom s\u00fa tri a tri predstaven\u00e9 st\u013apy, na ktor\u00fdch le\u017e\u00ed <strong>balk\u00f3n s kovan\u00fdm z\u00e1bradl\u00edm<\/strong>. Fas\u00e1da je e\u0161te \u010dlenen\u00e1 pilastrami s kompozitn\u00fdmi hlavicami.<\/p>\n<p class=\"ds-markdown-paragraph\">Plochu nad oknami a v parapetoch na poschod\u00ed vypl\u0148uje\u00a0<strong>bohat\u00e1 \u0161tukov\u00e1 v\u00fdzdoba<\/strong>\u00a0z reli\u00e9fnych fest\u00f3nov a geometrick\u00fdch obrazcov od J.A. Krausa. V n\u00edzkom tympan\u00f3ne nad rizalitom je plastick\u00fd znak mesta Ko\u0161ice.<\/p>\n<h2 class=\"ds-markdown-paragraph\"><span style=\"color: #800000;\">\u010co je zauj\u00edmav\u00e9 na interi\u00e9ri a schodi\u0161ti Starej radnice?<\/span><\/h2>\n<p class=\"ds-markdown-paragraph\">Z trojdieln\u00e9ho priechodu s pruskou klenbou vedie na poschodie <strong>lomen\u00e9 schodi\u0161te s ku\u017eel\u00edkovitou balustr\u00e1dou<\/strong>\u00a0a s rokokovou kovanou br\u00e1nou. Na odpo\u010d\u00edvadle schodi\u0161\u0165a je od m\u00fara vsaden\u00e1\u00a0<strong>renesan\u010dn\u00e1 pam\u00e4tn\u00e1 tabu\u013ea<\/strong>\u00a0ko\u0161ick\u00e9ho rod\u00e1ka, nesk\u00f4r ostrihomsk\u00e9ho prim\u00e1\u0161a a kr\u00e1\u013eovsk\u00e9ho kancel\u00e1ra Juraja Satm\u00e1riho z roku 1492.<\/p>\n<p class=\"ds-markdown-paragraph\">Tabu\u013ea z \u010derven\u00e9ho mramoru bola p\u00f4vodne osaden\u00e1 do m\u00fara zru\u0161enej pr\u00edstavby kaplnky sv. Michala. Plochu tabule vyp\u013a\u0148a vytesan\u00fd znak rodiny Satm\u00e1riovcov.<\/p>\n<h2 class=\"ds-markdown-paragraph\"><span style=\"color: #800000;\">Ak\u00e9 umeleck\u00e9 diela zdobia interi\u00e9r Starej radnice?<\/span><\/h2>\n<p class=\"ds-markdown-paragraph\">Strop schodi\u0161\u0165a zdob\u00ed <strong>vz\u00e1cna ma\u013eba s n\u00e1metom aleg\u00f3rie uhorsk\u00e9ho pr\u00e1va<\/strong>\u00a0z roku 1781 od v Ko\u0161iciach v tom \u010dase p\u00f4sobiaceho maliara Erazmusa Schrotta. Dielom toho ist\u00e9ho maliara je aj\u00a0<strong>stropn\u00e1 ma\u013eba s n\u00e1metom oslavy vl\u00e1dy Jozefa II.<\/strong>\u00a0v miestnosti b\u00fdvalej malej zasadacej siene poch\u00e1dzaj\u00faca z roku 1782.<\/p>\n<h2 class=\"ds-markdown-paragraph\"><span style=\"color: #800000;\">Ako sa budova vyu\u017e\u00edvala historicky a \u010d\u00edm je v\u00fdznamn\u00e1?<\/span><\/h2>\n<p class=\"ds-markdown-paragraph\"><strong>Radnica mesta Ko\u0161ice<\/strong>\u00a0t\u00fato budovu vyu\u017e\u00edvala a\u017e do roku 1927. V \u010dase\u00a0<strong>Slovenskej republiky r\u00e1d<\/strong>\u00a0bola s\u00eddlom jej najvy\u0161\u0161ieho org\u00e1nu \u2013 Revolu\u010dnej vl\u00e1dnej rady. T\u00fato skuto\u010dnos\u0165 pripom\u00edna\u00a0<strong>pam\u00e4tn\u00e1 tabu\u013ea<\/strong>\u00a0osaden\u00e1 na hlavnom prie\u010del\u00ed budovy, ktorej tvorcom je akademick\u00fd soch\u00e1r, n\u00e1rodn\u00fd umelec Arp\u00e1d Ra\u010dko.<\/p>\n<p class=\"ds-markdown-paragraph\">Odhalili ju pri pr\u00edle\u017eitosti 45. v\u00fdro\u010dia vyhl\u00e1senia SR r\u00e1d v roku 1946. Budova\u00a0<strong>Starej radnice<\/strong>\u00a0je v\u00fdznamnou\u00a0<strong>n\u00e1rodnohistorickou pamiatkou<\/strong>.<\/p>\n<h2 class=\"ds-markdown-paragraph\"><span style=\"color: #800000;\">Ak\u00e9 \u010fal\u0161ie pam\u00e4tn\u00e9 tabule sa nach\u00e1dzaj\u00fa na budove?<\/span><\/h2>\n<p class=\"ds-markdown-paragraph\">Na fas\u00e1de budovy je aj <strong>pam\u00e4tn\u00e1 tabu\u013ea pripom\u00ednaj\u00faca pobyt sl\u00e1vneho rusk\u00e9ho vojvodcu M.I. Kutuzova<\/strong>\u00a0v Ko\u0161iciach pri jeho n\u00e1vrate do vlasti po bitke pri Slavkove roku 1805. Autorom tejto pam\u00e4tnej tabule je akademick\u00fd soch\u00e1r Juraj Bartusz a odhalili ju v roku 1966.<\/p>\n<h2 class=\"ds-markdown-paragraph\"><span style=\"color: #800000;\">\u010comu sl\u00fa\u017eila budova od roku 1927 a \u010do bolo v nej pristavan\u00e9?<\/span><\/h2>\n<p class=\"ds-markdown-paragraph\">Preva\u017en\u00e1 \u010das\u0165 budovy sl\u00fa\u017ei od roku 1927 pre <strong>kni\u017enicu<\/strong>. V zadnom trakte budovy bolo v roku 1927 pristavan\u00e9\u00a0<strong>kino Slovan<\/strong>. Autorom projektu pr\u00edstavby bol zn\u00e1my ko\u0161ick\u00fd architekt \u013dudov\u00edt Oelschl\u00e4ger.<\/p>\n<h2 class=\"ds-markdown-paragraph\"><span style=\"color: #800000;\">Ako sa Star\u00e1 radnica vyu\u017e\u00edva dnes a \u010do v nej turisti n\u00e1jdu?<\/span><\/h2>\n<p class=\"ds-markdown-paragraph\">Dnes budovu mesto vyu\u017e\u00edva na <strong>reprezenta\u010dn\u00e9 \u00fa\u010dely<\/strong>. Budova\u00a0<strong>Historickej radnice (Starej radnice)<\/strong>\u00a0v Ko\u0161iciach sl\u00fa\u017ei ako\u00a0<strong>polyfunk\u010dn\u00e9 kult\u00farne centrum<\/strong>\u00a0spravovan\u00e9 organiz\u00e1ciou K13 \u2013 Ko\u0161ick\u00e9 kult\u00farne centr\u00e1. Priestory sa vyu\u017e\u00edvaj\u00fa na\u00a0<strong>divadeln\u00e9 predstavenia, koncerty, filmov\u00e9 festivaly, konferencie, tla\u010dov\u00e9 besedy a in\u00e9 kult\u00farno-spolo\u010densk\u00e9 podujatia<\/strong>.<\/p>\n<h2 class=\"ds-markdown-paragraph\"><span style=\"color: #800000;\">\u010co je Visit Ko\u0161ice Infopoint a ak\u00e9 slu\u017eby pon\u00faka?<\/span><\/h2>\n<p class=\"ds-markdown-paragraph\">V pr\u00edzem\u00ed budovy sa nach\u00e1dza <strong>N\u00e1v\u0161tevn\u00edcke centrum Ko\u0161ice<\/strong>\u00a0\u2013\u00a0<strong>Modern\u00e9 infocentrum Visit Ko\u0161ice Infopoint<\/strong>, ktor\u00e9 je vstupnou br\u00e1nou k spozn\u00e1vaniu mesta. Zastavte sa tu pre potrebn\u00e9\u00a0<strong>inform\u00e1cie, overen\u00e9 rady a tipy<\/strong>\u00a0\u010di origin\u00e1lne umeleck\u00e9 suven\u00edry.<\/p>\n<p class=\"ds-markdown-paragraph\">Vyzdvihnite si praktick\u00e9 mapy mesta alebo pr\u00ed\u010fte obdivova\u0165 multimedi\u00e1lne diela umelcov z r\u00f4znych kraj\u00edn.\u00a0<strong>Visit Ko\u0161ice Infopoint<\/strong>\u00a0je \u010diasto\u010dne bezbari\u00e9rov\u00fd (prenosn\u00e1 rampa pre vchodov\u00e9 dvere) a vybaven\u00fd prvkami pre nevidiacich. Nezabudnite si pri n\u00e1v\u0161teve\u00a0<strong>obzrie\u0165 aj fas\u00e1du budovy \u2013 Historickej radnice<\/strong>, ktor\u00e1 sa okrem in\u00e9ho hrd\u00ed aj znakom Ko\u0161\u00edc.<\/p>\n<p><strong>Visit Ko\u0161ice Infopoint<\/strong><br \/>\nHlavn\u00e1 59,<br \/>\n040 01 Ko\u0161ice<br \/>\n<strong>Viac info:<\/strong> <a href=\"https:\/\/visitkosice.org\/\" target=\"_blank\" rel=\"noopener\">https:\/\/visitkosice.org\/<\/a><\/p>\n<h2><span style=\"color: #800000;\">Fotogal\u00e9ria<\/span><\/h2>\n<style type=\"text\/css\">\n#foogallery-gallery-72939 .fg-image { width: 200px; }<\/style>\n\t\t\t<div class=\"foogallery foogallery-container foogallery-carousel foogallery-lightbox-foogallery fg-carousel fg-ready fg-light fg-border-medium fg-round-small fg-shadow-medium fg-loading-default fg-loaded-fade-in fg-hover-semi-zoomed fg-hover-fade fg-hover-circle-plus2\" id=\"foogallery-gallery-72939\" data-foogallery=\"{&quot;item&quot;:{&quot;showCaptionTitle&quot;:true,&quot;showCaptionDescription&quot;:true},&quot;lazy&quot;:true,&quot;template&quot;:{&quot;maxItems&quot;:5,&quot;scale&quot;:0.11999999999999999555910790149937383830547332763671875,&quot;gutter&quot;:{&quot;min&quot;:-40,&quot;max&quot;:-20,&quot;unit&quot;:&quot;%&quot;},&quot;autoplay&quot;:{&quot;time&quot;:0,&quot;interaction&quot;:&quot;pause&quot;},&quot;centerOnClick&quot;:true,&quot;align&quot;:&quot;center&quot;,&quot;activePosition&quot;:&quot;center&quot;}}\" data-foogallery-lightbox=\"{&quot;thumbs&quot;:&quot;bottom&quot;,&quot;thumbsCaptions&quot;:false,&quot;thumbsBestFit&quot;:false,&quot;thumbsSmall&quot;:false,&quot;thumbsCaptionsAlign&quot;:&quot;default&quot;,&quot;info&quot;:&quot;bottom&quot;,&quot;infoVisible&quot;:true,&quot;infoOverlay&quot;:true,&quot;infoAlign&quot;:&quot;default&quot;,&quot;transition&quot;:&quot;fade&quot;,&quot;hoverButtons&quot;:false,&quot;fitMedia&quot;:false,&quot;noScrollbars&quot;:true,&quot;preserveButtonSpace&quot;:true,&quot;buttons&quot;:{&quot;fullscreen&quot;:true,&quot;info&quot;:true,&quot;thumbs&quot;:false},&quot;video&quot;:{&quot;autoPlay&quot;:true}}\" style=\"--fg-title-line-clamp: 1; --fg-description-line-clamp: 2;\" >\n\t<button type=\"button\" class=\"fg-carousel-prev\" title=\"Previous\"><\/button>\n\t<div class=\"fg-carousel-inner\">\n\t\t<div class=\"fg-carousel-center\"><\/div>\n\t\t<div class=\"fg-item fg-type-image fg-idle\"><figure class=\"fg-item-inner\"><a href=\"https:\/\/www.keturist.sk\/info\/wp-content\/uploads\/2021\/01\/stara-radnica1.jpg\" data-caption-title=\"Star\u00e1 radnica \u2013 Historick\u00e1 radnica\" data-caption-desc=\"star\u00e9 foto - Star\u00e1 radnica z roku 2005\" data-attachment-id=\"37890\" data-type=\"image\" class=\"fg-thumb\"><span class=\"fg-image-wrap\"><img decoding=\"async\" alt=\"Star\u00e1 radnica \u2013 Historick\u00e1 radnica\" title=\"Star\u00e1 radnica \u2013 Historick\u00e1 radnica\" width=\"200\" height=\"200\" class=\"skip-lazy fg-image\" data-src-fg=\"https:\/\/www.keturist.sk\/info\/wp-content\/uploads\/cache\/2021\/01\/stara-radnica1\/1946862583.jpg\" src=\"data:image\/svg+xml,%3Csvg%20xmlns%3D%22http%3A%2F%2Fwww.w3.org%2F2000%2Fsvg%22%20width%3D%22200%22%20height%3D%22200%22%20viewBox%3D%220%200%20200%20200%22%3E%3C%2Fsvg%3E\" loading=\"eager\"><\/span><span class=\"fg-image-overlay\"><\/span><\/a><figcaption class=\"fg-caption\"><div class=\"fg-caption-inner\"><div class=\"fg-caption-title\">Star\u00e1 radnica \u2013 Historick\u00e1 radnica<\/div><div class=\"fg-caption-desc\">star\u00e9 foto - Star\u00e1 radnica z roku 2005<\/div><\/div><\/figcaption><\/figure><div class=\"fg-loader\"><\/div><\/div><div class=\"fg-item fg-type-image fg-idle\"><figure class=\"fg-item-inner\"><a href=\"https:\/\/www.keturist.sk\/info\/wp-content\/uploads\/2021\/01\/stararadnica.jpg\" data-attachment-id=\"37894\" data-type=\"image\" class=\"fg-thumb\"><span class=\"fg-image-wrap\"><img decoding=\"async\" width=\"200\" height=\"200\" class=\"skip-lazy fg-image\" data-src-fg=\"https:\/\/www.keturist.sk\/info\/wp-content\/uploads\/cache\/2021\/01\/stararadnica\/3922816644.jpg\" src=\"data:image\/svg+xml,%3Csvg%20xmlns%3D%22http%3A%2F%2Fwww.w3.org%2F2000%2Fsvg%22%20width%3D%22200%22%20height%3D%22200%22%20viewBox%3D%220%200%20200%20200%22%3E%3C%2Fsvg%3E\" loading=\"eager\"><\/span><span class=\"fg-image-overlay\"><\/span><\/a><\/figure><div class=\"fg-loader\"><\/div><\/div><div class=\"fg-item fg-type-image fg-idle\"><figure class=\"fg-item-inner\"><a href=\"https:\/\/www.keturist.sk\/info\/wp-content\/uploads\/2021\/01\/stara-radnica4.jpg\" data-caption-title=\"Star\u00e1 radnica \u2013 Historick\u00e1 radnica\" data-caption-desc=\"vstup do zadn\u00e9ho traktu - b\u00fdval\u00e9 kino Slovan\" data-attachment-id=\"37893\" data-type=\"image\" class=\"fg-thumb\"><span class=\"fg-image-wrap\"><img decoding=\"async\" alt=\"Star\u00e1 radnica \u2013 Historick\u00e1 radnica\" title=\"Star\u00e1 radnica \u2013 Historick\u00e1 radnica\" width=\"200\" height=\"200\" class=\"skip-lazy fg-image\" data-src-fg=\"https:\/\/www.keturist.sk\/info\/wp-content\/uploads\/cache\/2021\/01\/stara-radnica4\/1426825288.jpg\" src=\"data:image\/svg+xml,%3Csvg%20xmlns%3D%22http%3A%2F%2Fwww.w3.org%2F2000%2Fsvg%22%20width%3D%22200%22%20height%3D%22200%22%20viewBox%3D%220%200%20200%20200%22%3E%3C%2Fsvg%3E\" loading=\"eager\"><\/span><span class=\"fg-image-overlay\"><\/span><\/a><figcaption class=\"fg-caption\"><div class=\"fg-caption-inner\"><div class=\"fg-caption-title\">Star\u00e1 radnica \u2013 Historick\u00e1 radnica<\/div><div class=\"fg-caption-desc\">vstup do zadn\u00e9ho traktu - b\u00fdval\u00e9 kino Slovan<\/div><\/div><\/figcaption><\/figure><div class=\"fg-loader\"><\/div><\/div><div class=\"fg-item fg-type-image fg-idle\"><figure class=\"fg-item-inner\"><a href=\"https:\/\/www.keturist.sk\/info\/wp-content\/uploads\/2021\/01\/stara-radnica3.jpg\" data-caption-title=\"Star\u00e1 radnica \u2013 Historick\u00e1 radnica\" data-caption-desc=\"Strop schodi\u0161\u0165a\" data-attachment-id=\"37892\" data-type=\"image\" class=\"fg-thumb\"><span class=\"fg-image-wrap\"><img decoding=\"async\" alt=\"Star\u00e1 radnica \u2013 Historick\u00e1 radnica\" title=\"Star\u00e1 radnica \u2013 Historick\u00e1 radnica\" width=\"200\" height=\"200\" class=\"skip-lazy fg-image\" data-src-fg=\"https:\/\/www.keturist.sk\/info\/wp-content\/uploads\/cache\/2021\/01\/stara-radnica3\/2602186088.jpg\" src=\"data:image\/svg+xml,%3Csvg%20xmlns%3D%22http%3A%2F%2Fwww.w3.org%2F2000%2Fsvg%22%20width%3D%22200%22%20height%3D%22200%22%20viewBox%3D%220%200%20200%20200%22%3E%3C%2Fsvg%3E\" loading=\"eager\"><\/span><span class=\"fg-image-overlay\"><\/span><\/a><figcaption class=\"fg-caption\"><div class=\"fg-caption-inner\"><div class=\"fg-caption-title\">Star\u00e1 radnica \u2013 Historick\u00e1 radnica<\/div><div class=\"fg-caption-desc\">Strop schodi\u0161\u0165a<\/div><\/div><\/figcaption><\/figure><div class=\"fg-loader\"><\/div><\/div><div class=\"fg-item fg-type-image fg-idle\"><figure class=\"fg-item-inner\"><a href=\"https:\/\/www.keturist.sk\/info\/wp-content\/uploads\/2021\/01\/stara-radnica2.jpg\" data-caption-title=\"Star\u00e1 radnica \u2013 Historick\u00e1 radnica\" data-caption-desc=\"lomen\u00e9 schodi\u0161te s ku\u017eel\u00edkovitou balustr\u00e1dou\" data-attachment-id=\"37891\" data-type=\"image\" class=\"fg-thumb\"><span class=\"fg-image-wrap\"><img decoding=\"async\" alt=\"Star\u00e1 radnica \u2013 Historick\u00e1 radnica\" title=\"Star\u00e1 radnica \u2013 Historick\u00e1 radnica\" width=\"200\" height=\"200\" class=\"skip-lazy fg-image\" data-src-fg=\"https:\/\/www.keturist.sk\/info\/wp-content\/uploads\/cache\/2021\/01\/stara-radnica2\/3250362364.jpg\" src=\"data:image\/svg+xml,%3Csvg%20xmlns%3D%22http%3A%2F%2Fwww.w3.org%2F2000%2Fsvg%22%20width%3D%22200%22%20height%3D%22200%22%20viewBox%3D%220%200%20200%20200%22%3E%3C%2Fsvg%3E\" loading=\"eager\"><\/span><span class=\"fg-image-overlay\"><\/span><\/a><figcaption class=\"fg-caption\"><div class=\"fg-caption-inner\"><div class=\"fg-caption-title\">Star\u00e1 radnica \u2013 Historick\u00e1 radnica<\/div><div class=\"fg-caption-desc\">lomen\u00e9 schodi\u0161te s ku\u017eel\u00edkovitou balustr\u00e1dou<\/div><\/div><\/figcaption><\/figure><div class=\"fg-loader\"><\/div><\/div>\t<\/div>\n\t<div class=\"fg-carousel-bottom\"><\/div>\n\t<div class=\"fg-carousel-progress\"><\/div>\n\t<button type=\"button\" class=\"fg-carousel-next\" title=\"Next\"><\/button>\n<\/div>\n<h2><span style=\"color: #800000;\">Zauj\u00edmav\u00e9 odkazy<\/span><\/h2>\n<h3><span style=\"color: #808000;\">Otv\u00e1racie hodiny:<\/span><\/h3>\n<ul>\n<li><a href=\"https:\/\/www.keturist.sk\/info\/visit-kosice-infopoint-otvaracie-hodiny\/\" target=\"_blank\" rel=\"noopener\">Visit Ko\u0161ice Infopoint: Otv\u00e1racie hodiny (\u010d\u00edtaj viac&#8230;)<\/a><\/li>\n<\/ul>\n<h3><span style=\"color: #808000;\">Bl\u00edzke stredisko, turistick\u00e9 centrum, obec alebo mesto:<\/span><\/h3>\n<ul>\n<li><a href=\"https:\/\/www.keturist.sk\/info\/strediska-a-centra\/mc-stare-mesto\/\">Ko\u0161ice &#8211; M\u010c Star\u00e9 mesto (\u010d\u00edtaj viac&#8230;)<\/a><\/li>\n<\/ul>\n<h2><span style=\"color: #800000;\">Mapy<\/span><\/h2>\n<p><strong>Vrstvy: <\/strong>Turistick\u00e1 mapa, Automapa, Cyklomapa, Ly\u017eiarska mapa, Satelitn\u00e1 mapa a OpenStreetMap.<\/p>\n<p><strong>Kliknut\u00edm na logo &#8222;Freemap.sk&#8220; sa V\u00e1m mapa zobraz\u00ed na celej ploche obrazovky.<\/strong><\/p>\n<p><iframe style=\"width: 900px; height: 500px; border: 0;\" src=\"https:\/\/www.freemap.sk\/?map=16\/48.721540\/21.257955&amp;info-point=48.721540\/21.257955,Star\u00e1 radnica&amp;layers=X&amp;embed=search\" allowfullscreen=\"allowfullscreen\"><span data-mce-type=\"bookmark\" style=\"display: inline-block; width: 0px; overflow: hidden; line-height: 0;\" class=\"mce_SELRES_start\">\ufeff<\/span><\/iframe><\/p>\n<h2><span style=\"color: #800000;\">Po\u010dasie<\/span><\/h2>\n<p><iframe style=\"width: 900px; height: 607px;\" src=\"https:\/\/www.meteoblue.com\/sk\/po%C4%8Dasie\/widget\/three\/ko%c5%a1ice_slovensk%c3%a1-republika_724443?geoloc=fixed&amp;nocurrent=0&amp;noforecast=0&amp;days=5&amp;tempunit=CELSIUS&amp;windunit=KILOMETER_PER_HOUR&amp;layout=image\" frameborder=\"0\" scrolling=\"NO\" sandbox=\"allow-same-origin allow-scripts allow-popups allow-popups-to-escape-sandbox\"><span data-mce-type=\"bookmark\" style=\"display: inline-block; width: 0px; overflow: hidden; line-height: 0;\" class=\"mce_SELRES_start\">\ufeff<\/span><\/iframe><\/p>\n<div><!-- DO NOT REMOVE THIS LINK --><a href=\"https:\/\/www.meteoblue.com\/sk\/po%C4%8Dasie\/predpove%C4%8F\/t%C3%BD%C5%BEde%C5%88\/ko%c5%a1ice_slovensk%c3%a1-republika_724443?utm_source=weather_widget&amp;utm_medium=linkus&amp;utm_content=three&amp;utm_campaign=Weather%2BWidget\" target=\"_blank\" rel=\"noopener noreferrer\">meteoblue<\/a><\/div>\n<p>&nbsp;<\/p>\n","protected":false},"excerpt":{"rendered":"<p>Podkateg\u00f3ria: Lokaliz\u00e1cia: Ko\u0161ice a M\u010c Star\u00e9 mesto \u010co je to Star\u00e1 radnica a kde sa v Ko\u0161iciach nach\u00e1dza? Star\u00e1 radnica\u00a0(zn\u00e1ma aj ako Historick\u00e1 radnica) je\u00a0barokovo-klasicistick\u00e1 stavba\u00a0mestsk\u00e9ho pal\u00e1cov\u00e9ho typu z rokov [&hellip;]<\/p>\n","protected":false},"author":1,"featured_media":37890,"parent":51,"menu_order":0,"comment_status":"closed","ping_status":"closed","template":"","meta":{"_uag_custom_page_level_css":"","_monsterinsights_skip_tracking":false,"_monsterinsights_sitenote_active":false,"_monsterinsights_sitenote_note":"","_monsterinsights_sitenote_category":0,"footnotes":""},"class_list":["post-282","page","type-page","status-publish","has-post-thumbnail","hentry"],"featured_image_src":"https:\/\/www.keturist.sk\/info\/wp-content\/uploads\/2021\/01\/stara-radnica1.jpg","featured_image_src_square":"https:\/\/www.keturist.sk\/info\/wp-content\/uploads\/2021\/01\/stara-radnica1.jpg","rbea_author_info":{"display_name":"admin","author_link":"https:\/\/www.keturist.sk\/info\/author\/admin\/"},"rbea_excerpt_info":"Podkateg\u00f3ria: Lokaliz\u00e1cia: Ko\u0161ice a M\u010c Star\u00e9 mesto \u010co je to Star\u00e1 radnica a kde sa v Ko\u0161iciach nach\u00e1dza? Star\u00e1 radnica\u00a0(zn\u00e1ma aj ako Historick\u00e1 radnica) je\u00a0barokovo-klasicistick\u00e1 stavba\u00a0mestsk\u00e9ho pal\u00e1cov\u00e9ho typu z rokov [&hellip;]","uagb_featured_image_src":{"full":["https:\/\/www.keturist.sk\/info\/wp-content\/uploads\/2021\/01\/stara-radnica1.jpg",800,600,false],"thumbnail":["https:\/\/www.keturist.sk\/info\/wp-content\/uploads\/2021\/01\/stara-radnica1-240x180.jpg",240,180,true],"medium":["https:\/\/www.keturist.sk\/info\/wp-content\/uploads\/2021\/01\/stara-radnica1.jpg",800,600,false],"medium_large":["https:\/\/www.keturist.sk\/info\/wp-content\/uploads\/2021\/01\/stara-radnica1-768x576.jpg",768,576,true],"large":["https:\/\/www.keturist.sk\/info\/wp-content\/uploads\/2021\/01\/stara-radnica1.jpg",800,600,false],"1536x1536":["https:\/\/www.keturist.sk\/info\/wp-content\/uploads\/2021\/01\/stara-radnica1.jpg",800,600,false],"2048x2048":["https:\/\/www.keturist.sk\/info\/wp-content\/uploads\/2021\/01\/stara-radnica1.jpg",800,600,false]},"uagb_author_info":{"display_name":"admin","author_link":"https:\/\/www.keturist.sk\/info\/author\/admin\/"},"uagb_comment_info":0,"uagb_excerpt":"Podkateg\u00f3ria: Lokaliz\u00e1cia: Ko\u0161ice a M\u010c Star\u00e9 mesto \u010co je to Star\u00e1 radnica a kde sa v Ko\u0161iciach nach\u00e1dza? Star\u00e1 radnica\u00a0(zn\u00e1ma aj ako Historick\u00e1 radnica) je\u00a0barokovo-klasicistick\u00e1 stavba\u00a0mestsk\u00e9ho pal\u00e1cov\u00e9ho typu z rokov [&hellip;]","_links":{"self":[{"href":"https:\/\/www.keturist.sk\/info\/wp-json\/wp\/v2\/pages\/282","targetHints":{"allow":["GET"]}}],"collection":[{"href":"https:\/\/www.keturist.sk\/info\/wp-json\/wp\/v2\/pages"}],"about":[{"href":"https:\/\/www.keturist.sk\/info\/wp-json\/wp\/v2\/types\/page"}],"author":[{"embeddable":true,"href":"https:\/\/www.keturist.sk\/info\/wp-json\/wp\/v2\/users\/1"}],"replies":[{"embeddable":true,"href":"https:\/\/www.keturist.sk\/info\/wp-json\/wp\/v2\/comments?post=282"}],"version-history":[{"count":5,"href":"https:\/\/www.keturist.sk\/info\/wp-json\/wp\/v2\/pages\/282\/revisions"}],"predecessor-version":[{"id":72941,"href":"https:\/\/www.keturist.sk\/info\/wp-json\/wp\/v2\/pages\/282\/revisions\/72941"}],"up":[{"embeddable":true,"href":"https:\/\/www.keturist.sk\/info\/wp-json\/wp\/v2\/pages\/51"}],"wp:featuredmedia":[{"embeddable":true,"href":"https:\/\/www.keturist.sk\/info\/wp-json\/wp\/v2\/media\/37890"}],"wp:attachment":[{"href":"https:\/\/www.keturist.sk\/info\/wp-json\/wp\/v2\/media?parent=282"}],"curies":[{"name":"wp","href":"https:\/\/api.w.org\/{rel}","templated":true}]}}