{"id":2813,"date":"2013-11-01T18:39:03","date_gmt":"2013-11-01T16:39:03","guid":{"rendered":"https:\/\/www.keturist.sk\/info\/?page_id=2813"},"modified":"2025-12-13T09:03:04","modified_gmt":"2025-12-13T08:03:04","slug":"prirodna-rezervacia-vysoky-vrch","status":"publish","type":"page","link":"https:\/\/www.keturist.sk\/info\/prirodna-rezervacia-vysoky-vrch\/","title":{"rendered":"Pr\u00edrodn\u00e1 rezerv\u00e1cia Vysok\u00fd vrch"},"content":{"rendered":"<a href=\"https:\/\/www.keturist.sk\/info\/\" class=\"su-button su-button-style-default\" style=\"color:#000000;background-color:#FFCF2F;border-color:#cca626;border-radius:5px\" target=\"_self\"><span style=\"color:#000000;padding:6px 16px;font-size:13px;line-height:20px;border-color:#ffde6e;border-radius:5px;text-shadow:none\"><i class=\"sui sui-arrow-right\" style=\"font-size:13px;color:#000000\"><\/i>  Spravodaj <\/span><\/a>\n<a href=\"https:\/\/www.keturist.sk\/info\/tipy-na-vylety\/\" class=\"su-button su-button-style-default\" style=\"color:#000000;background-color:#FFCF2F;border-color:#cca626;border-radius:5px\" target=\"_self\"><span style=\"color:#000000;padding:6px 16px;font-size:13px;line-height:20px;border-color:#ffde6e;border-radius:5px;text-shadow:none\"><i class=\"sui sui-arrow-right\" style=\"font-size:13px;color:#000000\"><\/i>  TIPY NA V\u00ddLETY <\/span><\/a>\n<a href=\"https:\/\/www.keturist.sk\/info\/kam-do-prirody\/\" class=\"su-button su-button-style-default\" style=\"color:#000000;background-color:#FFCF2F;border-color:#cca626;border-radius:5px\" target=\"_self\"><span style=\"color:#000000;padding:6px 16px;font-size:13px;line-height:20px;border-color:#ffde6e;border-radius:5px;text-shadow:none\"><i class=\"sui sui-arrow-right\" style=\"font-size:13px;color:#000000\"><\/i>  Kam do pr\u00edrody <\/span><\/a>\n<a href=\"https:\/\/www.keturist.sk\/info\/kam-do-prirody\/kam-do-prirody-smer-cierna-hora\/\" class=\"su-button su-button-style-default\" style=\"color:#000000;background-color:#FFCF2F;border-color:#cca626;border-radius:5px\" target=\"_self\"><span style=\"color:#000000;padding:6px 16px;font-size:13px;line-height:20px;border-color:#ffde6e;border-radius:5px;text-shadow:none\"><i class=\"sui sui-arrow-right\" style=\"font-size:13px;color:#000000\"><\/i>  Smer \u010cierna hora <\/span><\/a>\n<div class=\"su-divider su-divider-style-default\" style=\"margin:15px 0;border-width:0px;border-color:#000000\"><\/div>\n<strong>Podkateg\u00f3ria: <\/strong> <a href=\"https:\/\/www.keturist.sk\/info\/kam-do-prirody\/kam-do-prirody-smer-cierna-hora\/ochrana-prirody\/\" class=\"su-button su-button-style-default\" style=\"color:#000000;background-color:#afd144;border-color:#8ca837;border-radius:5px\" target=\"_self\"><span style=\"color:#000000;padding:6px 16px;font-size:13px;line-height:20px;border-color:#c7df7d;border-radius:5px;text-shadow:none\"><i class=\"sui sui-arrow-right\" style=\"font-size:13px;color:#000000\"><\/i>  Ochrana pr\u00edrody <\/span><\/a>\n<p><strong>Lokaliz\u00e1cia: <\/strong><a href=\"https:\/\/www.keturist.sk\/info\/okolite-hory\/cierna-hora\/\">\u010cierna hora<\/a><\/p>\n<div class=\"su-divider su-divider-style-default\" style=\"margin:15px 0;border-width:2px;border-color:#000000\"><\/div>\n<figure id=\"attachment_34365\" aria-describedby=\"caption-attachment-34365\" style=\"width: 900px\" class=\"wp-caption aligncenter\"><a href=\"https:\/\/www.keturist.sk\/info\/wp-content\/uploads\/2020\/10\/vysoky1.jpg\"><img loading=\"lazy\" decoding=\"async\" class=\"wp-image-34365\" title=\"Vysok\u00fd vrch (851 m n.m.) - vrchol \u2013 poh\u013ead smerom na v\u00fdchod\" src=\"https:\/\/www.keturist.sk\/info\/wp-content\/uploads\/2020\/10\/vysoky1.jpg\" alt=\"Vysok\u00fd vrch (851 m n.m.) - vrchol \u2013 poh\u013ead smerom na v\u00fdchod\" width=\"900\" height=\"675\" srcset=\"https:\/\/www.keturist.sk\/info\/wp-content\/uploads\/2020\/10\/vysoky1.jpg 800w, https:\/\/www.keturist.sk\/info\/wp-content\/uploads\/2020\/10\/vysoky1-240x180.jpg 240w, https:\/\/www.keturist.sk\/info\/wp-content\/uploads\/2020\/10\/vysoky1-768x576.jpg 768w\" sizes=\"auto, (max-width: 900px) 100vw, 900px\" \/><\/a><figcaption id=\"caption-attachment-34365\" class=\"wp-caption-text\">Vysok\u00fd vrch (851 m n.m.) &#8211; vrchol \u2013 poh\u013ead smerom na v\u00fdchod<\/figcaption><\/figure>\n<div class=\"su-divider su-divider-style-default\" style=\"margin:15px 0;border-width:2px;border-color:#000000\"><\/div>\n<h2 class=\"ds-markdown-paragraph\"><span style=\"color: #800000;\">\u010co je Pr\u00edrodn\u00e1 rezerv\u00e1cia Vysok\u00fd vrch a pre\u010do je v\u00fdnimo\u010dn\u00e1?<\/span><\/h2>\n<p class=\"ds-markdown-paragraph\"><strong>Pr\u00edrodn\u00e1 rezerv\u00e1cia Vysok\u00fd vrch<\/strong>\u00a0je chr\u00e1nen\u00e9 \u00fazemie vyhl\u00e1sen\u00e9 v roku 1993 s rozlohou 36,52 ha. Nach\u00e1dza sa v\u00a0<strong>katastroch obc\u00ed \u010cerme\u013e a Soko\u013e<\/strong>, v oblasti\u00a0<strong>Slovensk\u00e9ho rudohoria<\/strong>, konkr\u00e9tne v horskom celku\u00a0<strong>\u010cierna hora<\/strong>\u00a0(podcelok Pokryvy).<\/p>\n<p class=\"ds-markdown-paragraph\">Jej hlavn\u00fdm poslan\u00edm je ochrana zachoval\u00fdch,\u00a0<strong>pralesovit\u00fdch lesn\u00fdch spolo\u010denstiev<\/strong>\u00a0mas\u00edvu\u00a0<strong>Vysok\u00e9ho vrchu<\/strong>\u00a0(851 m n.m.) a\u00a0<strong>Bielej skaly<\/strong>\u00a0(806 m n.m.). Tieto lokality s\u00fa cenn\u00e9 pre svoje\u00a0<strong>pestr\u00e9 drevinov\u00e9 zlo\u017eenie<\/strong>, kde rastie\u00a0<strong>buk<\/strong>,\u00a0<strong>jase\u0148<\/strong>,\u00a0<strong>javory<\/strong>,\u00a0<strong>brest horsk\u00fd<\/strong>,\u00a0<strong>dub<\/strong>,\u00a0<strong>jed\u013ea<\/strong>\u00a0a \u010fal\u0161ie dreviny, spolu s v\u00fdskytom\u00a0<strong>vz\u00e1cnych a z\u00e1konom chr\u00e1nen\u00fdch rastlinn\u00fdch druhov<\/strong>.<\/p>\n<p class=\"ds-markdown-paragraph\">Na\u00a0<strong>v\u00e1pencoch Bielej skaly<\/strong>\u00a0sa navy\u0161e nach\u00e1dza unik\u00e1tna\u00a0<strong>xerotermn\u00e1 veget\u00e1cia<\/strong>.<\/p>\n<h2 class=\"ds-markdown-paragraph\"><span style=\"color: #800000;\">Ak\u00e9 turistick\u00e9 zauj\u00edmavosti sa nach\u00e1dzaj\u00fa v okol\u00ed rezerv\u00e1cie?<\/span><\/h2>\n<p class=\"ds-markdown-paragraph\">Z <strong>turistick\u00e9ho h\u013eadiska<\/strong>\u00a0sa v tesnej bl\u00edzkosti tejto\u00a0<strong>pr\u00edrodnej rezerv\u00e1cie<\/strong>\u00a0nach\u00e1dzaj\u00fa atrakt\u00edvne body ako\u00a0<strong>Vysok\u00fd vrch [851 m n.m.]<\/strong>,\u00a0<strong>Sedlo Repy [803 m n.m.]<\/strong>\u00a0a\u00a0<strong>Arturova skala [790 m n.m.]<\/strong>.<\/p>\n<h2 class=\"ds-markdown-paragraph\"><span style=\"color: #800000;\">Ak\u00e9 s\u00fa pravidl\u00e1 pre n\u00e1v\u0161tevu Pr\u00edrodnej rezerv\u00e1cie Vysok\u00fd vrch?<\/span><\/h2>\n<p class=\"ds-markdown-paragraph\">Ke\u010f\u017ee ide o \u00fazemie s <strong>5. stup\u0148om ochrany<\/strong>, platia tu pr\u00edsne pravidl\u00e1. Je\u00a0<strong>zak\u00e1zan\u00e9<\/strong>\u00a0pohybova\u0165 sa mimo vyzna\u010den\u00e9ho\u00a0<strong>turistick\u00e9ho chodn\u00edka<\/strong>\u00a0alebo\u00a0<strong>n\u00e1u\u010dn\u00e9ho chodn\u00edka<\/strong>\u00a0za hranicami zastavan\u00e9ho \u00fazemia obce. Zak\u00e1zan\u00e9 je tie\u017e vch\u00e1dza\u0165 s\u00a0<strong>bicyklom<\/strong>\u00a0na pozemky za hranicami zastavan\u00e9ho \u00fazemia obce mimo dia\u013enice, cesty, miestnej komunik\u00e1cie a vyzna\u010denej cyklotrasy.<\/p>\n<h2 class=\"ds-markdown-paragraph\"><span style=\"color: #800000;\">Ako z\u00edska\u0165 povolenie na vstup do tejto pr\u00edsne chr\u00e1nenej rezerv\u00e1cie?<\/span><\/h2>\n<p class=\"ds-markdown-paragraph\">Na vstup do <strong>pr\u00edrodnej rezerv\u00e1cie<\/strong>\u00a0s 5. stup\u0148om ochrany je potrebn\u00e9 z\u00edska\u0165 v\u00fdnimku.<\/p>\n<h3 class=\"ds-markdown-paragraph\"><span style=\"color: #808000;\">Postupujte nasledovne:<\/span><\/h3>\n<ol start=\"1\">\n<li>\n<p class=\"ds-markdown-paragraph\">Je potrebn\u00e9 poda\u0165\u00a0<strong>\u017eiados\u0165<\/strong>\u00a0na pr\u00edslu\u0161n\u00fd\u00a0<strong>okresn\u00fd \u00farad<\/strong>\u00a0v s\u00eddle kraja, na\u00a0<strong>odbore starostlivosti o \u017eivotn\u00e9 prostredie<\/strong>, na udelenie v\u00fdnimky z \u00fazemnej ochrany pod\u013ea \u00a7 16 ods. 1 p\u00edsm. a) z\u00e1kona \u010d. 543\/2002 Z.z. o ochrane pr\u00edrody a krajiny v znen\u00ed neskor\u0161\u00edch predpisov. Tak\u00fato \u017eiados\u0165 treba riadne\u00a0<strong>od\u00f4vodni\u0165<\/strong>\u00a0a uvies\u0165 d\u00f4vody, pre ktor\u00e9 by mala by\u0165 v\u00fdnimka udelen\u00e1.<\/p>\n<\/li>\n<li>\n<p class=\"ds-markdown-paragraph\">Toto\u00a0<strong>podanie sa spoplat\u0148uje<\/strong>\u00a0pod\u013ea polo\u017eky 160 z\u00e1kona \u010d. 145\/1995 o spr\u00e1vnych poplatkoch v znen\u00ed neskor\u0161\u00edch prepisov sumou 10 Eur, ak pod\u00e1va \u017eiados\u0165 fyzick\u00e1 osoba, alebo 100 Eur, ak je \u017eiados\u0165 podan\u00e1 pr\u00e1vnickou osobou.<\/p>\n<\/li>\n<\/ol>\n<h2><span style=\"color: #800000;\"><strong>Fotogal\u00e9ria<\/strong><\/span><\/h2>\n<style type=\"text\/css\">\n#foogallery-gallery-71985 .fg-image { width: 200px; }<\/style>\n\t\t\t<div class=\"foogallery foogallery-container foogallery-carousel foogallery-lightbox-foogallery fg-carousel fg-ready fg-light fg-border-medium fg-round-small fg-shadow-medium fg-loading-default fg-loaded-fade-in fg-hover-semi-zoomed fg-hover-fade fg-hover-circle-plus2\" id=\"foogallery-gallery-71985\" data-foogallery=\"{&quot;item&quot;:{&quot;showCaptionTitle&quot;:true,&quot;showCaptionDescription&quot;:true},&quot;lazy&quot;:true,&quot;template&quot;:{&quot;maxItems&quot;:5,&quot;scale&quot;:0.11999999999999999555910790149937383830547332763671875,&quot;gutter&quot;:{&quot;min&quot;:-40,&quot;max&quot;:-20,&quot;unit&quot;:&quot;%&quot;},&quot;autoplay&quot;:{&quot;time&quot;:0,&quot;interaction&quot;:&quot;pause&quot;},&quot;centerOnClick&quot;:true,&quot;align&quot;:&quot;center&quot;,&quot;activePosition&quot;:&quot;center&quot;}}\" data-foogallery-lightbox=\"{&quot;thumbs&quot;:&quot;bottom&quot;,&quot;thumbsCaptions&quot;:false,&quot;thumbsBestFit&quot;:false,&quot;thumbsSmall&quot;:false,&quot;thumbsCaptionsAlign&quot;:&quot;default&quot;,&quot;info&quot;:&quot;bottom&quot;,&quot;infoVisible&quot;:true,&quot;infoOverlay&quot;:true,&quot;infoAlign&quot;:&quot;default&quot;,&quot;transition&quot;:&quot;fade&quot;,&quot;hoverButtons&quot;:false,&quot;fitMedia&quot;:false,&quot;noScrollbars&quot;:true,&quot;preserveButtonSpace&quot;:true,&quot;buttons&quot;:{&quot;fullscreen&quot;:true,&quot;info&quot;:true,&quot;thumbs&quot;:false},&quot;video&quot;:{&quot;autoPlay&quot;:true}}\" style=\"--fg-title-line-clamp: 1; --fg-description-line-clamp: 2;\" >\n\t<button type=\"button\" class=\"fg-carousel-prev\" title=\"Previous\"><\/button>\n\t<div class=\"fg-carousel-inner\">\n\t\t<div class=\"fg-carousel-center\"><\/div>\n\t\t<div class=\"fg-item fg-type-image fg-idle\"><figure class=\"fg-item-inner\"><a href=\"https:\/\/www.keturist.sk\/info\/wp-content\/uploads\/2020\/12\/vysoky-vrch.jpg\" data-caption-title=\"Vysok\u00fd vrch (851 m n.m.)\" data-caption-desc=\"Vrcholov\u00e1 skala - poh\u013ead na z\u00e1pad\" data-attachment-id=\"36370\" data-type=\"image\" class=\"fg-thumb\"><span class=\"fg-image-wrap\"><img decoding=\"async\" title=\"Vysok\u00fd vrch (851 m n.m.)\" width=\"200\" height=\"200\" class=\"skip-lazy fg-image\" data-src-fg=\"https:\/\/www.keturist.sk\/info\/wp-content\/uploads\/cache\/2020\/12\/vysoky-vrch\/3762636386.jpg\" src=\"data:image\/svg+xml,%3Csvg%20xmlns%3D%22http%3A%2F%2Fwww.w3.org%2F2000%2Fsvg%22%20width%3D%22200%22%20height%3D%22200%22%20viewBox%3D%220%200%20200%20200%22%3E%3C%2Fsvg%3E\" loading=\"eager\"><\/span><span class=\"fg-image-overlay\"><\/span><\/a><figcaption class=\"fg-caption\"><div class=\"fg-caption-inner\"><div class=\"fg-caption-title\">Vysok\u00fd vrch (851 m n.m.)<\/div><div class=\"fg-caption-desc\">Vrcholov\u00e1 skala - poh\u013ead na z\u00e1pad<\/div><\/div><\/figcaption><\/figure><div class=\"fg-loader\"><\/div><\/div><div class=\"fg-item fg-type-image fg-idle\"><figure class=\"fg-item-inner\"><a href=\"https:\/\/www.keturist.sk\/info\/wp-content\/uploads\/2020\/10\/vysoky1.jpg\" data-caption-title=\"Vysok\u00fd vrch (851 m n.m.)\" data-caption-desc=\"Vysok\u00fd vrch (851 m n.m.) - vrchol \u2013 poh\u013ead smerom na v\u00fdchod\" data-attachment-id=\"34365\" data-type=\"image\" class=\"fg-thumb\"><span class=\"fg-image-wrap\"><img decoding=\"async\" title=\"Vysok\u00fd vrch (851 m n.m.)\" width=\"200\" height=\"200\" class=\"skip-lazy fg-image\" data-src-fg=\"https:\/\/www.keturist.sk\/info\/wp-content\/uploads\/cache\/2020\/10\/vysoky1\/1849778719.jpg\" src=\"data:image\/svg+xml,%3Csvg%20xmlns%3D%22http%3A%2F%2Fwww.w3.org%2F2000%2Fsvg%22%20width%3D%22200%22%20height%3D%22200%22%20viewBox%3D%220%200%20200%20200%22%3E%3C%2Fsvg%3E\" loading=\"eager\"><\/span><span class=\"fg-image-overlay\"><\/span><\/a><figcaption class=\"fg-caption\"><div class=\"fg-caption-inner\"><div class=\"fg-caption-title\">Vysok\u00fd vrch (851 m n.m.)<\/div><div class=\"fg-caption-desc\">Vysok\u00fd vrch (851 m n.m.) - vrchol \u2013 poh\u013ead smerom na v\u00fdchod<\/div><\/div><\/figcaption><\/figure><div class=\"fg-loader\"><\/div><\/div>\t<\/div>\n\t<div class=\"fg-carousel-bottom\"><\/div>\n\t<div class=\"fg-carousel-progress\"><\/div>\n\t<button type=\"button\" class=\"fg-carousel-next\" title=\"Next\"><\/button>\n<\/div>\n<h2><span style=\"color: #800000;\">Zauj\u00edmav\u00e9 odkazy<\/span><\/h2>\n<h3><span style=\"color: #808000;\">Bl\u00edzke stredisko, turistick\u00e9 centrum, obec alebo mesto:<\/span><\/h3>\n<ul>\n<li><a href=\"https:\/\/www.keturist.sk\/info\/smer-cierna-hora\/obec-kysak\/\">Obec Kysak (\u010d\u00edtaj viac&#8230;)<\/a><\/li>\n<\/ul>\n<ul>\n<li><a href=\"https:\/\/www.keturist.sk\/info\/smer-cierna-hora\/obec-kosicka-bela\/\">Obec Ko\u0161ick\u00e1 Bel\u00e1 (\u010d\u00edtaj viac&#8230;)<\/a><\/li>\n<\/ul>\n<ul>\n<li><a href=\"https:\/\/www.keturist.sk\/info\/smer-cierna-hora\/obec-kostolany-nad-hornadom\/\">Obec Kosto\u013eany nad Horn\u00e1dom (\u010d\u00edtaj viac&#8230;)<\/a><\/li>\n<\/ul>\n<ul>\n<li><a href=\"https:\/\/www.keturist.sk\/info\/smer-cierna-hora\/rekreacna-oblast-ruzin-kosicke-hamre\/\">Rekrea\u010dn\u00e1 oblas\u0165 Ru\u017e\u00edn-Ko\u0161ick\u00e9 H\u00e1mre (\u010d\u00edtaj viac&#8230;)<\/a><\/li>\n<\/ul>\n<ul>\n<li><a href=\"https:\/\/www.keturist.sk\/info\/smer-cierna-hora\/obec-velka-lodina\/\">Obec Ve\u013ek\u00e1 Lodina (\u010d\u00edtaj viac&#8230;)<\/a><\/li>\n<\/ul>\n<ul>\n<li><a href=\"https:\/\/www.keturist.sk\/info\/smer-cierna-hora\/stredisko-alpinka\/\">Ko\u0161ice &#8211; Alpinka (\u010d\u00edtaj viac&#8230;)<\/a><\/li>\n<\/ul>\n<ul>\n<li><a href=\"https:\/\/www.keturist.sk\/info\/smer-cierna-hora\/mc-kavecany-a-stredisko-hresna\/\">M\u010c Kave\u010dany a stredisko Kave\u010dany &#8211; Hre\u0161n\u00e1 (\u010d\u00edtaj viac&#8230;)<\/a><\/li>\n<\/ul>\n<ul>\n<li><a href=\"https:\/\/www.keturist.sk\/info\/smer-cierna-hora\/stredisko-cermel\/\">Ko\u0161ice &#8211; \u010cerme\u013e &#8211; \u010cerme\u013esk\u00e9 \u00fadolie (\u010d\u00edtaj viac&#8230;)<\/a><\/li>\n<\/ul>\n<h2><span style=\"color: #800000;\"> Mapy<\/span><\/h2>\n<p><strong>Vrstvy: <\/strong>Turistick\u00e1 mapa, Automapa, Cyklomapa, Ly\u017eiarska mapa, Satelitn\u00e1 mapa a OpenStreetMap.<\/p>\n<p><strong>Kliknut\u00edm na logo &#8222;Freemap.sk&#8220; sa V\u00e1m mapa zobraz\u00ed na celej ploche obrazovky.<\/strong><\/p>\n<p><iframe style=\"width: 900px; height: 500px; border: 0;\" src=\"https:\/\/www.freemap.sk\/?map=15\/48.824455\/21.157372&amp;info-point=48.824455\/21.157372,Vysok\u00fd vrch (851 m n.m.)&amp;layers=X&amp;embed=search\" allowfullscreen=\"allowfullscreen\"><span data-mce-type=\"bookmark\" style=\"display: inline-block; width: 0px; overflow: hidden; line-height: 0;\" class=\"mce_SELRES_start\">\ufeff<\/span><span data-mce-type=\"bookmark\" style=\"display: inline-block; width: 0px; overflow: hidden; line-height: 0;\" class=\"mce_SELRES_start\">\ufeff<\/span><\/iframe><\/p>\n<h2><span style=\"color: #800000;\">Po\u010dasie<\/span><\/h2>\n<p><iframe style=\"width: 900px; height: 609px;\" src=\"https:\/\/www.meteoblue.com\/sk\/po%C4%8Dasie\/widget\/three\/48.826N21.156E801_Europe%2FBratislava?geoloc=fixed&amp;nocurrent=0&amp;noforecast=0&amp;days=5&amp;tempunit=CELSIUS&amp;windunit=KILOMETER_PER_HOUR&amp;layout=image\" frameborder=\"0\" scrolling=\"NO\" sandbox=\"allow-same-origin allow-scripts allow-popups allow-popups-to-escape-sandbox\"><\/iframe><\/p>\n<div><!-- DO NOT REMOVE THIS LINK --><a href=\"https:\/\/www.meteoblue.com\/sk\/po%C4%8Dasie\/predpove%C4%8F\/t%C3%BD%C5%BEde%C5%88\/48.826N21.156E801_Europe%2FBratislava?utm_source=weather_widget&amp;utm_medium=linkus&amp;utm_content=three&amp;utm_campaign=Weather%2BWidget\" target=\"_blank\" rel=\"noopener noreferrer\">meteoblue<\/a><\/div>\n","protected":false},"excerpt":{"rendered":"<p>Podkateg\u00f3ria: Lokaliz\u00e1cia: \u010cierna hora \u010co je Pr\u00edrodn\u00e1 rezerv\u00e1cia Vysok\u00fd vrch a pre\u010do je v\u00fdnimo\u010dn\u00e1? Pr\u00edrodn\u00e1 rezerv\u00e1cia Vysok\u00fd vrch\u00a0je chr\u00e1nen\u00e9 \u00fazemie vyhl\u00e1sen\u00e9 v roku 1993 s rozlohou 36,52 ha. Nach\u00e1dza sa [&hellip;]<\/p>\n","protected":false},"author":1,"featured_media":36858,"parent":0,"menu_order":0,"comment_status":"closed","ping_status":"closed","template":"","meta":{"_uag_custom_page_level_css":"","_monsterinsights_skip_tracking":false,"_monsterinsights_sitenote_active":false,"_monsterinsights_sitenote_note":"","_monsterinsights_sitenote_category":0,"footnotes":""},"class_list":["post-2813","page","type-page","status-publish","has-post-thumbnail","hentry"],"featured_image_src":"https:\/\/www.keturist.sk\/info\/wp-content\/uploads\/2020\/12\/vysoky2.jpg","featured_image_src_square":"https:\/\/www.keturist.sk\/info\/wp-content\/uploads\/2020\/12\/vysoky2.jpg","rbea_author_info":{"display_name":"admin","author_link":"https:\/\/www.keturist.sk\/info\/author\/admin\/"},"rbea_excerpt_info":"Podkateg\u00f3ria: Lokaliz\u00e1cia: \u010cierna hora \u010co je Pr\u00edrodn\u00e1 rezerv\u00e1cia Vysok\u00fd vrch a pre\u010do je v\u00fdnimo\u010dn\u00e1? Pr\u00edrodn\u00e1 rezerv\u00e1cia Vysok\u00fd vrch\u00a0je chr\u00e1nen\u00e9 \u00fazemie vyhl\u00e1sen\u00e9 v roku 1993 s rozlohou 36,52 ha. Nach\u00e1dza sa [&hellip;]","uagb_featured_image_src":{"full":["https:\/\/www.keturist.sk\/info\/wp-content\/uploads\/2020\/12\/vysoky2.jpg",800,600,false],"thumbnail":["https:\/\/www.keturist.sk\/info\/wp-content\/uploads\/2020\/12\/vysoky2-240x180.jpg",240,180,true],"medium":["https:\/\/www.keturist.sk\/info\/wp-content\/uploads\/2020\/12\/vysoky2.jpg",800,600,false],"medium_large":["https:\/\/www.keturist.sk\/info\/wp-content\/uploads\/2020\/12\/vysoky2-768x576.jpg",768,576,true],"large":["https:\/\/www.keturist.sk\/info\/wp-content\/uploads\/2020\/12\/vysoky2.jpg",800,600,false],"1536x1536":["https:\/\/www.keturist.sk\/info\/wp-content\/uploads\/2020\/12\/vysoky2.jpg",800,600,false],"2048x2048":["https:\/\/www.keturist.sk\/info\/wp-content\/uploads\/2020\/12\/vysoky2.jpg",800,600,false]},"uagb_author_info":{"display_name":"admin","author_link":"https:\/\/www.keturist.sk\/info\/author\/admin\/"},"uagb_comment_info":0,"uagb_excerpt":"Podkateg\u00f3ria: Lokaliz\u00e1cia: \u010cierna hora \u010co je Pr\u00edrodn\u00e1 rezerv\u00e1cia Vysok\u00fd vrch a pre\u010do je v\u00fdnimo\u010dn\u00e1? Pr\u00edrodn\u00e1 rezerv\u00e1cia Vysok\u00fd vrch\u00a0je chr\u00e1nen\u00e9 \u00fazemie vyhl\u00e1sen\u00e9 v roku 1993 s rozlohou 36,52 ha. Nach\u00e1dza sa [&hellip;]","_links":{"self":[{"href":"https:\/\/www.keturist.sk\/info\/wp-json\/wp\/v2\/pages\/2813","targetHints":{"allow":["GET"]}}],"collection":[{"href":"https:\/\/www.keturist.sk\/info\/wp-json\/wp\/v2\/pages"}],"about":[{"href":"https:\/\/www.keturist.sk\/info\/wp-json\/wp\/v2\/types\/page"}],"author":[{"embeddable":true,"href":"https:\/\/www.keturist.sk\/info\/wp-json\/wp\/v2\/users\/1"}],"replies":[{"embeddable":true,"href":"https:\/\/www.keturist.sk\/info\/wp-json\/wp\/v2\/comments?post=2813"}],"version-history":[{"count":4,"href":"https:\/\/www.keturist.sk\/info\/wp-json\/wp\/v2\/pages\/2813\/revisions"}],"predecessor-version":[{"id":72147,"href":"https:\/\/www.keturist.sk\/info\/wp-json\/wp\/v2\/pages\/2813\/revisions\/72147"}],"wp:featuredmedia":[{"embeddable":true,"href":"https:\/\/www.keturist.sk\/info\/wp-json\/wp\/v2\/media\/36858"}],"wp:attachment":[{"href":"https:\/\/www.keturist.sk\/info\/wp-json\/wp\/v2\/media?parent=2813"}],"curies":[{"name":"wp","href":"https:\/\/api.w.org\/{rel}","templated":true}]}}