{"id":19945,"date":"2016-11-08T11:34:03","date_gmt":"2016-11-08T10:34:03","guid":{"rendered":"https:\/\/www.keturist.sk\/info\/?page_id=19945"},"modified":"2021-10-03T16:48:39","modified_gmt":"2021-10-03T14:48:39","slug":"ochrana-prirody","status":"publish","type":"page","link":"https:\/\/www.keturist.sk\/info\/kam-do-prirody\/kam-do-prirody-smer-slanske-vrchy\/ochrana-prirody\/","title":{"rendered":"Ochrana pr\u00edrody"},"content":{"rendered":"<a href=\"https:\/\/www.keturist.sk\/info\/\" class=\"su-button su-button-style-default\" style=\"color:#000000;background-color:#FFCF2F;border-color:#cca626;border-radius:5px\" target=\"_self\"><span style=\"color:#000000;padding:6px 16px;font-size:13px;line-height:20px;border-color:#ffde6e;border-radius:5px;text-shadow:none\"><i class=\"sui sui-arrow-right\" style=\"font-size:13px;color:#000000\"><\/i>  Spravodaj <\/span><\/a>\n<a href=\"https:\/\/www.keturist.sk\/info\/tipy-na-vylety\/\" class=\"su-button su-button-style-default\" style=\"color:#000000;background-color:#FFCF2F;border-color:#cca626;border-radius:5px\" target=\"_self\"><span style=\"color:#000000;padding:6px 16px;font-size:13px;line-height:20px;border-color:#ffde6e;border-radius:5px;text-shadow:none\"><i class=\"sui sui-arrow-right\" style=\"font-size:13px;color:#000000\"><\/i>  TIPY NA V\u00ddLETY <\/span><\/a>\n<a href=\"https:\/\/www.keturist.sk\/info\/kam-do-prirody\/\" class=\"su-button su-button-style-default\" style=\"color:#000000;background-color:#FFCF2F;border-color:#cca626;border-radius:5px\" target=\"_self\"><span style=\"color:#000000;padding:6px 16px;font-size:13px;line-height:20px;border-color:#ffde6e;border-radius:5px;text-shadow:none\"><i class=\"sui sui-arrow-right\" style=\"font-size:13px;color:#000000\"><\/i>  Kam do pr\u00edrody <\/span><\/a>\n<a href=\"https:\/\/www.keturist.sk\/info\/kam-do-prirody\/kam-do-prirody-smer-slanske-vrchy\/\" class=\"su-button su-button-style-default\" style=\"color:#000000;background-color:#FFCF2F;border-color:#cca626;border-radius:5px\" target=\"_self\"><span style=\"color:#000000;padding:6px 16px;font-size:13px;line-height:20px;border-color:#ffde6e;border-radius:5px;text-shadow:none\"><i class=\"sui sui-arrow-right\" style=\"font-size:13px;color:#000000\"><\/i>  Smer Slansk\u00e9 vrchy <\/span><\/a>\n&nbsp;<\/p>\n<p><strong>Podkateg\u00f3ria: <\/strong> <a href=\"https:\/\/www.keturist.sk\/info\/kam-do-prirody\/kam-do-prirody-smer-slanske-vrchy\/ochrana-prirody\/\" class=\"su-button su-button-style-default\" style=\"color:#000000;background-color:#afd144;border-color:#8ca837;border-radius:5px\" target=\"_self\"><span style=\"color:#000000;padding:6px 16px;font-size:13px;line-height:20px;border-color:#c7df7d;border-radius:5px;text-shadow:none\"><i class=\"sui sui-arrow-right\" style=\"font-size:13px;color:#000000\"><\/i>  Ochrana pr\u00edrody <\/span><\/a>\n<div class=\"su-divider su-divider-style-default\" style=\"margin:15px 0;border-width:3px;border-color:#000000\"><\/div>\n<div id=\"metaslider-id-8405\" style=\"max-width: 800px; margin: 0 auto;\" class=\"ml-slider-3-108-0 metaslider metaslider-flex metaslider-8405 ml-slider ms-theme-default nav-hidden\" role=\"region\" aria-label=\"PR Slansky hrad\" data-height=\"250\" data-width=\"800\">\n    <div id=\"metaslider_container_8405\">\n        <div id=\"metaslider_8405\" class=\"flexslider\">\n            <ul class='slides'>\n                <li style=\"display: block; width: 100%;\" class=\"slide-37201 ms-image \" aria-roledescription=\"slide\" data-date=\"2020-12-28 14:55:25\" data-filename=\"hrad-slanec5-800x250.jpg\" data-slide-type=\"image\"><a href=\"https:\/\/www.keturist.sk\/info\/ochrana-prirody\/pr-slansky-hradny-vrch\/\" target=\"_self\" aria-label=\"View Slide Details\" class=\"metaslider_image_link\"><img loading=\"lazy\" decoding=\"async\" src=\"https:\/\/www.keturist.sk\/info\/wp-content\/uploads\/2020\/05\/hrad-slanec5-800x250.jpg\" height=\"250\" width=\"800\" alt=\"Slansk\u00fd hrad \u2013 Hrad Slanec \u2013 Slaneck\u00fd hrad (zr\u00facanina)\" class=\"slider-8405 slide-37201 msDefaultImage\" title=\"Slansk\u00fd hrad \u2013 Hrad Slanec \u2013 Slaneck\u00fd hrad (zr\u00facanina)\" \/><\/a><div class=\"caption-wrap\"><div class=\"caption\"><b><a href=\"https:\/\/www.keturist.sk\/info\/ochrana-prirody\/pr-slansky-hradny-vrch\/\"><span style=\"color:#FFFF00;\">PR Slansk\u00fd hradn\u00fd vrch<\/span><\/a><\/b><\/div><\/div><\/li>\n            <\/ul>\n        <\/div>\n        \n    <\/div>\n<\/div>\n<div id=\"metaslider-id-8416\" style=\"max-width: 800px; margin: 0 auto;\" class=\"ml-slider-3-108-0 metaslider metaslider-flex metaslider-8416 ml-slider ms-theme-default nav-hidden nav-hidden\" role=\"region\" aria-label=\"PR Maly Milic\" data-height=\"250\" data-width=\"800\">\n    <div id=\"metaslider_container_8416\">\n        <div id=\"metaslider_8416\" class=\"flexslider\">\n            <ul class='slides'>\n                <li style=\"display: block; width: 100%;\" class=\"slide-37219 ms-image \" aria-roledescription=\"slide\" data-date=\"2020-12-28 15:49:19\" data-filename=\"maly-milic-800x250.jpeg\" data-slide-type=\"image\"><a href=\"https:\/\/www.keturist.sk\/info\/ochrana-prirody\/npr-maly-milic\/\" target=\"_self\" aria-label=\"View Slide Details\" class=\"metaslider_image_link\"><img loading=\"lazy\" decoding=\"async\" src=\"https:\/\/www.keturist.sk\/info\/wp-content\/uploads\/2019\/01\/maly-milic-800x250.jpeg\" height=\"250\" width=\"800\" alt=\"\" class=\"slider-8416 slide-37219 msDefaultImage\" title=\"maly milic\" \/><\/a><div class=\"caption-wrap\"><div class=\"caption\"><b><a href=\"https:\/\/www.keturist.sk\/info\/ochrana-prirody\/npr-maly-milic\/\"><span style=\"color:#FFFF00;\">NPR Mal\u00fd Mili\u010d<\/span><\/a><\/b><\/div><\/div><\/li>\n            <\/ul>\n        <\/div>\n        \n    <\/div>\n<\/div>\n<div id=\"metaslider-id-8420\" style=\"max-width: 800px; margin: 0 auto;\" class=\"ml-slider-3-108-0 metaslider metaslider-flex metaslider-8420 ml-slider ms-theme-default nav-hidden nav-hidden nav-hidden\" role=\"region\" aria-label=\"NPR Ba\u010dkovska dolina\" data-height=\"250\" data-width=\"800\">\n    <div id=\"metaslider_container_8420\">\n        <div id=\"metaslider_8420\" class=\"flexslider\">\n            <ul class='slides'>\n                <li style=\"display: block; width: 100%;\" class=\"slide-59533 ms-image \" aria-roledescription=\"slide\" data-date=\"2023-09-07 21:10:37\" data-filename=\"backovska-dolina-4-800x250.jpg\" data-slide-type=\"image\"><a href=\"https:\/\/www.keturist.sk\/info\/ochrana-prirody\/npr-backovska-dolina\/\" target=\"_self\" aria-label=\"View Slide Details\" class=\"metaslider_image_link\"><img loading=\"lazy\" decoding=\"async\" src=\"https:\/\/www.keturist.sk\/info\/wp-content\/uploads\/2023\/09\/backovska-dolina-4-800x250.jpg\" height=\"250\" width=\"800\" alt=\"Ba\u010dkovsk\u00e1 dolina\" class=\"slider-8420 slide-59533 msDefaultImage\" title=\"Ba\u010dkovsk\u00e1 dolina\" \/><\/a><div class=\"caption-wrap\"><div class=\"caption\"><b><a href=\"https:\/\/www.keturist.sk\/info\/ochrana-prirody\/npr-backovska-dolina\/\"><span style=\"color:#FFFF00;\">NPR Ba\u010dkovsk\u00e1 dolina<\/span><\/a><\/b><\/div><\/div><\/li>\n            <\/ul>\n        <\/div>\n        \n    <\/div>\n<\/div>\n<div id=\"metaslider-id-8424\" style=\"max-width: 800px; margin: 0 auto;\" class=\"ml-slider-3-108-0 metaslider metaslider-flex metaslider-8424 ml-slider ms-theme-default nav-hidden nav-hidden nav-hidden nav-hidden\" role=\"region\" aria-label=\"NPR Marocka ho\u013ea\" data-height=\"250\" data-width=\"800\">\n    <div id=\"metaslider_container_8424\">\n        <div id=\"metaslider_8424\" class=\"flexslider\">\n            <ul class='slides'>\n                <li style=\"display: block; width: 100%;\" class=\"slide-37224 ms-image \" aria-roledescription=\"slide\" data-date=\"2020-12-28 16:00:53\" data-filename=\"marockahola-800x250.jpeg\" data-slide-type=\"image\"><a href=\"https:\/\/www.keturist.sk\/info\/ochrana-prirody\/npr-marocka-hola\/\" target=\"_self\" aria-label=\"View Slide Details\" class=\"metaslider_image_link\"><img loading=\"lazy\" decoding=\"async\" src=\"https:\/\/www.keturist.sk\/info\/wp-content\/uploads\/2019\/01\/marockahola-800x250.jpeg\" height=\"250\" width=\"800\" alt=\"\" class=\"slider-8424 slide-37224 msDefaultImage\" title=\"marockahola\" \/><\/a><div class=\"caption-wrap\"><div class=\"caption\"><b><a href=\"https:\/\/www.keturist.sk\/info\/ochrana-prirody\/npr-marocka-hola\/\"><span style=\"color:#FFFF00;\">NPR Marock\u00e1 ho\u013ea<\/span><\/a><\/b><\/div><\/div><\/li>\n            <\/ul>\n        <\/div>\n        \n    <\/div>\n<\/div>\n<div id=\"metaslider-id-8427\" style=\"max-width: 800px; margin: 0 auto;\" class=\"ml-slider-3-108-0 metaslider metaslider-flex metaslider-8427 ml-slider ms-theme-default nav-hidden nav-hidden nav-hidden nav-hidden nav-hidden\" role=\"region\" aria-label=\"NPR Velky Milic\" data-height=\"250\" data-width=\"800\">\n    <div id=\"metaslider_container_8427\">\n        <div id=\"metaslider_8427\" class=\"flexslider\">\n            <ul class='slides'>\n                <li style=\"display: block; width: 100%;\" class=\"slide-37227 ms-image \" aria-roledescription=\"slide\" data-date=\"2020-12-28 16:11:22\" data-filename=\"velky-milic-rezervacia-800x250.jpeg\" data-slide-type=\"image\"><a href=\"https:\/\/www.keturist.sk\/info\/ochrana-prirody\/npr-velky-milic\/\" target=\"_self\" aria-label=\"View Slide Details\" class=\"metaslider_image_link\"><img loading=\"lazy\" decoding=\"async\" src=\"https:\/\/www.keturist.sk\/info\/wp-content\/uploads\/2019\/01\/velky-milic-rezervacia-800x250.jpeg\" height=\"250\" width=\"800\" alt=\"Ve\u013ek\u00fd Mili\u010d\" class=\"slider-8427 slide-37227 msDefaultImage\" title=\"Ve\u013ek\u00fd Mili\u010d\" \/><\/a><div class=\"caption-wrap\"><div class=\"caption\"><b><a href=\"https:\/\/www.keturist.sk\/info\/ochrana-prirody\/npr-velky-milic\/\"><span style=\"color:#FFFF00;\">NPR Ve\u013ek\u00fd Mili\u010d<\/span><\/a><\/b><\/div><\/div><\/li>\n            <\/ul>\n        <\/div>\n        \n    <\/div>\n<\/div>\n<div id=\"metaslider-id-22411\" style=\"max-width: 800px; margin: 0 auto;\" class=\"ml-slider-3-108-0 metaslider metaslider-flex metaslider-22411 ml-slider ms-theme-default nav-hidden nav-hidden nav-hidden nav-hidden nav-hidden nav-hidden\" role=\"region\" aria-label=\"Pr\u00edrodn\u00e1 pamiatka Mili\u010dsk\u00e1 skala\" data-height=\"250\" data-width=\"800\">\n    <div id=\"metaslider_container_22411\">\n        <div id=\"metaslider_22411\" class=\"flexslider\">\n            <ul class='slides'>\n                <li style=\"display: block; width: 100%;\" class=\"slide-37232 ms-image \" aria-roledescription=\"slide\" data-date=\"2020-12-28 16:17:17\" data-filename=\"Milicska-skala-800x250.jpg\" data-slide-type=\"image\"><a href=\"https:\/\/www.keturist.sk\/info\/ochrana-prirody\/prirodna-pamiatka-milicska-skala\/\" target=\"_self\" aria-label=\"View Slide Details\" class=\"metaslider_image_link\"><img loading=\"lazy\" decoding=\"async\" src=\"https:\/\/www.keturist.sk\/info\/wp-content\/uploads\/2020\/12\/Milicska-skala-800x250.jpg\" height=\"250\" width=\"800\" alt=\"Mili\u010dsk\u00e1 skala\" class=\"slider-22411 slide-37232 msDefaultImage\" title=\"Mili\u010dsk\u00e1 skala\" \/><\/a><div class=\"caption-wrap\"><div class=\"caption\"><b><a href=\"https:\/\/www.keturist.sk\/info\/ochrana-prirody\/prirodna-pamiatka-milicska-skala\/\"><span style=\"color:#FFFF00;\">Pr\u00edrodn\u00e1 pamiatka Mili\u010dsk\u00e1 skala<\/span><\/a><\/b><\/div><\/div><\/li>\n            <\/ul>\n        <\/div>\n        \n    <\/div>\n<\/div>\n<div id=\"metaslider-id-8413\" style=\"max-width: 800px; margin: 0 auto;\" class=\"ml-slider-3-108-0 metaslider metaslider-flex metaslider-8413 ml-slider ms-theme-default nav-hidden nav-hidden nav-hidden nav-hidden nav-hidden nav-hidden nav-hidden\" role=\"region\" aria-label=\"PR Mala Izra\" data-height=\"250\" data-width=\"800\">\n    <div id=\"metaslider_container_8413\">\n        <div id=\"metaslider_8413\" class=\"flexslider\">\n            <ul class='slides'>\n                <li style=\"display: block; width: 100%;\" class=\"slide-37174 ms-image \" aria-roledescription=\"slide\" data-date=\"2020-12-28 07:29:49\" data-filename=\"mala-izra2-800x250.jpg\" data-slide-type=\"image\"><a href=\"https:\/\/www.keturist.sk\/info\/ochrana-prirody\/pr-jazero-mala-izra\/\" target=\"_self\" aria-label=\"View Slide Details\" class=\"metaslider_image_link\"><img loading=\"lazy\" decoding=\"async\" src=\"https:\/\/www.keturist.sk\/info\/wp-content\/uploads\/2020\/10\/mala-izra2-800x250.jpg\" height=\"250\" width=\"800\" alt=\"Jazero Mal\u00e1 Izra\" class=\"slider-8413 slide-37174 msDefaultImage\" title=\"Jazero Mal\u00e1 Izra\" \/><\/a><div class=\"caption-wrap\"><div class=\"caption\"><b><a href=\"https:\/\/www.keturist.sk\/info\/ochrana-prirody\/pr-jazero-mala-izra\/\"><span style=\"color:#FFFF00;\">PR jazero Mal\u00e1 Izra<\/span><\/a><\/b><\/div><\/div><\/li>\n            <\/ul>\n        <\/div>\n        \n    <\/div>\n<\/div>\n<div id=\"metaslider-id-8409\" style=\"max-width: 800px; margin: 0 auto;\" class=\"ml-slider-3-108-0 metaslider metaslider-flex metaslider-8409 ml-slider ms-theme-default nav-hidden nav-hidden nav-hidden nav-hidden nav-hidden nav-hidden nav-hidden nav-hidden\" role=\"region\" aria-label=\"PR Rankovske sklay\" data-height=\"250\" data-width=\"800\">\n    <div id=\"metaslider_container_8409\">\n        <div id=\"metaslider_8409\" class=\"flexslider\">\n            <ul class='slides'>\n                <li style=\"display: block; width: 100%;\" class=\"slide-37146 ms-image \" aria-roledescription=\"slide\" data-date=\"2020-12-28 06:22:43\" data-filename=\"rank1-800x250.jpg\" data-slide-type=\"image\"><a href=\"https:\/\/www.keturist.sk\/info\/ochrana-prirody\/pr-rankovske-skaly\/\" target=\"_self\" aria-label=\"View Slide Details\" class=\"metaslider_image_link\"><img loading=\"lazy\" decoding=\"async\" src=\"https:\/\/www.keturist.sk\/info\/wp-content\/uploads\/2020\/12\/rank1-800x250.jpg\" height=\"250\" width=\"800\" alt=\"Rankovsk\u00e9 skaly (780 m n.m.)\" class=\"slider-8409 slide-37146 msDefaultImage\" title=\"Rankovsk\u00e9 skaly (780 m n.m.)\" \/><\/a><div class=\"caption-wrap\"><div class=\"caption\"><b><a href=\"https:\/\/www.keturist.sk\/info\/ochrana-prirody\/pr-rankovske-skaly\/\"><span style=\"color:#FFFF00;\">PR Rankovsk\u00e9 skaly<\/span><\/a><\/b><\/div><\/div><\/li>\n            <\/ul>\n        <\/div>\n        \n    <\/div>\n<\/div>\n<div id=\"metaslider-id-6801\" style=\"max-width: 800px; margin: 0 auto;\" class=\"ml-slider-3-108-0 metaslider metaslider-flex metaslider-6801 ml-slider ms-theme-default nav-hidden nav-hidden nav-hidden nav-hidden nav-hidden nav-hidden nav-hidden nav-hidden nav-hidden\" role=\"region\" aria-label=\"PR Trstinov\u00e9 jazero\" data-height=\"250\" data-width=\"800\">\n    <div id=\"metaslider_container_6801\">\n        <div id=\"metaslider_6801\" class=\"flexslider\">\n            <ul class='slides'>\n                <li style=\"display: block; width: 100%;\" class=\"slide-37172 ms-image \" aria-roledescription=\"slide\" data-date=\"2020-12-28 07:23:40\" data-filename=\"trstinove-jazero2-800x250.jpg\" data-slide-type=\"image\"><a href=\"https:\/\/www.keturist.sk\/info\/ochrana-prirody\/pp-trstinove-jazero\/\" target=\"_self\" aria-label=\"View Slide Details\" class=\"metaslider_image_link\"><img loading=\"lazy\" decoding=\"async\" src=\"https:\/\/www.keturist.sk\/info\/wp-content\/uploads\/2020\/12\/trstinove-jazero2-800x250.jpg\" height=\"250\" width=\"800\" alt=\"Trstinov\u00e9 jazero\" class=\"slider-6801 slide-37172 msDefaultImage\" title=\"Trstinov\u00e9 jazero\" \/><\/a><div class=\"caption-wrap\"><div class=\"caption\"><b><a href=\"https:\/\/www.keturist.sk\/info\/ochrana-prirody\/pp-trstinove-jazero\/\"><span style=\"color:#FFFF00;\">PR Trstinov\u00e9 jazero<\/span><\/a><\/b><\/div><\/div><\/li>\n            <\/ul>\n        <\/div>\n        \n    <\/div>\n<\/div>\n<div id=\"metaslider-id-34483\" style=\"max-width: 800px; margin: 0 auto;\" class=\"ml-slider-3-108-0 metaslider metaslider-flex metaslider-34483 ml-slider ms-theme-default nav-hidden nav-hidden nav-hidden nav-hidden nav-hidden nav-hidden nav-hidden nav-hidden nav-hidden nav-hidden\" role=\"region\" aria-label=\"PP Skaly pod Pariakovou\" data-height=\"250\" data-width=\"800\">\n    <div id=\"metaslider_container_34483\">\n        <div id=\"metaslider_34483\" class=\"flexslider\">\n            <ul class='slides'>\n                <li style=\"display: block; width: 100%;\" class=\"slide-34485 ms-image \" aria-roledescription=\"slide\" data-date=\"2020-10-28 05:12:18\" data-filename=\"skaly-1-800x250.jpg\" data-slide-type=\"image\"><a href=\"https:\/\/www.keturist.sk\/info\/kam-do-prirody\/kam-do-prirody-smer-slanske-vrchy\/ochrana-prirody\/skaly-pod-pariakovou\/\" target=\"_self\" aria-label=\"View Slide Details\" class=\"metaslider_image_link\"><img loading=\"lazy\" decoding=\"async\" src=\"https:\/\/www.keturist.sk\/info\/wp-content\/uploads\/2020\/05\/skaly-1-800x250.jpg\" height=\"250\" width=\"800\" alt=\"\" class=\"slider-34483 slide-34485 msDefaultImage\" title=\"skaly\" \/><\/a><div class=\"caption-wrap\"><div class=\"caption\"><b><a href=\"https:\/\/www.keturist.sk\/info\/kam-do-prirody\/kam-do-prirody-smer-slanske-vrchy\/ochrana-prirody\/skaly-pod-pariakovou\/\"><span style=\"color:#FFFF00;\">PP Skaly pod Pariakovou\n<\/span><\/a><\/b><\/div><\/div><\/li>\n            <\/ul>\n        <\/div>\n        \n    <\/div>\n<\/div>\n<div class=\"su-divider su-divider-style-default\" style=\"margin:15px 0;border-width:3px;border-color:#000000\"><\/div>\n","protected":false},"excerpt":{"rendered":"<p>&nbsp; Podkateg\u00f3ria:<\/p>\n","protected":false},"author":1,"featured_media":0,"parent":11586,"menu_order":0,"comment_status":"closed","ping_status":"closed","template":"","meta":{"_uag_custom_page_level_css":"","_monsterinsights_skip_tracking":false,"_monsterinsights_sitenote_active":false,"_monsterinsights_sitenote_note":"","_monsterinsights_sitenote_category":0,"footnotes":""},"class_list":["post-19945","page","type-page","status-publish","hentry"],"featured_image_src":"","featured_image_src_square":false,"rbea_author_info":{"display_name":"admin","author_link":"https:\/\/www.keturist.sk\/info\/author\/admin\/"},"rbea_excerpt_info":"&nbsp; Podkateg\u00f3ria:","uagb_featured_image_src":{"full":false,"thumbnail":false,"medium":false,"medium_large":false,"large":false,"1536x1536":false,"2048x2048":false},"uagb_author_info":{"display_name":"admin","author_link":"https:\/\/www.keturist.sk\/info\/author\/admin\/"},"uagb_comment_info":0,"uagb_excerpt":"&nbsp; Podkateg\u00f3ria:","_links":{"self":[{"href":"https:\/\/www.keturist.sk\/info\/wp-json\/wp\/v2\/pages\/19945","targetHints":{"allow":["GET"]}}],"collection":[{"href":"https:\/\/www.keturist.sk\/info\/wp-json\/wp\/v2\/pages"}],"about":[{"href":"https:\/\/www.keturist.sk\/info\/wp-json\/wp\/v2\/types\/page"}],"author":[{"embeddable":true,"href":"https:\/\/www.keturist.sk\/info\/wp-json\/wp\/v2\/users\/1"}],"replies":[{"embeddable":true,"href":"https:\/\/www.keturist.sk\/info\/wp-json\/wp\/v2\/comments?post=19945"}],"version-history":[{"count":2,"href":"https:\/\/www.keturist.sk\/info\/wp-json\/wp\/v2\/pages\/19945\/revisions"}],"predecessor-version":[{"id":42509,"href":"https:\/\/www.keturist.sk\/info\/wp-json\/wp\/v2\/pages\/19945\/revisions\/42509"}],"up":[{"embeddable":true,"href":"https:\/\/www.keturist.sk\/info\/wp-json\/wp\/v2\/pages\/11586"}],"wp:attachment":[{"href":"https:\/\/www.keturist.sk\/info\/wp-json\/wp\/v2\/media?parent=19945"}],"curies":[{"name":"wp","href":"https:\/\/api.w.org\/{rel}","templated":true}]}}