{"id":15776,"date":"2016-01-30T15:52:45","date_gmt":"2016-01-30T14:52:45","guid":{"rendered":"https:\/\/www.keturist.sk\/info\/?page_id=15776"},"modified":"2021-11-07T07:34:10","modified_gmt":"2021-11-07T06:34:10","slug":"historicka-miestnost-v-smolniku","status":"publish","type":"page","link":"https:\/\/www.keturist.sk\/info\/historicka-miestnost-v-smolniku\/","title":{"rendered":"Historick\u00e1 miestnos\u0165 obce Smoln\u00edk"},"content":{"rendered":"<a href=\"https:\/\/www.keturist.sk\/info\/\" class=\"su-button su-button-style-default\" style=\"color:#000000;background-color:#FFCF2F;border-color:#cca626;border-radius:5px\" target=\"_self\"><span style=\"color:#000000;padding:6px 16px;font-size:13px;line-height:20px;border-color:#ffde6e;border-radius:5px;text-shadow:none\"><i class=\"sui sui-arrow-right\" style=\"font-size:13px;color:#000000\"><\/i>  Spravodaj <\/span><\/a>\n<a href=\"https:\/\/www.keturist.sk\/info\/sport-a-kultura\/\" class=\"su-button su-button-style-default\" style=\"color:#000000;background-color:#FFCF2F;border-color:#cca626;border-radius:5px\" target=\"_self\"><span style=\"color:#000000;padding:6px 16px;font-size:13px;line-height:20px;border-color:#ffde6e;border-radius:5px;text-shadow:none\"><i class=\"sui sui-arrow-right\" style=\"font-size:13px;color:#000000\"><\/i>  Aktivity, kult\u00fara, hist\u00f3ria&#8230; <\/span><\/a>\n<a href=\"https:\/\/www.keturist.sk\/info\/sport-a-kultura\/muzea-kultura\/\" class=\"su-button su-button-style-default\" style=\"color:#000000;background-color:#FFCF2F;border-color:#cca626;border-radius:5px\" target=\"_self\"><span style=\"color:#000000;padding:6px 16px;font-size:13px;line-height:20px;border-color:#ffde6e;border-radius:5px;text-shadow:none\"><i class=\"sui sui-arrow-right\" style=\"font-size:13px;color:#000000\"><\/i>  M\u00faze\u00e1, kult\u00fara&#8230; <\/span><\/a>\n<div class=\"su-divider su-divider-style-default\" style=\"margin:15px 0;border-width:0px;border-color:#000000\"><\/div>\n<p><strong>Podkateg\u00f3ria: <\/strong> <a href=\"https:\/\/www.keturist.sk\/info\/sport-a-kultura\/muzea-kultura\/muzea\/\" class=\"su-button su-button-style-default\" style=\"color:#000000;background-color:#afd144;border-color:#8ca837;border-radius:5px\" target=\"_self\"><span style=\"color:#000000;padding:6px 16px;font-size:13px;line-height:20px;border-color:#c7df7d;border-radius:5px;text-shadow:none\"><i class=\"sui sui-arrow-right\" style=\"font-size:13px;color:#000000\"><\/i>  M\u00faze\u00e1 <\/span><\/a>\n<p><strong>Lokaliz\u00e1cia: <\/strong><a href=\"https:\/\/www.keturist.sk\/info\/okolite-hory\/volovske-vrchy\/\">Volovsk\u00e9 vrchy<\/a><\/p>\n<div class=\"su-divider su-divider-style-default\" style=\"margin:15px 0;border-width:2px;border-color:#000000\"><\/div>\n<h3><span style=\"color: #808000;\">V\u0161eobecn\u00e9 inform\u00e1cie<\/span><\/h3>\n<p>Star\u00e1 ban\u00edcka\u00a0architektonicky zauj\u00edmav\u00e1 a p\u00f4sobiv\u00e1 obec<a href=\"https:\/\/www.keturist.sk\/info\/turisticke-vychodiska\/smer-volovske-vrchy\/obec-smolnik\/\"> Smoln\u00edk<\/a>, v ktorej sa nach\u00e1dza mno\u017estvo pamiatok pon\u00faka n\u00e1v\u0161tevn\u00edkom aj svoju Historick\u00fa miestnos\u0165.<\/p>\n<figure id=\"attachment_37514\" aria-describedby=\"caption-attachment-37514\" style=\"width: 800px\" class=\"wp-caption aligncenter\"><a href=\"https:\/\/www.keturist.sk\/info\/wp-content\/uploads\/2020\/12\/muzeum-smolnik1.jpg\"><img loading=\"lazy\" decoding=\"async\" class=\"wp-image-37514 size-full\" src=\"https:\/\/www.keturist.sk\/info\/wp-content\/uploads\/2020\/12\/muzeum-smolnik1.jpg\" alt=\"\" width=\"800\" height=\"533\" srcset=\"https:\/\/www.keturist.sk\/info\/wp-content\/uploads\/2020\/12\/muzeum-smolnik1.jpg 800w, https:\/\/www.keturist.sk\/info\/wp-content\/uploads\/2020\/12\/muzeum-smolnik1-270x180.jpg 270w, https:\/\/www.keturist.sk\/info\/wp-content\/uploads\/2020\/12\/muzeum-smolnik1-768x512.jpg 768w\" sizes=\"auto, (max-width: 800px) 100vw, 800px\" \/><\/a><figcaption id=\"caption-attachment-37514\" class=\"wp-caption-text\">Historick\u00e1 miestnos\u0165<\/figcaption><\/figure>\n<p>Historick\u00fa miestnos\u0165 vytvorila obec <a href=\"https:\/\/www.keturist.sk\/info\/turisticke-vychodiska\/smer-volovske-vrchy\/obec-smolnik\/\">Smoln\u00edk<\/a> v spolupr\u00e1ci s <strong>Ban\u00edckym spolkom Bratstvo<\/strong> <strong>Smoln\u00edk<\/strong> a obcou <strong>Smoln\u00edcka Huta<\/strong>.<\/p>\n<p>Nach\u00e1dza sa v budove Obecn\u00e9ho \u00faradu v priestoroch b\u00fdval\u00fdch kozmetick\u00fdch slu\u017eieb.<\/p>\n<figure id=\"attachment_37515\" aria-describedby=\"caption-attachment-37515\" style=\"width: 800px\" class=\"wp-caption aligncenter\"><a href=\"https:\/\/www.keturist.sk\/info\/wp-content\/uploads\/2020\/12\/muzeum-smolnik2.jpg\"><img loading=\"lazy\" decoding=\"async\" class=\"wp-image-37515 size-full\" src=\"https:\/\/www.keturist.sk\/info\/wp-content\/uploads\/2020\/12\/muzeum-smolnik2.jpg\" alt=\"\" width=\"800\" height=\"534\" srcset=\"https:\/\/www.keturist.sk\/info\/wp-content\/uploads\/2020\/12\/muzeum-smolnik2.jpg 800w, https:\/\/www.keturist.sk\/info\/wp-content\/uploads\/2020\/12\/muzeum-smolnik2-270x180.jpg 270w, https:\/\/www.keturist.sk\/info\/wp-content\/uploads\/2020\/12\/muzeum-smolnik2-768x513.jpg 768w\" sizes=\"auto, (max-width: 800px) 100vw, 800px\" \/><\/a><figcaption id=\"caption-attachment-37515\" class=\"wp-caption-text\">Historick\u00e1 miestnos\u0165<\/figcaption><\/figure>\n<p>V historickej miestnosti s\u00fa umiestnen\u00e9 fotografie a r\u00f4zne dobov\u00e9 historick\u00e9 predmety.<\/p>\n<p>Taktie\u017e je tu prezentovan\u00e1 nielen hist\u00f3ria ban\u00edctva, ale celkov\u00fd \u017eivot v obci, ktor\u00fd je \u00fazko sp\u00e4t\u00fd aj s ru\u010dnou v\u00fdrobou cig\u00e1r.<\/p>\n<p>Historick\u00e1 miestnos\u0165 je k dispoz\u00edcii ka\u017ed\u00e9mu, kto m\u00e1 o jej n\u00e1v\u0161tevu z\u00e1ujem v pracovn\u00fdch d\u0148och od 8.00 hod. do 14.00 hod.<\/p>\n<p>Po\u010das v\u00edkendu si musia svoju n\u00e1v\u0161tevu v\u00a0Historickej miestnosti n\u00e1v\u0161tevn\u00edci objedna\u0165 na telefonom \u010d\u00edsle <strong>0903422554 (p. \u010ce\u010dov\u00e1)<\/strong>.<\/p>\n<h3><span style=\"color: #808000;\">Bl\u00edzke stredisko, turistick\u00e9 centrum, obec alebo mesto:<\/span><\/h3>\n<ul>\n<li><a href=\"https:\/\/www.keturist.sk\/info\/smer-volovske-vrchy\/obec-smolnik\/\">Obec Smoln\u00edk (\u010d\u00edtaj viac&#8230;)<\/a><\/li>\n<\/ul>\n<h3><span style=\"color: #808000;\">Kontakt<\/span><\/h3>\n<p><img loading=\"lazy\" decoding=\"async\" class=\"alignright wp-image-15802\" src=\"https:\/\/www.keturist.sk\/info\/wp-content\/uploads\/2016\/01\/historicka-miestnost.png\" alt=\"historicka-miestnost\" width=\"150\" height=\"149\" \/><br \/>\n<strong>Obecn\u00fd \u00farad<\/strong><br \/>\nSmoln\u00edk 1<br \/>\n055 66 Smoln\u00edk<br \/>\n<strong>Tel:<\/strong> 053 \/ 479 91 30, 053 \/ 489 72 27, 053 \/ 489 72 01<br \/>\n<strong>Email:<\/strong> <a href=\"mailto:obecnyuradsmolnik@stonline.sk\" target=\"_blank\" rel=\"noopener noreferrer\">obecnyuradsmolnik@stonline.sk<\/a><br \/>\n<strong>Web:<\/strong> <a href=\"http:\/\/www.smolnik.sk\" target=\"_blank\" rel=\"noopener noreferrer\">www.smolnik.sk<\/a><\/p>\n<h3><span style=\"color: #808000;\">Mapy<\/span><\/h3>\n<p><strong>Vrstvy: <\/strong>Turistick\u00e1 mapa, Automapa, Cyklomapa, Ly\u017eiarska mapa, Satelitn\u00e1 mapa a OpenStreetMap.<\/p>\n<p><strong>Kliknut\u00edm na logo &#8222;Freemap.sk&#8220; sa V\u00e1m mapa zobraz\u00ed na celej ploche obrazovky.<\/strong><\/p>\n<p><iframe style=\"width: 800px; height: 500px; border: 0;\" src=\"https:\/\/www.freemap.sk\/?map=14\/48.729841\/20.739913&amp;info-point=48.729841\/20.739913,Obec Smoln\u00edk&amp;layers=T&amp;embed=search\" allowfullscreen=\"allowfullscreen\"><span data-mce-type=\"bookmark\" style=\"display: inline-block; width: 0px; overflow: hidden; line-height: 0;\" class=\"mce_SELRES_start\">\ufeff<\/span><\/iframe><\/p>\n<h3><span style=\"color: #808000;\">Po\u010dasie<\/span><\/h3>\n<p><iframe style=\"width: 800px; height: 605px;\" src=\"https:\/\/www.meteoblue.com\/sk\/po%C4%8Dasie\/widget\/three\/smoln%c3%adk_slovensk%c3%a1-republika_723564?geoloc=fixed&amp;nocurrent=0&amp;noforecast=0&amp;days=5&amp;tempunit=CELSIUS&amp;windunit=KILOMETER_PER_HOUR&amp;layout=image\" frameborder=\"0\" scrolling=\"NO\" sandbox=\"allow-same-origin allow-scripts allow-popups allow-popups-to-escape-sandbox\"><\/iframe><\/p>\n<div><!-- DO NOT REMOVE THIS LINK --><a href=\"https:\/\/www.meteoblue.com\/sk\/po%C4%8Dasie\/predpove%C4%8F\/t%C3%BD%C5%BEde%C5%88\/smoln%c3%adk_slovensk%c3%a1-republika_723564?utm_source=weather_widget&amp;utm_medium=linkus&amp;utm_content=three&amp;utm_campaign=Weather%2BWidget\" target=\"_blank\" rel=\"noopener noreferrer\">meteoblue<\/a><\/div>\n<p><span style=\"color: #808000;\"><strong>Plag\u00e1t<\/strong><\/span><\/p>\n<p><a href=\"https:\/\/www.keturist.sk\/info\/wp-content\/uploads\/2020\/12\/historicka_miestnost_web.jpg\"><img loading=\"lazy\" decoding=\"async\" class=\"aligncenter wp-image-37516 size-full\" src=\"https:\/\/www.keturist.sk\/info\/wp-content\/uploads\/2020\/12\/historicka_miestnost_web.jpg\" alt=\"\" width=\"800\" height=\"1131\" srcset=\"https:\/\/www.keturist.sk\/info\/wp-content\/uploads\/2020\/12\/historicka_miestnost_web.jpg 800w, https:\/\/www.keturist.sk\/info\/wp-content\/uploads\/2020\/12\/historicka_miestnost_web-424x600.jpg 424w, https:\/\/www.keturist.sk\/info\/wp-content\/uploads\/2020\/12\/historicka_miestnost_web-127x180.jpg 127w, https:\/\/www.keturist.sk\/info\/wp-content\/uploads\/2020\/12\/historicka_miestnost_web-768x1086.jpg 768w\" sizes=\"auto, (max-width: 800px) 100vw, 800px\" \/><\/a><\/p>\n<p>&nbsp;<\/p>\n<p><strong>Zdroj inform\u00e1ci\u00ed + foto:<\/strong> <a href=\"http:\/\/www.smolnik.sk\" target=\"_blank\" rel=\"noopener noreferrer\">www.smolnik.sk<\/a><\/p>\n","protected":false},"excerpt":{"rendered":"<p>Podkateg\u00f3ria: Lokaliz\u00e1cia: Volovsk\u00e9 vrchy V\u0161eobecn\u00e9 inform\u00e1cie Star\u00e1 ban\u00edcka\u00a0architektonicky zauj\u00edmav\u00e1 a p\u00f4sobiv\u00e1 obec Smoln\u00edk, v ktorej sa nach\u00e1dza mno\u017estvo pamiatok pon\u00faka n\u00e1v\u0161tevn\u00edkom aj svoju Historick\u00fa miestnos\u0165. Historick\u00fa miestnos\u0165 vytvorila obec Smoln\u00edk [&hellip;]<\/p>\n","protected":false},"author":1,"featured_media":0,"parent":0,"menu_order":0,"comment_status":"closed","ping_status":"closed","template":"","meta":{"_uag_custom_page_level_css":"","_monsterinsights_skip_tracking":false,"_monsterinsights_sitenote_active":false,"_monsterinsights_sitenote_note":"","_monsterinsights_sitenote_category":0,"footnotes":""},"class_list":["post-15776","page","type-page","status-publish","hentry"],"featured_image_src":"","featured_image_src_square":false,"rbea_author_info":{"display_name":"admin","author_link":"https:\/\/www.keturist.sk\/info\/author\/admin\/"},"rbea_excerpt_info":"Podkateg\u00f3ria: Lokaliz\u00e1cia: Volovsk\u00e9 vrchy V\u0161eobecn\u00e9 inform\u00e1cie Star\u00e1 ban\u00edcka\u00a0architektonicky zauj\u00edmav\u00e1 a p\u00f4sobiv\u00e1 obec Smoln\u00edk, v ktorej sa nach\u00e1dza mno\u017estvo pamiatok pon\u00faka n\u00e1v\u0161tevn\u00edkom aj svoju Historick\u00fa miestnos\u0165. Historick\u00fa miestnos\u0165 vytvorila obec Smoln\u00edk [&hellip;]","uagb_featured_image_src":{"full":false,"thumbnail":false,"medium":false,"medium_large":false,"large":false,"1536x1536":false,"2048x2048":false},"uagb_author_info":{"display_name":"admin","author_link":"https:\/\/www.keturist.sk\/info\/author\/admin\/"},"uagb_comment_info":0,"uagb_excerpt":"Podkateg\u00f3ria: Lokaliz\u00e1cia: Volovsk\u00e9 vrchy V\u0161eobecn\u00e9 inform\u00e1cie Star\u00e1 ban\u00edcka\u00a0architektonicky zauj\u00edmav\u00e1 a p\u00f4sobiv\u00e1 obec Smoln\u00edk, v ktorej sa nach\u00e1dza mno\u017estvo pamiatok pon\u00faka n\u00e1v\u0161tevn\u00edkom aj svoju Historick\u00fa miestnos\u0165. Historick\u00fa miestnos\u0165 vytvorila obec Smoln\u00edk [&hellip;]","_links":{"self":[{"href":"https:\/\/www.keturist.sk\/info\/wp-json\/wp\/v2\/pages\/15776","targetHints":{"allow":["GET"]}}],"collection":[{"href":"https:\/\/www.keturist.sk\/info\/wp-json\/wp\/v2\/pages"}],"about":[{"href":"https:\/\/www.keturist.sk\/info\/wp-json\/wp\/v2\/types\/page"}],"author":[{"embeddable":true,"href":"https:\/\/www.keturist.sk\/info\/wp-json\/wp\/v2\/users\/1"}],"replies":[{"embeddable":true,"href":"https:\/\/www.keturist.sk\/info\/wp-json\/wp\/v2\/comments?post=15776"}],"version-history":[{"count":4,"href":"https:\/\/www.keturist.sk\/info\/wp-json\/wp\/v2\/pages\/15776\/revisions"}],"predecessor-version":[{"id":43460,"href":"https:\/\/www.keturist.sk\/info\/wp-json\/wp\/v2\/pages\/15776\/revisions\/43460"}],"wp:attachment":[{"href":"https:\/\/www.keturist.sk\/info\/wp-json\/wp\/v2\/media?parent=15776"}],"curies":[{"name":"wp","href":"https:\/\/api.w.org\/{rel}","templated":true}]}}