{"id":14122,"date":"2015-11-29T06:06:53","date_gmt":"2015-11-29T05:06:53","guid":{"rendered":"https:\/\/www.keturist.sk\/info\/?page_id=14122"},"modified":"2023-11-28T15:48:14","modified_gmt":"2023-11-28T14:48:14","slug":"skipark-erika-kojsovska-hola","status":"publish","type":"page","link":"https:\/\/www.keturist.sk\/info\/aktivity\/skipark-erika-kojsovska-hola\/","title":{"rendered":"Skipark Erika &#8211; Koj\u0161ovsk\u00e1 ho\u013ea"},"content":{"rendered":"<a href=\"https:\/\/www.keturist.sk\/info\/\" class=\"su-button su-button-style-default\" style=\"color:#000000;background-color:#FFCF2F;border-color:#cca626;border-radius:5px\" target=\"_self\"><span style=\"color:#000000;padding:6px 16px;font-size:13px;line-height:20px;border-color:#ffde6e;border-radius:5px;text-shadow:none\"><i class=\"sui sui-arrow-right\" style=\"font-size:13px;color:#000000\"><\/i>  Spravodaj <\/span><\/a>\n<a href=\"https:\/\/www.keturist.sk\/info\/sport-a-kultura\/\" class=\"su-button su-button-style-default\" style=\"color:#000000;background-color:#FFCF2F;border-color:#cca626;border-radius:5px\" target=\"_self\"><span style=\"color:#000000;padding:6px 16px;font-size:13px;line-height:20px;border-color:#ffde6e;border-radius:5px;text-shadow:none\"><i class=\"sui sui-arrow-right\" style=\"font-size:13px;color:#000000\"><\/i>  Aktivity, kult\u00fara, hist\u00f3ria&#8230; <\/span><\/a>\n<a href=\"https:\/\/www.keturist.sk\/info\/lyziarske-strediska\/\" class=\"su-button su-button-style-default\" style=\"color:#000000;background-color:#FFCF2F;border-color:#cca626;border-radius:5px\" target=\"_self\"><span style=\"color:#000000;padding:6px 16px;font-size:13px;line-height:20px;border-color:#ffde6e;border-radius:5px;text-shadow:none\"><i class=\"sui sui-arrow-right\" style=\"font-size:13px;color:#000000\"><\/i>  Ly\u017eiarsk\u00e9 stredisk\u00e1 <\/span><\/a>\n<div class=\"su-divider su-divider-style-default\" style=\"margin:15px 0;border-width:0px;border-color:#000000\"><\/div>\n<strong>Podkateg\u00f3ria: <span style=\"color: #ff0000;\">Ly\u017eovanie<\/span><\/strong><\/p>\n<p><strong>Lokaliz\u00e1cia: <\/strong><a href=\"https:\/\/www.keturist.sk\/info\/okolite-hory\/volovske-vrchy\/\">Volovsk\u00e9 vrchy<\/a><br \/>\n<div class=\"su-divider su-divider-style-default\" style=\"margin:15px 0;border-width:2px;border-color:#000000\"><\/div>\n<h3><span style=\"color: #808000;\">Info ly\u017eovanie<\/span><\/h3>\n<p><strong>Uveden\u00e9 \u00fadaje maj\u00fa len informat\u00edvny charakter!!!<\/strong><\/p>\n<h4><span style=\"color: #993300;\">Be\u017eeck\u00e9 ly\u017eovanie<\/span><\/h4>\n<div class=\"rtbs  rtbs_kojsovska-hola-beh-na-lyziach\"><div class=\"rtbs_slug\" style=\"display:none\">kojsovska-hola-beh-na-lyziach<\/div><div class=\"rtbs_inactive_tab_background\" style=\"display:none\">transparent<\/div><div class=\"rtbs_breakpoint\" style=\"display:none\">600<\/div><div class=\"rtbs_color\" style=\"display:none\">#12bece<\/div>\r\n        <div class=\"rtbs_menu\">\r\n            <ul>\r\n                <li class=\"mobile_toggle\">&zwnj;<\/li><li class=\"current\"><a style=\"background:#12bece\" class=\"active kojsovska-hola-beh-na-lyziach-tab-link-0\" href=\"#\" data-tab=\"#kojsovska-hola-beh-na-lyziach-tab-0\">Ly\u017eiarske podmienky<\/a><\/li>\r\n            <\/ul>\r\n        <\/div><div style=\"border-top:7px solid #12bece;\" id=\"kojsovska-hola-beh-na-lyziach-tab-0\" class=\"rtbs_content active\"><table class=\"mtr-table mtr-tr-th\">\n<tbody>\n<tr>\n<th bgcolor=\"#aaccff\" data-mtr-content=\"D\u00e1tum\" class=\"mtr-th-tag\"><div class=\"mtr-cell-content\">D\u00e1tum<\/div><\/th>\n<th bgcolor=\"#aaccff\" data-mtr-content=\"Sneh\" class=\"mtr-th-tag\"><div class=\"mtr-cell-content\">Sneh<\/div><\/th>\n<th bgcolor=\"#aaccff\" data-mtr-content=\"Kvalita\" class=\"mtr-th-tag\"><div class=\"mtr-cell-content\">Kvalita<\/div><\/th>\n<th bgcolor=\"#aaccff\" data-mtr-content=\"\u00daprava\" class=\"mtr-th-tag\"><div class=\"mtr-cell-content\">\u00daprava<\/div><\/th>\n<th bgcolor=\"#aaccff\" data-mtr-content=\"Podmienky\" class=\"mtr-th-tag\"><div class=\"mtr-cell-content\">Podmienky<\/div><\/th>\n<\/tr>\n<tr>\n<td bgcolor=\"#ffffff\" data-mtr-content=\"D\u00e1tum\" class=\"mtr-td-tag\"><div class=\"mtr-cell-content\"><span style=\"color: #000000\">21.02.2026<\/span><\/div><\/td>\n<td bgcolor=\"#ffffff\" data-mtr-content=\"Sneh\" class=\"mtr-td-tag\"><div class=\"mtr-cell-content\"><span style=\"color: #000000\">10-30 cm<\/span><\/div><\/td>\n<td bgcolor=\"#ffffff\" data-mtr-content=\"Kvalita\" class=\"mtr-td-tag\"><div class=\"mtr-cell-content\"><em class=\"field-content\">nov\u00fd sneh<\/em><\/div><\/td>\n<td bgcolor=\"#ffffff\" data-mtr-content=\"\u00daprava\" class=\"mtr-td-tag\"><div class=\"mtr-cell-content\"><span style=\"color: #000000\">Upraven\u00e9 ratrakom<\/span><\/div><\/td>\n<td bgcolor=\"#ffffff\" data-mtr-content=\"Podmienky\" class=\"mtr-td-tag\"><div class=\"mtr-cell-content\"><span style=\"color: #000000\">odpor\u00fa\u010dame<\/span><\/div><\/td>\n<\/tr>\n<\/tbody>\n<\/table>\n<div style=\"margin-top:30px; clear:both;\"><\/div><\/div>\r\n    <\/div>\r\n    \n<h3><span style=\"color: #808000;\">Snehov\u00e9 spr\u00e1vy &#8211; ostatn\u00e9 stredisk\u00e1<\/span><\/h3>\n<a href=\"https:\/\/www.keturist.sk\/info\/lyziarske-strediska\/\" class=\"su-button su-button-style-default\" style=\"color:#000000;background-color:#2D89EF;border-color:#246ec0;border-radius:5px\" target=\"_self\"><span style=\"color:#000000;padding:6px 16px;font-size:13px;line-height:20px;border-color:#6cadf4;border-radius:5px;text-shadow:none\"><i class=\"sui sui-link\" style=\"font-size:13px;color:#000000\"><\/i>  Ly\u017eiarsk\u00e9 stredisk\u00e1 \u2013 Snehov\u00e9 spr\u00e1vy <\/span><\/a>\n<p>&nbsp;<\/p>\n<h3><span style=\"color: #808000;\">Inform\u00e1cie o stredisku<\/span><\/h3>\n<p>Ne\u010faleko Ko\u0161\u00edc (25 km) sa nach\u00e1dza v zime aj v lete vyh\u013ead\u00e1van\u00e1 <a href=\"https:\/\/www.keturist.sk\/info\/turisticke-vychodiska\/smer-volovske-vrchy\/rekreacna-oblast-kojsovska-hola\/\">rekrea\u010dn\u00e1 oblas\u0165 Koj\u0161ovsk\u00e1 ho\u013ea<\/a>.<\/p>\n<p>Rozprestiera sa na \u00fazemiach v\u00fdh\u013eadov\u00e9ho vrchu <a href=\"https:\/\/www.keturist.sk\/info\/vrchy-skaly-a-sedla\/kojsovska-hola-1246-m-n-m\/\"><strong>Koj\u0161ovskej hole (1246 m.n.m.)<\/strong><\/a> a vrchu <strong>Zlatoidska hora (1232 m.n.m.)<\/strong>,\u00a0vo v\u00fdchodnej \u010dasti <a href=\"https:\/\/www.keturist.sk\/info\/okolite-hory\/volovske-vrchy\/\">Volovsk\u00fdch vrchov<\/a> <strong>podcelok Koj\u0161ovsk\u00e1 ho\u013ea<\/strong>.<\/p>\n<figure id=\"attachment_36415\" aria-describedby=\"caption-attachment-36415\" style=\"width: 800px\" class=\"wp-caption aligncenter\"><a href=\"https:\/\/www.keturist.sk\/info\/wp-content\/uploads\/2020\/12\/kojsovka1.jpg\"><img loading=\"lazy\" decoding=\"async\" class=\"wp-image-36415 size-medium\" src=\"https:\/\/www.keturist.sk\/info\/wp-content\/uploads\/2020\/12\/kojsovka1-800x533.jpg\" alt=\"\" width=\"800\" height=\"533\" srcset=\"https:\/\/www.keturist.sk\/info\/wp-content\/uploads\/2020\/12\/kojsovka1-800x533.jpg 800w, https:\/\/www.keturist.sk\/info\/wp-content\/uploads\/2020\/12\/kojsovka1-270x180.jpg 270w, https:\/\/www.keturist.sk\/info\/wp-content\/uploads\/2020\/12\/kojsovka1-768x512.jpg 768w, https:\/\/www.keturist.sk\/info\/wp-content\/uploads\/2020\/12\/kojsovka1.jpg 900w\" sizes=\"auto, (max-width: 800px) 100vw, 800px\" \/><\/a><figcaption id=\"caption-attachment-36415\" class=\"wp-caption-text\">Poh\u013ead z Koj\u0161ovej Hole na Zlatoidsk\u00fa horu<\/figcaption><\/figure>\n<p><span class=\"st\">Ly\u017eiarske stredisko <em>Skipark Erika<\/em><\/span> pon\u00faka v\u00fdborn\u00e9 podmienky najm\u00e4 pre ly\u017eovanie, ale aj pre turistick\u00e9 vy\u017eitie.<\/p>\n<p>Za\u010diato\u010dn\u00edci, stredne pokro\u010dil\u00ed i fajn\u0161mekri dobrej ly\u017eova\u010dky, \u010di jazdy na snowboarde si v tejto lokalite m\u00f4\u017eu z chuti zaly\u017eova\u0165.<\/p>\n<p>Zjazdov\u00fdm ly\u017eiarom tu sl\u00fa\u017eia modern\u00e9 dopravn\u00e9 zariadenia ( trojseda\u010dkov\u00e1 lanovka a vleky) s celkovou prepravnou kapacitou cca 4700 os.\/hod.<\/p>\n<p>Z \u00fadoln\u00e9ho parkoviska v obci Zlat\u00e1 Idka prem\u00e1va do strediska 3-seda\u010dkov\u00e1 lanovka. Obsluhuje \u013eahk\u00fa zjazdovku Turistick\u00e1 I. s d\u013a\u017ekou 2200 metrov, na ktorej sa ly\u017euje v pr\u00edpade dostatku pr\u00edrodn\u00e9ho snehu.<\/p>\n<p>Pre vyzn\u00e1va\u010dov tohto pekn\u00e9ho odvetvia \u0161portu s\u00fa k dispoz\u00edcii oby\u010dajne od polovice decembra do konca marca upraven\u00e9 zjazdovky r\u00f4znych stup\u0148ov obtia\u017enosti.<\/p>\n<p>V s\u00falade s medzin\u00e1rodn\u00fdmi pravidlami s\u00fa ozna\u010den\u00e9 informa\u010dn\u00fdmi kruhov\u00fdmi zna\u010dkami (pr\u00edkazov\u00e9, z\u00e1kazov\u00e9) a farebne pod\u013ea stup\u0148a ob\u0165a\u017enosti.<\/p>\n<p><strong>Zjazdov\u00e9 trate:<\/strong> \u0165a\u017ek\u00e1 &#8211; \u010dierna, stredne \u0165a\u017ek\u00e1 &#8211; \u010derven\u00e1, \u013eahk\u00e1 &#8211; modr\u00e1.<\/p>\n<p><strong>Be\u017eeck\u00e9 trate (2 a 5 km) ved\u00fa magistr\u00e1lou po existuj\u00facich chodn\u00edkoch a lesn\u00fdch cest\u00e1ch:<\/strong> Pr\u00edstup do oblasti je z Popro\u010da, Medzeva, \u0160t\u00f3su, Prakoviec, Gelnice, Koj\u0161ova, Op\u00e1tky, Hy\u013eova a Zlatej Idky.<\/p>\n<p>Stredisko \u010falej pon\u00faka slu\u017eby ako po\u017ei\u010dov\u0148u ly\u017e\u00ed, ob\u010derstvenie a parkovanie.<\/p>\n<h3><span style=\"color: #808000;\">Charakteristika ly\u017eiarskeho strediska<\/span><\/h3>\n<p><strong>slu\u017eby:<\/strong> technick\u00e9 zasne\u017eovanie, ski servis, po\u017ei\u010dov\u0148a \u0161portov\u00fdch potrieb, ly\u017eiarska \u0161kola<\/p>\n<p><strong>po\u010det zjazdov\u00fdch trat\u00ed:<\/strong> 7<\/p>\n<p><strong>n\u00e1ro\u010dnos\u0165 zjazdov\u00fdch trat\u00ed: <\/strong>\u0165a\u017ek\u00e1, stredne \u0165a\u017ek\u00e1, \u013eahk\u00e1<\/p>\n<p><strong>d\u013a\u017eka zjazdov\u00fdch trat\u00ed:<\/strong> celkov\u00e1 6090 m, technicky zasne\u017eovan\u00e9 1000 m<\/p>\n<p><strong>d\u013a\u017eka be\u017eeck\u00fdch trat\u00ed:<\/strong> 7 km<\/p>\n<p><strong>osobn\u00e9 horsk\u00e9 dopravn\u00e9 zariadenia:<\/strong> seda\u010dky 1, vleky 4<\/p>\n<p><strong>nadmorsk\u00e1 v\u00fd\u0161ka:<\/strong> vrcholov\u00e1 stanica 1232, \u00fadoln\u00e1 stanica 630<\/p>\n<p><strong>Sez\u00f3na:<\/strong><b> <\/b>december &#8211; marec<b><\/b><\/p>\n<h3><span style=\"color: #808000;\">Parkovanie:<\/span><\/h3>\n<p>Bezplatn\u00e9 parkovisko s kapacitou 300 miest je mo\u017en\u00e9 n\u00e1js\u0165 do<b> <\/b>300 m od vlekov.<\/p>\n<p>Parkovanie umo\u017e\u0148uje aj platen\u00e9 parkovisko s kapacitou 400 miest.<\/p>\n<h3><span style=\"color: #808000;\">Kontakt<\/span><\/h3>\n<p>Skipark Erika (S.V.I.M., s.r.o.)<br \/>\nHus\u00e1rska 72<br \/>\n040 11 Ko\u0161ice<br \/>\n<strong>Tel.:<\/strong> +421 (0) 911 900 802, +421 (0) 911 900 804<br \/>\n<strong>E-mail:<\/strong> <a href=\"mailto:skiparkerika@skiparkerika.sk\" target=\"_blank\" rel=\"noopener noreferrer\">skiparkerika@skiparkerika.sk<\/a><br \/>\n<strong>Web:<\/strong> <a href=\"http:\/\/www.skiparkerika.sk\" target=\"_blank\" rel=\"noopener noreferrer\">www.skiparkerika.sk<\/a><\/p>\n<h3><span style=\"color: #808000;\">Objednaj si ubytovanie<\/span><\/h3>\n<ul>\n<li><a href=\"http:\/\/keturist.sk\/shop\/produkt\/chata-erika-kojsovska-hola\/?v=13dd621f2711\" target=\"_blank\" rel=\"noopener noreferrer\"> Chata Erika &#8211; Koj\u0161ovsk\u00e1 Ho\u013ea (\u010d\u00edtaj viac&#8230;) <\/a> priamo v stredisku<\/li>\n<\/ul>\n<h3><span style=\"color: #808000;\">Pr\u00edrodn\u00e9 zauj\u00edmavosti v stredisku<\/span><\/h3>\n<ul>\n<li><a href=\"https:\/\/www.keturist.sk\/info\/vrchy-skaly-a-sedla\/kojsovska-hola-1246-m-n-m\/\">Koj\u0161ovsk\u00e1 ho\u013ea [1246 m n.m.] (\u010d\u00edtaj viac&#8230;)<\/a><\/li>\n<\/ul>\n<h3><span style=\"color: #808000;\">Horsk\u00e9 chaty a \u00fatulne<\/span><\/h3>\n<ul>\n<li><a href=\"https:\/\/www.keturist.sk\/info\/horske-chaty-a-utulne\/chata-erika\/\">Chata Erika (\u010d\u00edtaj viac&#8230;)<\/a><\/li>\n<\/ul>\n<h3><span style=\"color: #808000;\">Aktivity<\/span><\/h3>\n<ul>\n<li><a href=\"http:\/\/www.skiparkerika.sk\/\" target=\"_blank\" rel=\"noopener noreferrer\">Ly\u017eiarsk\u00e9 stredisko Koj\u0161ov\u00e1 ho\u013ea &#8211; Skipark Erika (\u010d\u00edtaj viac&#8230;)<\/a><\/li>\n<\/ul>\n<h3><span style=\"color: #808000;\">Mapy<\/span><\/h3>\n<p><strong>Vrstvy: <\/strong>Turistick\u00e1 mapa, Automapa, Cyklomapa, Ly\u017eiarska mapa, Satelitn\u00e1 mapa a OpenStreetMap.<\/p>\n<p><strong>Kliknut\u00edm na logo &#8222;Freemap.sk&#8220; sa V\u00e1m mapa zobraz\u00ed na celej ploche obrazovky.<\/strong><\/p>\n<h3><iframe style=\"width: 8000px; height: 500px; border: 0;\" src=\"https:\/\/www.freemap.sk\/?map=15\/48.782149\/20.988082&amp;info-point=48.782149\/20.988082,Koj\u0161ov\u00e1 ho\u013ea&amp;layers=T&amp;embed=search\" allowfullscreen=\"allowfullscreen\"><\/iframe><\/h3>\n<h3><span style=\"color: #808000;\">Po\u010dasie<\/span><\/h3>\n<p><iframe style=\"width: 800px; height: 612px;\" src=\"https:\/\/www.meteoblue.com\/sk\/po%C4%8Dasie\/widget\/three\/koj%c5%a1ovsk%c3%a1-hol%e2%80%99a_slovensk%c3%a1-republika_724475?geoloc=fixed&amp;nocurrent=0&amp;noforecast=0&amp;days=5&amp;tempunit=CELSIUS&amp;windunit=KILOMETER_PER_HOUR&amp;layout=image\" frameborder=\"0\" scrolling=\"NO\" sandbox=\"allow-same-origin allow-scripts allow-popups allow-popups-to-escape-sandbox\"><\/iframe><\/p>\n<div><!-- DO NOT REMOVE THIS LINK --><a href=\"https:\/\/www.meteoblue.com\/sk\/po%C4%8Dasie\/predpove%C4%8F\/t%C3%BD%C5%BEde%C5%88\/koj%c5%a1ovsk%c3%a1-hol%e2%80%99a_slovensk%c3%a1-republika_724475?utm_source=weather_widget&amp;utm_medium=linkus&amp;utm_content=three&amp;utm_campaign=Weather%2BWidget\" target=\"_blank\" rel=\"noopener noreferrer\">meteoblue<\/a><\/div>\n","protected":false},"excerpt":{"rendered":"<p>Podkateg\u00f3ria: Ly\u017eovanie Lokaliz\u00e1cia: Volovsk\u00e9 vrchy Info ly\u017eovanie Uveden\u00e9 \u00fadaje maj\u00fa len informat\u00edvny charakter!!! Be\u017eeck\u00e9 ly\u017eovanie Snehov\u00e9 spr\u00e1vy &#8211; ostatn\u00e9 stredisk\u00e1 &nbsp; Inform\u00e1cie o stredisku Ne\u010faleko Ko\u0161\u00edc (25 km) sa nach\u00e1dza [&hellip;]<\/p>\n","protected":false},"author":1,"featured_media":0,"parent":258,"menu_order":0,"comment_status":"closed","ping_status":"closed","template":"","meta":{"_uag_custom_page_level_css":"","_monsterinsights_skip_tracking":false,"_monsterinsights_sitenote_active":false,"_monsterinsights_sitenote_note":"","_monsterinsights_sitenote_category":0,"footnotes":""},"class_list":["post-14122","page","type-page","status-publish","hentry"],"featured_image_src":"","featured_image_src_square":false,"rbea_author_info":{"display_name":"admin","author_link":"https:\/\/www.keturist.sk\/info\/author\/admin\/"},"rbea_excerpt_info":"Podkateg\u00f3ria: Ly\u017eovanie Lokaliz\u00e1cia: Volovsk\u00e9 vrchy Info ly\u017eovanie Uveden\u00e9 \u00fadaje maj\u00fa len informat\u00edvny charakter!!! Be\u017eeck\u00e9 ly\u017eovanie Snehov\u00e9 spr\u00e1vy &#8211; ostatn\u00e9 stredisk\u00e1 &nbsp; Inform\u00e1cie o stredisku Ne\u010faleko Ko\u0161\u00edc (25 km) sa nach\u00e1dza [&hellip;]","uagb_featured_image_src":{"full":false,"thumbnail":false,"medium":false,"medium_large":false,"large":false,"1536x1536":false,"2048x2048":false},"uagb_author_info":{"display_name":"admin","author_link":"https:\/\/www.keturist.sk\/info\/author\/admin\/"},"uagb_comment_info":0,"uagb_excerpt":"Podkateg\u00f3ria: Ly\u017eovanie Lokaliz\u00e1cia: Volovsk\u00e9 vrchy Info ly\u017eovanie Uveden\u00e9 \u00fadaje maj\u00fa len informat\u00edvny charakter!!! Be\u017eeck\u00e9 ly\u017eovanie Snehov\u00e9 spr\u00e1vy &#8211; ostatn\u00e9 stredisk\u00e1 &nbsp; Inform\u00e1cie o stredisku Ne\u010faleko Ko\u0161\u00edc (25 km) sa nach\u00e1dza [&hellip;]","_links":{"self":[{"href":"https:\/\/www.keturist.sk\/info\/wp-json\/wp\/v2\/pages\/14122","targetHints":{"allow":["GET"]}}],"collection":[{"href":"https:\/\/www.keturist.sk\/info\/wp-json\/wp\/v2\/pages"}],"about":[{"href":"https:\/\/www.keturist.sk\/info\/wp-json\/wp\/v2\/types\/page"}],"author":[{"embeddable":true,"href":"https:\/\/www.keturist.sk\/info\/wp-json\/wp\/v2\/users\/1"}],"replies":[{"embeddable":true,"href":"https:\/\/www.keturist.sk\/info\/wp-json\/wp\/v2\/comments?post=14122"}],"version-history":[{"count":11,"href":"https:\/\/www.keturist.sk\/info\/wp-json\/wp\/v2\/pages\/14122\/revisions"}],"predecessor-version":[{"id":61623,"href":"https:\/\/www.keturist.sk\/info\/wp-json\/wp\/v2\/pages\/14122\/revisions\/61623"}],"up":[{"embeddable":true,"href":"https:\/\/www.keturist.sk\/info\/wp-json\/wp\/v2\/pages\/258"}],"wp:attachment":[{"href":"https:\/\/www.keturist.sk\/info\/wp-json\/wp\/v2\/media?parent=14122"}],"curies":[{"name":"wp","href":"https:\/\/api.w.org\/{rel}","templated":true}]}}