{"id":14094,"date":"2015-11-27T19:25:28","date_gmt":"2015-11-27T18:25:28","guid":{"rendered":"https:\/\/www.keturist.sk\/info\/?page_id=14094"},"modified":"2023-11-30T05:44:23","modified_gmt":"2023-11-30T04:44:23","slug":"lyziarske-stredisko-kavecany","status":"publish","type":"page","link":"https:\/\/www.keturist.sk\/info\/aktivity\/lyziarske-stredisko-kavecany\/","title":{"rendered":"Ly\u017eiarske stredisko Kave\u010dany"},"content":{"rendered":"<a href=\"https:\/\/www.keturist.sk\/info\/\" class=\"su-button su-button-style-default\" style=\"color:#000000;background-color:#FFCF2F;border-color:#cca626;border-radius:5px\" target=\"_self\"><span style=\"color:#000000;padding:6px 16px;font-size:13px;line-height:20px;border-color:#ffde6e;border-radius:5px;text-shadow:none\"><i class=\"sui sui-arrow-right\" style=\"font-size:13px;color:#000000\"><\/i>  Spravodaj <\/span><\/a>\n<a href=\"https:\/\/www.keturist.sk\/info\/sport-a-kultura\/\" class=\"su-button su-button-style-default\" style=\"color:#000000;background-color:#FFCF2F;border-color:#cca626;border-radius:5px\" target=\"_self\"><span style=\"color:#000000;padding:6px 16px;font-size:13px;line-height:20px;border-color:#ffde6e;border-radius:5px;text-shadow:none\"><i class=\"sui sui-arrow-right\" style=\"font-size:13px;color:#000000\"><\/i>  Aktivity, kult\u00fara, hist\u00f3ria&#8230; <\/span><\/a>\n<a href=\"https:\/\/www.keturist.sk\/info\/lyziarske-strediska\/\" class=\"su-button su-button-style-default\" style=\"color:#000000;background-color:#FFCF2F;border-color:#cca626;border-radius:5px\" target=\"_self\"><span style=\"color:#000000;padding:6px 16px;font-size:13px;line-height:20px;border-color:#ffde6e;border-radius:5px;text-shadow:none\"><i class=\"sui sui-arrow-right\" style=\"font-size:13px;color:#000000\"><\/i>  Ly\u017eiarsk\u00e9 stredisk\u00e1 <\/span><\/a>\n<div class=\"su-divider su-divider-style-default\" style=\"margin:15px 0;border-width:0px;border-color:#000000\"><\/div>\n<p><strong>Podkateg\u00f3ria: <span style=\"color: #ff0000;\">Ly\u017eovanie<\/span><\/strong><\/p>\n<p><strong>Lokaliz\u00e1cia: <\/strong><a href=\"https:\/\/www.keturist.sk\/info\/okolite-hory\/cierna-hora\/\">\u010cierna hora<\/a><\/p>\n<div class=\"su-divider su-divider-style-default\" style=\"margin:15px 0;border-width:2px;border-color:#000000\"><\/div>\n<h3><span style=\"color: #808000;\">Info ly\u017eovanie<\/span><\/h3>\n<p><strong>Uveden\u00e9 \u00fadaje maj\u00fa len informat\u00edvny charakter!!!<\/strong><\/p>\n<h4><span style=\"color: #993300;\">Beh na ly\u017eiach<\/span><\/h4>\n<div class=\"rtbs  rtbs_kavecany-beh-na-lyziach\"><div class=\"rtbs_slug\" style=\"display:none\">kavecany-beh-na-lyziach<\/div><div class=\"rtbs_inactive_tab_background\" style=\"display:none\">whitesmoke<\/div><div class=\"rtbs_breakpoint\" style=\"display:none\">600<\/div><div class=\"rtbs_color\" style=\"display:none\">#12bece<\/div>\r\n        <div class=\"rtbs_menu\">\r\n            <ul>\r\n                <li class=\"mobile_toggle\">&zwnj;<\/li><li class=\"current\"><a style=\"background:#12bece\" class=\"active kavecany-beh-na-lyziach-tab-link-0\" href=\"#\" data-tab=\"#kavecany-beh-na-lyziach-tab-0\">Ly\u017eiarske podmienky<\/a><\/li>\r\n            <\/ul>\r\n        <\/div><div style=\"border-top:7px solid #12bece;\" id=\"kavecany-beh-na-lyziach-tab-0\" class=\"rtbs_content active\"><table class=\"mtr-table mtr-tr-th\">\n<tbody>\n<tr>\n<th bgcolor=\"#aaccff\" data-mtr-content=\"D\u00e1tum\" class=\"mtr-th-tag\"><div class=\"mtr-cell-content\">D\u00e1tum<\/div><\/th>\n<th bgcolor=\"#aaccff\" data-mtr-content=\"Sneh\" class=\"mtr-th-tag\"><div class=\"mtr-cell-content\">Sneh<\/div><\/th>\n<th bgcolor=\"#aaccff\" data-mtr-content=\"Kvalita\" class=\"mtr-th-tag\"><div class=\"mtr-cell-content\">Kvalita<\/div><\/th>\n<th bgcolor=\"#aaccff\" data-mtr-content=\"\u00daprava\" class=\"mtr-th-tag\"><div class=\"mtr-cell-content\">\u00daprava<\/div><\/th>\n<th bgcolor=\"#aaccff\" data-mtr-content=\"Podmienky\" class=\"mtr-th-tag\"><div class=\"mtr-cell-content\">Podmienky<\/div><\/th>\n<\/tr>\n<tr>\n<td bgcolor=\"#ffffff\" data-mtr-content=\"D\u00e1tum\" class=\"mtr-td-tag\"><div class=\"mtr-cell-content\"><span style=\"color: #000000\">09.03.2026<\/span><\/div><\/td>\n<td bgcolor=\"#ffffff\" data-mtr-content=\"Sneh\" class=\"mtr-td-tag\"><div class=\"mtr-cell-content\"><span style=\"color: #000000\">0cm\u00a0<\/span><\/div><\/td>\n<td bgcolor=\"#ffffff\" data-mtr-content=\"Kvalita\" class=\"mtr-td-tag\"><div class=\"mtr-cell-content\"><span style=\"color: #000000\">bez snehu\u00a0\u00a0<\/span><\/div><\/td>\n<td bgcolor=\"#ffffff\" data-mtr-content=\"\u00daprava\" class=\"mtr-td-tag\"><div class=\"mtr-cell-content\">neupraven\u00e9<\/div><\/td>\n<td bgcolor=\"#ffffff\" data-mtr-content=\"Podmienky\" class=\"mtr-td-tag\"><div class=\"mtr-cell-content\"><span style=\"color: #000000\">sez\u00f3na ukon\u010den\u00e1<\/span><\/div><\/td>\n<\/tr>\n<\/tbody>\n<\/table>\n<div style=\"margin-top:30px; clear:both;\"><\/div><\/div>\r\n    <\/div>\r\n    \n<p><iframe loading=\"lazy\" title=\"YouTube video player\" src=\"https:\/\/www.youtube.com\/embed\/bT-Ug8ZyXP0\" width=\"800\" height=\"515\" frameborder=\"0\" allowfullscreen=\"allowfullscreen\"><\/iframe><\/p>\n<h3><span style=\"color: #808000;\">Snehov\u00e9 spr\u00e1vy &#8211; ostatn\u00e9 stredisk\u00e1<\/span><\/h3>\n<a href=\"https:\/\/www.keturist.sk\/info\/lyziarske-strediska\/\" class=\"su-button su-button-style-default\" style=\"color:#000000;background-color:#2D89EF;border-color:#246ec0;border-radius:5px\" target=\"_self\"><span style=\"color:#000000;padding:6px 16px;font-size:13px;line-height:20px;border-color:#6cadf4;border-radius:5px;text-shadow:none\"><i class=\"sui sui-link\" style=\"font-size:13px;color:#000000\"><\/i>  Ly\u017eiarsk\u00e9 stredisk\u00e1 \u2013 Snehov\u00e9 spr\u00e1vy <\/span><\/a>\n<p>&nbsp;<\/p>\n<h3><span style=\"color: #808000;\">Inform\u00e1cie o stredisku<\/span><\/h3>\n<p>\u0160portovo \u2013 rekrea\u010dn\u00e9 stredisko Kave\u010dany sa nach\u00e1dza 6 km od centra Ko\u0161\u00edc v nadmorskej v\u00fd\u0161ke 420 \u2013 600 m nad morom.<\/p>\n<figure id=\"attachment_35540\" aria-describedby=\"caption-attachment-35540\" style=\"width: 800px\" class=\"wp-caption aligncenter\"><a href=\"https:\/\/www.keturist.sk\/info\/wp-content\/uploads\/2020\/11\/kavecany12-1.jpg\"><img loading=\"lazy\" decoding=\"async\" class=\"wp-image-35540 size-full\" src=\"https:\/\/www.keturist.sk\/info\/wp-content\/uploads\/2020\/11\/kavecany12-1.jpg\" alt=\"\" width=\"800\" height=\"450\" srcset=\"https:\/\/www.keturist.sk\/info\/wp-content\/uploads\/2020\/11\/kavecany12-1.jpg 800w, https:\/\/www.keturist.sk\/info\/wp-content\/uploads\/2020\/11\/kavecany12-1-270x152.jpg 270w, https:\/\/www.keturist.sk\/info\/wp-content\/uploads\/2020\/11\/kavecany12-1-768x432.jpg 768w\" sizes=\"auto, (max-width: 800px) 100vw, 800px\" \/><\/a><figcaption id=\"caption-attachment-35540\" class=\"wp-caption-text\">Ly\u017eiarske stredisko Kave\u010dany<\/figcaption><\/figure>\n<p>Ly\u017eiarska sez\u00f3na trv\u00e1 od polovice decembra a\u017e do konca marca.<\/p>\n<p>Ly\u017eiarsky are\u00e1l pre zjazdov\u00e9 a be\u017eeck\u00e9 ly\u017eovanie pon\u00faka n\u00e1v\u0161tevn\u00edkom 5 zjazdoviek v celkovej d\u013a\u017eke 3 km s technick\u00fdm zasne\u017eovan\u00edm.<\/p>\n<figure id=\"attachment_35541\" aria-describedby=\"caption-attachment-35541\" style=\"width: 800px\" class=\"wp-caption aligncenter\"><a href=\"https:\/\/www.keturist.sk\/info\/wp-content\/uploads\/2020\/11\/Chata-Hresna1.jpg\"><img loading=\"lazy\" decoding=\"async\" class=\"wp-image-35541 size-medium\" src=\"https:\/\/www.keturist.sk\/info\/wp-content\/uploads\/2020\/11\/Chata-Hresna1-800x450.jpg\" alt=\"\" width=\"800\" height=\"450\" srcset=\"https:\/\/www.keturist.sk\/info\/wp-content\/uploads\/2020\/11\/Chata-Hresna1-800x450.jpg 800w, https:\/\/www.keturist.sk\/info\/wp-content\/uploads\/2020\/11\/Chata-Hresna1-270x152.jpg 270w, https:\/\/www.keturist.sk\/info\/wp-content\/uploads\/2020\/11\/Chata-Hresna1-768x432.jpg 768w, https:\/\/www.keturist.sk\/info\/wp-content\/uploads\/2020\/11\/Chata-Hresna1.jpg 1000w\" sizes=\"auto, (max-width: 800px) 100vw, 800px\" \/><\/a><figcaption id=\"caption-attachment-35541\" class=\"wp-caption-text\">horsk\u00e1 chata Hre\u0161n\u00e1<\/figcaption><\/figure>\n<p>V are\u00e1li strediska sa nach\u00e1dza 7 vlekov.<\/p>\n<p>N\u00e1jdete tu kombin\u00e1ciu \u013eahk\u00fdch a stredne n\u00e1ro\u010dn\u00fdch zjazdov\u00fdch ly\u017eiarskych ter\u00e9nov.<\/p>\n<p>Rodi\u010dia s de\u0165mi tu m\u00f4\u017eu vyu\u017ei\u0165 detsk\u00fd vlek.<\/p>\n<p>Svahy s\u00fa umelo zasne\u017eovan\u00e9 a denne upravovan\u00e9.<\/p>\n<p>Takisto m\u00f4\u017eu ly\u017eiari vyu\u017ei\u0165 ski servis a po\u017ei\u010dov\u0148u, ly\u017eiarsku a snowboard \u0161kola.<\/p>\n<p>Ly\u017eiarske be\u017eeck\u00e9 trate tvoria 4 okruhy s d\u013a\u017ekou spolu 14 km.<\/p>\n<p>V zime s\u00fa vyu\u017e\u00edvan\u00e9 aj upraven\u00e9 be\u017eeck\u00e9 ly\u017eiarske trasy (4 be\u017eeck\u00e9 trate su farebne ozna\u010den\u00e9 a s\u00fa v d\u013a\u017ekach 2km, 3km, 4km a 5km).<\/p>\n<p>Spolu je to 14km be\u017eeck\u00fdch trat\u00ed.<\/p>\n<p>Na vrchole ly\u017eiarskeho strediska Kave\u010dany-Hre\u0161n\u00e1 vo v\u00fd\u0161ke 597 m n.m. sa nach\u00e1dza turistick\u00e1 a horsk\u00e1 <a href=\"https:\/\/www.keturist.sk\/info\/horske-chaty-a-utulne\/chata-hresna\/\">chata Hre\u0161n\u00e1<\/a>, ktor\u00e1 pon\u00faka stravovacie slu\u017eby.<\/p>\n<h3><span style=\"color: #808000;\">Kontakt<\/span><\/h3>\n<p><strong>Swam, s.r.o.<\/strong><br \/>\nVoz\u00e1rova 1,<br \/>\n040 17 Ko\u0161ice<br \/>\n<strong>Email:<\/strong> <a href=\"mailto:kavecany@kavecany.sk\">kavecany@kavecany.sk<\/a><br \/>\n<strong>Web:<\/strong> <a href=\"http:\/\/www.kavecany.sk\/\" target=\"_blank\" rel=\"noopener\">www.kavecany.sk<\/a><br \/>\n<strong>Tel:<\/strong> 055\/799 61 14<br \/>\n<strong>SKI Servis a SKI po\u017ei\u010dov\u0148a:<\/strong> 0948 268 209<br \/>\n<strong>Ly\u017eiarska a snowboard \u0161kola:<\/strong> 0902 645 232<br \/>\n<strong>Info o snehov\u00fdch podmienkach a prev\u00e1dzke vlekov:<\/strong> 0904 480 515<\/p>\n<h3><span style=\"color: #808000;\">Mapy<\/span><\/h3>\n<p><strong>Vrstvy: <\/strong>Turistick\u00e1 mapa, Automapa, Cyklomapa, Ly\u017eiarska mapa, Satelitn\u00e1 mapa a OpenStreetMap.<\/p>\n<p><strong>Kliknut\u00edm na logo &#8222;Freemap.sk&#8220; sa V\u00e1m mapa zobraz\u00ed na celej ploche obrazovky.<\/strong><\/p>\n<p><iframe style=\"width: 800px; height: 500px; border: 0;\" src=\"https:\/\/www.freemap.sk\/?map=15\/48.779470\/21.188121&amp;info-point=48.779470\/21.188121,Chata Hre\u0161n\u00e1&amp;layers=T&amp;embed=search\" allowfullscreen=\"allowfullscreen\"><\/iframe><\/p>\n<h3><strong><br \/>\n<\/strong><span style=\"color: #808000;\">Zjazdovky a vleky<\/span><strong><br \/>\n<\/strong><\/h3>\n<figure id=\"attachment_37717\" aria-describedby=\"caption-attachment-37717\" style=\"width: 800px\" class=\"wp-caption aligncenter\"><a href=\"https:\/\/www.keturist.sk\/info\/wp-content\/uploads\/2021\/01\/zjazdove-trate2.jpg\"><img loading=\"lazy\" decoding=\"async\" class=\"wp-image-37717 size-full\" src=\"https:\/\/www.keturist.sk\/info\/wp-content\/uploads\/2021\/01\/zjazdove-trate2.jpg\" alt=\"\" width=\"800\" height=\"734\" srcset=\"https:\/\/www.keturist.sk\/info\/wp-content\/uploads\/2021\/01\/zjazdove-trate2.jpg 800w, https:\/\/www.keturist.sk\/info\/wp-content\/uploads\/2021\/01\/zjazdove-trate2-654x600.jpg 654w, https:\/\/www.keturist.sk\/info\/wp-content\/uploads\/2021\/01\/zjazdove-trate2-196x180.jpg 196w, https:\/\/www.keturist.sk\/info\/wp-content\/uploads\/2021\/01\/zjazdove-trate2-768x705.jpg 768w\" sizes=\"auto, (max-width: 800px) 100vw, 800px\" \/><\/a><figcaption id=\"caption-attachment-37717\" class=\"wp-caption-text\">Zjazdovky a vleky<\/figcaption><\/figure>\n<h3><span style=\"color: #808000;\">Po\u010dasie<\/span><strong><br \/>\n<\/strong><\/h3>\n<p><iframe style=\"width: 800px; height: 617px;\" src=\"https:\/\/www.meteoblue.com\/sk\/po%C4%8Dasie\/widget\/three\/kave%c4%8dany_slovensk%c3%a1-republika_724516?geoloc=fixed&amp;nocurrent=0&amp;noforecast=0&amp;days=5&amp;tempunit=CELSIUS&amp;windunit=KILOMETER_PER_HOUR&amp;layout=image\" frameborder=\"0\" scrolling=\"NO\" sandbox=\"allow-same-origin allow-scripts allow-popups allow-popups-to-escape-sandbox\"><\/iframe><\/p>\n<div><!-- DO NOT REMOVE THIS LINK --><a href=\"https:\/\/www.meteoblue.com\/sk\/po%C4%8Dasie\/predpove%C4%8F\/t%C3%BD%C5%BEde%C5%88\/kave%c4%8dany_slovensk%c3%a1-republika_724516?utm_source=weather_widget&amp;utm_medium=linkus&amp;utm_content=three&amp;utm_campaign=Weather%2BWidget\" target=\"_blank\" rel=\"noopener noreferrer\">meteoblue<\/a><\/div>\n","protected":false},"excerpt":{"rendered":"<p>Podkateg\u00f3ria: Ly\u017eovanie Lokaliz\u00e1cia: \u010cierna hora Info ly\u017eovanie Uveden\u00e9 \u00fadaje maj\u00fa len informat\u00edvny charakter!!! Beh na ly\u017eiach Snehov\u00e9 spr\u00e1vy &#8211; ostatn\u00e9 stredisk\u00e1 &nbsp; Inform\u00e1cie o stredisku \u0160portovo \u2013 rekrea\u010dn\u00e9 stredisko Kave\u010dany [&hellip;]<\/p>\n","protected":false},"author":1,"featured_media":0,"parent":258,"menu_order":0,"comment_status":"closed","ping_status":"closed","template":"","meta":{"_uag_custom_page_level_css":"","_monsterinsights_skip_tracking":false,"_monsterinsights_sitenote_active":false,"_monsterinsights_sitenote_note":"","_monsterinsights_sitenote_category":0,"footnotes":""},"class_list":["post-14094","page","type-page","status-publish","hentry"],"featured_image_src":"","featured_image_src_square":false,"rbea_author_info":{"display_name":"admin","author_link":"https:\/\/www.keturist.sk\/info\/author\/admin\/"},"rbea_excerpt_info":"Podkateg\u00f3ria: Ly\u017eovanie Lokaliz\u00e1cia: \u010cierna hora Info ly\u017eovanie Uveden\u00e9 \u00fadaje maj\u00fa len informat\u00edvny charakter!!! Beh na ly\u017eiach Snehov\u00e9 spr\u00e1vy &#8211; ostatn\u00e9 stredisk\u00e1 &nbsp; Inform\u00e1cie o stredisku \u0160portovo \u2013 rekrea\u010dn\u00e9 stredisko Kave\u010dany [&hellip;]","uagb_featured_image_src":{"full":false,"thumbnail":false,"medium":false,"medium_large":false,"large":false,"1536x1536":false,"2048x2048":false},"uagb_author_info":{"display_name":"admin","author_link":"https:\/\/www.keturist.sk\/info\/author\/admin\/"},"uagb_comment_info":0,"uagb_excerpt":"Podkateg\u00f3ria: Ly\u017eovanie Lokaliz\u00e1cia: \u010cierna hora Info ly\u017eovanie Uveden\u00e9 \u00fadaje maj\u00fa len informat\u00edvny charakter!!! Beh na ly\u017eiach Snehov\u00e9 spr\u00e1vy &#8211; ostatn\u00e9 stredisk\u00e1 &nbsp; Inform\u00e1cie o stredisku \u0160portovo \u2013 rekrea\u010dn\u00e9 stredisko Kave\u010dany [&hellip;]","_links":{"self":[{"href":"https:\/\/www.keturist.sk\/info\/wp-json\/wp\/v2\/pages\/14094","targetHints":{"allow":["GET"]}}],"collection":[{"href":"https:\/\/www.keturist.sk\/info\/wp-json\/wp\/v2\/pages"}],"about":[{"href":"https:\/\/www.keturist.sk\/info\/wp-json\/wp\/v2\/types\/page"}],"author":[{"embeddable":true,"href":"https:\/\/www.keturist.sk\/info\/wp-json\/wp\/v2\/users\/1"}],"replies":[{"embeddable":true,"href":"https:\/\/www.keturist.sk\/info\/wp-json\/wp\/v2\/comments?post=14094"}],"version-history":[{"count":12,"href":"https:\/\/www.keturist.sk\/info\/wp-json\/wp\/v2\/pages\/14094\/revisions"}],"predecessor-version":[{"id":61662,"href":"https:\/\/www.keturist.sk\/info\/wp-json\/wp\/v2\/pages\/14094\/revisions\/61662"}],"up":[{"embeddable":true,"href":"https:\/\/www.keturist.sk\/info\/wp-json\/wp\/v2\/pages\/258"}],"wp:attachment":[{"href":"https:\/\/www.keturist.sk\/info\/wp-json\/wp\/v2\/media?parent=14094"}],"curies":[{"name":"wp","href":"https:\/\/api.w.org\/{rel}","templated":true}]}}