{"id":11589,"date":"2015-05-15T20:59:02","date_gmt":"2015-05-15T18:59:02","guid":{"rendered":"https:\/\/www.keturist.sk\/info\/?page_id=11589"},"modified":"2022-10-17T12:39:44","modified_gmt":"2022-10-17T10:39:44","slug":"kam-do-prirody-smer-kosicka-kotlina","status":"publish","type":"page","link":"https:\/\/www.keturist.sk\/info\/kam-do-prirody\/kam-do-prirody-smer-kosicka-kotlina\/","title":{"rendered":"Kam do pr\u00edrody &#8211; smer Ko\u0161ick\u00e1 kotlina"},"content":{"rendered":"<a href=\"https:\/\/www.keturist.sk\/info\/\" class=\"su-button su-button-style-default\" style=\"color:#000000;background-color:#FFCF2F;border-color:#cca626;border-radius:5px\" target=\"_self\"><span style=\"color:#000000;padding:6px 16px;font-size:13px;line-height:20px;border-color:#ffde6e;border-radius:5px;text-shadow:none\"><i class=\"sui sui-arrow-right\" style=\"font-size:13px;color:#000000\"><\/i>  Spravodaj <\/span><\/a>\n<a href=\"https:\/\/www.keturist.sk\/info\/tipy-na-vylety\/\" class=\"su-button su-button-style-default\" style=\"color:#000000;background-color:#FFCF2F;border-color:#cca626;border-radius:5px\" target=\"_self\"><span style=\"color:#000000;padding:6px 16px;font-size:13px;line-height:20px;border-color:#ffde6e;border-radius:5px;text-shadow:none\"><i class=\"sui sui-arrow-right\" style=\"font-size:13px;color:#000000\"><\/i>  TIPY NA V\u00ddLETY <\/span><\/a>\n<a href=\"https:\/\/www.keturist.sk\/info\/kam-do-prirody\/\" class=\"su-button su-button-style-default\" style=\"color:#000000;background-color:#FFCF2F;border-color:#cca626;border-radius:5px\" target=\"_self\"><span style=\"color:#000000;padding:6px 16px;font-size:13px;line-height:20px;border-color:#ffde6e;border-radius:5px;text-shadow:none\"><i class=\"sui sui-arrow-right\" style=\"font-size:13px;color:#000000\"><\/i>  Kam do pr\u00edrody <\/span><\/a>\n<a href=\"https:\/\/www.keturist.sk\/info\/kam-do-prirody\/kam-do-prirody-smer-kosicka-kotlina\/\" class=\"su-button su-button-style-default\" style=\"color:#000000;background-color:#FFCF2F;border-color:#cca626;border-radius:5px\" target=\"_self\"><span style=\"color:#000000;padding:6px 16px;font-size:13px;line-height:20px;border-color:#ffde6e;border-radius:5px;text-shadow:none\"><i class=\"sui sui-arrow-right\" style=\"font-size:13px;color:#000000\"><\/i>  Smer Ko\u0161ick\u00e1 kotlina <\/span><\/a>\n<div class=\"su-divider su-divider-style-default\" style=\"margin:15px 0;border-width:3px;border-color:#000000\"><\/div>\n<div class=\"su-divider su-divider-style-default\" style=\"margin:15px 0;border-width:3px;border-color:#000000\"><\/div>\n<strong>Vodop\u00e1dy, jazierka, rieky \u2026<\/strong><br \/>\n<div class=\"su-divider su-divider-style-default\" style=\"margin:15px 0;border-width:3px;border-color:#000000\"><\/div>\n<div id=\"metaslider-id-6175\" style=\"max-width: 800px; margin: 0 auto;\" class=\"ml-slider-3-108-0 metaslider metaslider-flex metaslider-6175 ml-slider ms-theme-default nav-hidden\" role=\"region\" aria-label=\"Rieka Horn\u00e1d\" data-height=\"250\" data-width=\"800\">\n    <div id=\"metaslider_container_6175\">\n        <div id=\"metaslider_6175\" class=\"flexslider\">\n            <ul class='slides'>\n                <li style=\"display: block; width: 100%;\" class=\"slide-38753 ms-image \" aria-roledescription=\"slide\" data-date=\"2021-02-14 07:21:08\" data-filename=\"hornad3322-800x250.jpg\" data-slide-type=\"image\"><a href=\"https:\/\/www.keturist.sk\/info\/kam-do-prirody\/kam-do-prirody-smer-volovske-vrchy\/rieka-hornad\/\" target=\"_self\" aria-label=\"View Slide Details\" class=\"metaslider_image_link\"><img loading=\"lazy\" decoding=\"async\" src=\"https:\/\/www.keturist.sk\/info\/wp-content\/uploads\/2020\/05\/hornad3322-800x250.jpg\" height=\"250\" width=\"800\" alt=\"Rieka Horn\u00e1d\" class=\"slider-6175 slide-38753 msDefaultImage\" title=\"Rieka Horn\u00e1d\" \/><\/a><div class=\"caption-wrap\"><div class=\"caption\"><b><a href=\"https:\/\/www.keturist.sk\/info\/kam-do-prirody\/kam-do-prirody-smer-volovske-vrchy\/rieka-hornad\/\"><span style=\"color:#FFFF00;\">Rieka Horn\u00e1d<\/span><\/a><\/b><\/div><\/div><\/li>\n            <\/ul>\n        <\/div>\n        \n    <\/div>\n<\/div>\n<div id=\"metaslider-id-16037\" style=\"max-width: 800px; margin: 0 auto;\" class=\"ml-slider-3-108-0 metaslider metaslider-flex metaslider-16037 ml-slider ms-theme-default nav-hidden nav-hidden\" role=\"region\" aria-label=\"\u0160trkovisko Kechnec\" data-height=\"250\" data-width=\"800\">\n    <div id=\"metaslider_container_16037\">\n        <div id=\"metaslider_16037\" class=\"flexslider\">\n            <ul class='slides'>\n                <li style=\"display: block; width: 100%;\" class=\"slide-37256 ms-image \" aria-roledescription=\"slide\" data-date=\"2020-12-28 18:05:50\" data-filename=\"kechnec1-1-800x250.jpg\" data-slide-type=\"image\"><a href=\"https:\/\/www.keturist.sk\/info\/kam-do-prirody\/kam-do-prirody-smer-kosicka-kotlina\/strkovisko-kechnec\/\" target=\"_self\" aria-label=\"View Slide Details\" class=\"metaslider_image_link\"><img loading=\"lazy\" decoding=\"async\" src=\"https:\/\/www.keturist.sk\/info\/wp-content\/uploads\/2020\/12\/kechnec1-1-800x250.jpg\" height=\"250\" width=\"800\" alt=\"\u0160trkovisko Kechnec\" class=\"slider-16037 slide-37256 msDefaultImage\" title=\"\u0160trkovisko Kechnec\" \/><\/a><div class=\"caption-wrap\"><div class=\"caption\"><b><a href=\"https:\/\/www.keturist.sk\/info\/kam-do-prirody\/kam-do-prirody-smer-kosicka-kotlina\/strkovisko-kechnec\/\"><span style=\"color:#FFFF00;\">\u0160trkovisko Kechnec<\/span><\/a><\/b><\/div><\/div><\/li>\n            <\/ul>\n        <\/div>\n        \n    <\/div>\n<\/div>\n<div id=\"metaslider-id-31240\" style=\"max-width: 800px; margin: 0 auto;\" class=\"ml-slider-3-108-0 metaslider metaslider-flex metaslider-31240 ml-slider ms-theme-default nav-hidden nav-hidden nav-hidden\" role=\"region\" aria-label=\"Her\u013eansk\u00fd gejz\u00edr\" data-height=\"250\" data-width=\"800\">\n    <div id=\"metaslider_container_31240\">\n        <div id=\"metaslider_31240\" class=\"flexslider\">\n            <ul class='slides'>\n                <li style=\"display: block; width: 100%;\" class=\"slide-31241 ms-image \" aria-roledescription=\"slide\" data-date=\"2019-12-30 12:39:52\" data-filename=\"herlany1-1-800x250.jpg\" data-slide-type=\"image\"><a href=\"https:\/\/www.keturist.sk\/info\/herliansky-gejzir\/\" target=\"_self\" aria-label=\"View Slide Details\" class=\"metaslider_image_link\"><img loading=\"lazy\" decoding=\"async\" src=\"https:\/\/www.keturist.sk\/info\/wp-content\/uploads\/2019\/12\/herlany1-1-800x250.jpg\" height=\"250\" width=\"800\" alt=\"Herliansky gejz\u00edr\" class=\"slider-31240 slide-31241 msDefaultImage\" title=\"Herliansky gejz\u00edr\" \/><\/a><div class=\"caption-wrap\"><div class=\"caption\"><div><strong><a href=\"https:\/\/www.keturist.sk\/info\/vodopady-jazierka-rieky__trashed\/herlansky-gejzir\/\"><span style=\"color:#ffff00;\">Herliansk\u00fd gejz\u00edr<\/span><\/a><\/strong><\/div><\/div><\/div><\/li>\n            <\/ul>\n        <\/div>\n        \n    <\/div>\n<\/div>\n<div id=\"metaslider-id-39133\" style=\"max-width: 800px; margin: 0 auto;\" class=\"ml-slider-3-108-0 metaslider metaslider-flex metaslider-39133 ml-slider ms-theme-default nav-hidden nav-hidden nav-hidden nav-hidden\" role=\"region\" aria-label=\"\u010canianske jazer\u00e1 a jazero Ge\u010da\" data-height=\"250\" data-width=\"800\">\n    <div id=\"metaslider_container_39133\">\n        <div id=\"metaslider_39133\" class=\"flexslider\">\n            <ul class='slides'>\n                <li style=\"display: block; width: 100%;\" class=\"slide-39134 ms-image \" aria-roledescription=\"slide\" data-date=\"2021-04-02 07:24:46\" data-filename=\"cana-jazero2-800x250.jpg\" data-slide-type=\"image\"><a href=\"https:\/\/www.keturist.sk\/info\/kam-do-prirody\/kam-do-prirody-smer-kosicka-kotlina\/canianske-jazera\/\" target=\"_self\" aria-label=\"View Slide Details\" class=\"metaslider_image_link\"><img loading=\"lazy\" decoding=\"async\" src=\"https:\/\/www.keturist.sk\/info\/wp-content\/uploads\/2021\/04\/cana-jazero2-800x250.jpg\" height=\"250\" width=\"800\" alt=\"\u010canianske jazer\u00e1 a jazero Ge\u010da\" class=\"slider-39133 slide-39134 msDefaultImage\" title=\"\u010canianske jazer\u00e1 a jazero Ge\u010da\" \/><\/a><div class=\"caption-wrap\"><div class=\"caption\"><b><a href=\"https:\/\/www.keturist.sk\/info\/kam-do-prirody\/kam-do-prirody-smer-kosicka-kotlina\/canianske-jazera\/\"><span style=\"color:#FFFF00;\">\u010canianske jazer\u00e1 a jazero Ge\u010da\n<\/span><\/a><\/b><\/div><\/div><\/li>\n            <\/ul>\n        <\/div>\n        \n    <\/div>\n<\/div>\n<div id=\"metaslider-id-52140\" style=\"max-width: 800px; margin: 0 auto;\" class=\"ml-slider-3-108-0 metaslider metaslider-flex metaslider-52140 ml-slider ms-theme-default nav-hidden nav-hidden nav-hidden nav-hidden nav-hidden\" role=\"region\" aria-label=\"Rieka Ol\u0161ava\" data-height=\"250\" data-width=\"800\">\n    <div id=\"metaslider_container_52140\">\n        <div id=\"metaslider_52140\" class=\"flexslider\">\n            <ul class='slides'>\n                <li style=\"display: block; width: 100%;\" class=\"slide-52141 ms-image \" aria-roledescription=\"slide\" data-date=\"2022-10-17 12:38:38\" data-filename=\"myslianska-vyhliadka-olsava-800x250.jpg\" data-slide-type=\"image\"><a href=\"https:\/\/www.keturist.sk\/info\/kam-do-prirody\/kam-do-prirody-smer-kosicka-kotlina\/rieka-olsava\/\" target=\"_self\" aria-label=\"View Slide Details\" class=\"metaslider_image_link\"><img loading=\"lazy\" decoding=\"async\" src=\"https:\/\/www.keturist.sk\/info\/wp-content\/uploads\/2022\/10\/myslianska-vyhliadka-olsava-800x250.jpg\" height=\"250\" width=\"800\" alt=\"Rieka Ol\u0161ava\" class=\"slider-52140 slide-52141 msDefaultImage\" title=\"Rieka Ol\u0161ava\" \/><\/a><div class=\"caption-wrap\"><div class=\"caption\"><b><a href=\"https:\/\/www.keturist.sk\/info\/kam-do-prirody\/kam-do-prirody-smer-kosicka-kotlina\/rieka-olsava\/\"><span style=\"color:#FFFF00;\">Rieka Ol\u0161ava\n\n<\/span><\/a><\/b> <\/div><\/div><\/li>\n            <\/ul>\n        <\/div>\n        \n    <\/div>\n<\/div>\n<div class=\"su-divider su-divider-style-default\" style=\"margin:15px 0;border-width:3px;border-color:#000000\"><\/div>\n<strong>Doliny, ties\u0148avy, ka\u0148ony,&#8230;<\/strong><br \/>\n<div class=\"su-divider su-divider-style-default\" style=\"margin:15px 0;border-width:3px;border-color:#000000\"><\/div>\n<div id=\"metaslider-id-26606\" style=\"max-width: 800px; margin: 0 auto;\" class=\"ml-slider-3-108-0 metaslider metaslider-flex metaslider-26606 ml-slider ms-theme-default nav-hidden nav-hidden nav-hidden nav-hidden nav-hidden nav-hidden\" role=\"region\" aria-label=\"Tufov\u00fd ka\u0148on pri obci Plosk\u00e9\" data-height=\"250\" data-width=\"800\">\n    <div id=\"metaslider_container_26606\">\n        <div id=\"metaslider_26606\" class=\"flexslider\">\n            <ul class='slides'>\n                <li style=\"display: block; width: 100%;\" class=\"slide-26608 ms-image \" aria-roledescription=\"slide\" data-date=\"2018-11-23 08:16:50\" data-filename=\"46479953_286814898628853_242157506053275648_n-800x250.jpg\" data-slide-type=\"image\"><a href=\"https:\/\/www.keturist.sk\/info\/kam-do-prirody\/kam-do-prirody-smer-kosicka-kotlina\/tufovy-kanon\/\" target=\"_self\" aria-label=\"View Slide Details\" class=\"metaslider_image_link\"><img loading=\"lazy\" decoding=\"async\" src=\"https:\/\/www.keturist.sk\/info\/wp-content\/uploads\/2018\/11\/46479953_286814898628853_242157506053275648_n-800x250.jpg\" height=\"250\" width=\"800\" alt=\"\" class=\"slider-26606 slide-26608 msDefaultImage\" title=\"46479953_286814898628853_242157506053275648_n\" \/><\/a><div class=\"caption-wrap\"><div class=\"caption\"><b><a href=\"https:\/\/www.keturist.sk\/info\/kam-do-prirody\/kam-do-prirody-smer-kosicka-kotlina\/tufovy-kanon\/\"><span style=\"color:#FFFF00;\">Tufov\u00fd ka\u0148on pri obci Plosk\u00e9<\/span><\/a><\/b><\/div><\/div><\/li>\n            <\/ul>\n        <\/div>\n        \n    <\/div>\n<\/div>\n<div class=\"su-divider su-divider-style-default\" style=\"margin:15px 0;border-width:3px;border-color:#000000\"><\/div>\n<strong>Ochrana pr\u00edrody<\/strong><br \/>\n<div class=\"su-divider su-divider-style-default\" style=\"margin:15px 0;border-width:3px;border-color:#000000\"><\/div>\n<div id=\"metaslider-id-13982\" style=\"max-width: 800px; margin: 0 auto;\" class=\"ml-slider-3-108-0 metaslider metaslider-flex metaslider-13982 ml-slider ms-theme-default nav-hidden nav-hidden nav-hidden nav-hidden nav-hidden nav-hidden nav-hidden\" role=\"region\" aria-label=\"Chr\u00e1nen\u00e9 vt\u00e1\u010die \u00fazemie Ko\u0161ick\u00e1 kotlina\" data-height=\"250\" data-width=\"800\">\n    <div id=\"metaslider_container_13982\">\n        <div id=\"metaslider_13982\" class=\"flexslider\">\n            <ul class='slides'>\n                <li style=\"display: block; width: 100%;\" class=\"slide-37251 ms-image \" aria-roledescription=\"slide\" data-date=\"2020-12-28 18:01:11\" data-filename=\"uzemie2-800x250.jpg\" data-slide-type=\"image\"><a href=\"https:\/\/www.keturist.sk\/info\/kam-do-prirody\/kam-do-prirody-smer-kosicka-kotlina\/13857-2\/\" target=\"_self\" aria-label=\"View Slide Details\" class=\"metaslider_image_link\"><img loading=\"lazy\" decoding=\"async\" src=\"https:\/\/www.keturist.sk\/info\/wp-content\/uploads\/2020\/12\/uzemie2-800x250.jpg\" height=\"250\" width=\"800\" alt=\"Chr\u00e1nen\u00e9 vt\u00e1\u010die \u00fazemie Ko\u0161ick\u00e1 kotlina\" class=\"slider-13982 slide-37251 msDefaultImage\" title=\"Chr\u00e1nen\u00e9 vt\u00e1\u010die \u00fazemie Ko\u0161ick\u00e1 kotlina\" \/><\/a><div class=\"caption-wrap\"><div class=\"caption\"><b><a href=\"https:\/\/www.keturist.sk\/info\/kam-do-prirody\/kam-do-prirody-smer-kosicka-kotlina\/13857-2\/\"><span style=\"color:#FFFF00;\">Chr\u00e1nen\u00e9 vt\u00e1\u010die \u00fazemie Ko\u0161ick\u00e1 kotlina<\/span><\/a><\/b><\/div><\/div><\/li>\n            <\/ul>\n        <\/div>\n        \n    <\/div>\n<\/div>\n<div id=\"metaslider-id-15246\" style=\"max-width: 800px; margin: 0 auto;\" class=\"ml-slider-3-108-0 metaslider metaslider-flex metaslider-15246 ml-slider ms-theme-default nav-hidden nav-hidden nav-hidden nav-hidden nav-hidden nav-hidden nav-hidden nav-hidden\" role=\"region\" aria-label=\"Navrhovan\u00e9 chr\u00e1nen\u00e9 \u00fazemie Horn\u00e1dske meandre\" data-height=\"250\" data-width=\"800\">\n    <div id=\"metaslider_container_15246\">\n        <div id=\"metaslider_15246\" class=\"flexslider\">\n            <ul class='slides'>\n                <li style=\"display: block; width: 100%;\" class=\"slide-36722 ms-image \" aria-roledescription=\"slide\" data-date=\"2020-12-22 19:13:01\" data-filename=\"hornad-HU-800x250.jpg\" data-slide-type=\"image\"><a href=\"https:\/\/www.keturist.sk\/info\/kam-do-prirody\/kam-do-prirody-smer-kosicka-kotlina\/navrhovane-chranene-uzemie-hornadske-meandre\/\" target=\"_self\" aria-label=\"View Slide Details\" class=\"metaslider_image_link\"><img loading=\"lazy\" decoding=\"async\" src=\"https:\/\/www.keturist.sk\/info\/wp-content\/uploads\/2020\/12\/hornad-HU-800x250.jpg\" height=\"250\" width=\"800\" alt=\"Rieka Horn\u00e1d\" class=\"slider-15246 slide-36722 msDefaultImage\" title=\"Rieka Horn\u00e1d\" \/><\/a><div class=\"caption-wrap\"><div class=\"caption\"><b><a href=\"https:\/\/www.keturist.sk\/info\/kam-do-prirody\/kam-do-prirody-smer-kosicka-kotlina\/navrhovane-chranene-uzemie-hornadske-meandre\/\"><span style=\"color:#FFFF00;\">Navrhovan\u00e9 chr\u00e1nen\u00e9 \u00fazemie Horn\u00e1dske meandre<\/span><\/a><\/b><\/div><\/div><\/li>\n            <\/ul>\n        <\/div>\n        \n    <\/div>\n<\/div>\n<div class=\"su-divider su-divider-style-default\" style=\"margin:15px 0;border-width:3px;border-color:#000000\"><\/div>\n<div class=\"su-divider su-divider-style-default\" style=\"margin:15px 0;border-width:3px;border-color:#000000\"><\/div>\n","protected":false},"excerpt":{"rendered":"<p>Vodop\u00e1dy, jazierka, rieky \u2026 Doliny, ties\u0148avy, ka\u0148ony,&#8230; Ochrana pr\u00edrody<\/p>\n","protected":false},"author":1,"featured_media":0,"parent":49,"menu_order":0,"comment_status":"closed","ping_status":"closed","template":"","meta":{"_uag_custom_page_level_css":"","_monsterinsights_skip_tracking":false,"_monsterinsights_sitenote_active":false,"_monsterinsights_sitenote_note":"","_monsterinsights_sitenote_category":0,"footnotes":""},"class_list":["post-11589","page","type-page","status-publish","hentry"],"featured_image_src":"","featured_image_src_square":false,"rbea_author_info":{"display_name":"admin","author_link":"https:\/\/www.keturist.sk\/info\/author\/admin\/"},"rbea_excerpt_info":"Vodop\u00e1dy, jazierka, rieky \u2026 Doliny, ties\u0148avy, ka\u0148ony,&#8230; Ochrana pr\u00edrody","uagb_featured_image_src":{"full":false,"thumbnail":false,"medium":false,"medium_large":false,"large":false,"1536x1536":false,"2048x2048":false},"uagb_author_info":{"display_name":"admin","author_link":"https:\/\/www.keturist.sk\/info\/author\/admin\/"},"uagb_comment_info":0,"uagb_excerpt":"Vodop\u00e1dy, jazierka, rieky \u2026 Doliny, ties\u0148avy, ka\u0148ony,&#8230; Ochrana pr\u00edrody","_links":{"self":[{"href":"https:\/\/www.keturist.sk\/info\/wp-json\/wp\/v2\/pages\/11589","targetHints":{"allow":["GET"]}}],"collection":[{"href":"https:\/\/www.keturist.sk\/info\/wp-json\/wp\/v2\/pages"}],"about":[{"href":"https:\/\/www.keturist.sk\/info\/wp-json\/wp\/v2\/types\/page"}],"author":[{"embeddable":true,"href":"https:\/\/www.keturist.sk\/info\/wp-json\/wp\/v2\/users\/1"}],"replies":[{"embeddable":true,"href":"https:\/\/www.keturist.sk\/info\/wp-json\/wp\/v2\/comments?post=11589"}],"version-history":[{"count":5,"href":"https:\/\/www.keturist.sk\/info\/wp-json\/wp\/v2\/pages\/11589\/revisions"}],"predecessor-version":[{"id":52142,"href":"https:\/\/www.keturist.sk\/info\/wp-json\/wp\/v2\/pages\/11589\/revisions\/52142"}],"up":[{"embeddable":true,"href":"https:\/\/www.keturist.sk\/info\/wp-json\/wp\/v2\/pages\/49"}],"wp:attachment":[{"href":"https:\/\/www.keturist.sk\/info\/wp-json\/wp\/v2\/media?parent=11589"}],"curies":[{"name":"wp","href":"https:\/\/api.w.org\/{rel}","templated":true}]}}